{"id":776152,"date":"2025-09-20T16:45:14","date_gmt":"2025-09-20T13:45:14","guid":{"rendered":"https:\/\/roveyayinevi.com.tr\/index.php\/urun\/ebeveynlikte-altin-saatler\/"},"modified":"2026-04-16T02:29:52","modified_gmt":"2026-04-15T23:29:52","slug":"ebeveynlikte-altin-saatler","status":"publish","type":"product","link":"https:\/\/roveyayinevi.com.tr\/index.php\/urun\/ebeveynlikte-altin-saatler\/","title":{"rendered":"Ebeveynlikte Alt\u0131n Saatler"},"content":{"rendered":"<p>\u00c7o\u011fu ebeveyn i\u00e7in okul ak\u015famlar\u0131 \u00e7ok zor ge\u00e7er. Enerjiniz t\u00fckenmi\u015ftir ama sizi bekleyen bir\u00e7ok ebeveynlik g\u00f6revi vard\u0131r. Hem sizin hem de \u00e7ocu\u011funuz i\u00e7in faydal\u0131, iki saatlik ak\u015fam rutininin nas\u0131l olu\u015fturulaca\u011f\u0131n\u0131 \u00f6\u011frenin. Bu iki saatlik rit\u00fceli takip ederek \u015funlar\u0131 yapabileceksiniz:\u00c7ocuklar\u0131n\u0131zla ba\u011f kurabileceksinizBesleyici bir ak\u015fam yeme\u011fi haz\u0131rlayacak ve bunun keyfini \u00e7\u0131karabileceksiniz\u00c7ocu\u011funuzun organizasyon becerisi ve akademik ba\u015far\u0131s\u0131n\u0131 destekleyebileceksiniz\u00c7ocu\u011funuzla okuyabileceksinizAk\u015fam yatma saatinden \u00f6nce kitap-banyo-yatak rutinini izleyebileceksiniz\u00c7ocuklar yatt\u0131ktan sonra kendinize \u00f6zel zaman\u0131n keyfini \u00e7\u0131karabileceksiniz.Ebeveynlikte Alt\u0131n Saatler\u2019in faydalar\u0131 \u015funlard\u0131r: Daha iyi beslenme, \u00e7ocu\u011funuzun okulda daha ba\u015far\u0131l\u0131 olmas\u0131, daha d\u00fczenli bir ev ve dinlenmi\u015f ebeveynler.<\/p>\n","protected":false},"excerpt":{"rendered":"<p>\u00c7o\u011fu ebeveyn i\u00e7in okul ak\u015famlar\u0131 \u00e7ok zor ge\u00e7er. Enerjiniz t\u00fckenmi\u015ftir ama sizi bekleyen bir\u00e7ok ebeveynlik g\u00f6revi vard\u0131r. Hem sizin hem de \u00e7ocu\u011funuz i\u00e7in faydal\u0131, iki saatlik<span class=\"excerpt-hellip\"> [\u2026]<\/span><\/p>\n","protected":false},"featured_media":0,"template":"","meta":{"_monsterinsights_skip_tracking":false,"_monsterinsights_sitenote_active":false,"_monsterinsights_sitenote_note":"","_monsterinsights_sitenote_category":0},"product_brand":[],"product_cat":[17996,12364],"product_tag":[],"class_list":{"0":"post-776152","1":"product","2":"type-product","3":"status-publish","5":"product_cat-ebeveyn-kitaplari","6":"product_cat-genel-konular","7":"pa_cilt-ciltsiz","8":"pa_tur-kitap","9":"pa_yayinevi-sola-unitas","10":"pa_yazar-heather-miller","12":"first","13":"instock","14":"sale","15":"shipping-taxable","16":"purchasable","17":"product-type-simple"},"_links":{"self":[{"href":"https:\/\/roveyayinevi.com.tr\/index.php\/wp-json\/wp\/v2\/product\/776152","targetHints":{"allow":["GET"]}}],"collection":[{"href":"https:\/\/roveyayinevi.com.tr\/index.php\/wp-json\/wp\/v2\/product"}],"about":[{"href":"https:\/\/roveyayinevi.com.tr\/index.php\/wp-json\/wp\/v2\/types\/product"}],"wp:attachment":[{"href":"https:\/\/roveyayinevi.com.tr\/index.php\/wp-json\/wp\/v2\/media?parent=776152"}],"wp:term":[{"taxonomy":"product_brand","embeddable":true,"href":"https:\/\/roveyayinevi.com.tr\/index.php\/wp-json\/wp\/v2\/product_brand?post=776152"},{"taxonomy":"product_cat","embeddable":true,"href":"https:\/\/roveyayinevi.com.tr\/index.php\/wp-json\/wp\/v2\/product_cat?post=776152"},{"taxonomy":"product_tag","embeddable":true,"href":"https:\/\/roveyayinevi.com.tr\/index.php\/wp-json\/wp\/v2\/product_tag?post=776152"}],"curies":[{"name":"wp","href":"https:\/\/api.w.org\/{rel}","templated":true}]}}