{"id":776144,"date":"2025-09-20T11:27:16","date_gmt":"2025-09-20T08:27:16","guid":{"rendered":"https:\/\/roveyayinevi.com.tr\/index.php\/urun\/toprak-razgatlioglu\/"},"modified":"2026-04-15T03:42:37","modified_gmt":"2026-04-15T00:42:37","slug":"toprak-razgatlioglu","status":"publish","type":"product","link":"https:\/\/roveyayinevi.com.tr\/index.php\/urun\/toprak-razgatlioglu\/","title":{"rendered":"Toprak Razgatl\u0131o\u011flu"},"content":{"rendered":"<p>Bir minibike \u00fczerinde ba\u015flayan sessiz bir yolculu\u011fun, d\u00fcnya \u015fampiyonlu\u011funa uzanan asfalt hik\u00e2yesi.Bu kitap, yaln\u0131zca h\u0131z\u0131n de\u011fil; inanc\u0131n, sadeli\u011fin ve adanm\u0131\u015fl\u0131\u011f\u0131n ne anlama geldi\u011fini anlat\u0131yor.Her virajda bir karakter s\u0131nav\u0131, her galibiyette bir toplumsal temsil\u2026Toprak\u2019\u0131n yolculu\u011fu, sadece bir sporcunun de\u011fil, bir milletin sessiz ve derin zaferidir.Ve bu zafer h\u00e2l\u00e2 devam ediyor  <\/p>\n","protected":false},"excerpt":{"rendered":"<p>Bir minibike \u00fczerinde ba\u015flayan sessiz bir yolculu\u011fun, d\u00fcnya \u015fampiyonlu\u011funa uzanan asfalt hik\u00e2yesi.Bu kitap, yaln\u0131zca h\u0131z\u0131n de\u011fil; inanc\u0131n, sadeli\u011fin ve adanm\u0131\u015fl\u0131\u011f\u0131n ne anlama geldi\u011fini anlat\u0131yor.Her virajda bir<span class=\"excerpt-hellip\"> [\u2026]<\/span><\/p>\n","protected":false},"featured_media":0,"template":"","meta":{"_monsterinsights_skip_tracking":false,"_monsterinsights_sitenote_active":false,"_monsterinsights_sitenote_note":"","_monsterinsights_sitenote_category":0},"product_brand":[],"product_cat":[14009,12291],"product_tag":[],"class_list":{"0":"post-776144","1":"product","2":"type-product","3":"status-publish","5":"product_cat-biyografi-otobiyografi-edebiyat","6":"product_cat-edebiyat","7":"pa_cilt-ciltsiz","8":"pa_tur-kitap","9":"pa_yayinevi-saga-kitap","10":"pa_yazar-kerem-tek","12":"first","13":"instock","14":"sale","15":"shipping-taxable","16":"purchasable","17":"product-type-simple"},"_links":{"self":[{"href":"https:\/\/roveyayinevi.com.tr\/index.php\/wp-json\/wp\/v2\/product\/776144","targetHints":{"allow":["GET"]}}],"collection":[{"href":"https:\/\/roveyayinevi.com.tr\/index.php\/wp-json\/wp\/v2\/product"}],"about":[{"href":"https:\/\/roveyayinevi.com.tr\/index.php\/wp-json\/wp\/v2\/types\/product"}],"wp:attachment":[{"href":"https:\/\/roveyayinevi.com.tr\/index.php\/wp-json\/wp\/v2\/media?parent=776144"}],"wp:term":[{"taxonomy":"product_brand","embeddable":true,"href":"https:\/\/roveyayinevi.com.tr\/index.php\/wp-json\/wp\/v2\/product_brand?post=776144"},{"taxonomy":"product_cat","embeddable":true,"href":"https:\/\/roveyayinevi.com.tr\/index.php\/wp-json\/wp\/v2\/product_cat?post=776144"},{"taxonomy":"product_tag","embeddable":true,"href":"https:\/\/roveyayinevi.com.tr\/index.php\/wp-json\/wp\/v2\/product_tag?post=776144"}],"curies":[{"name":"wp","href":"https:\/\/api.w.org\/{rel}","templated":true}]}}