{"id":776120,"date":"2025-09-20T06:42:51","date_gmt":"2025-09-20T03:42:51","guid":{"rendered":"https:\/\/roveyayinevi.com.tr\/index.php\/urun\/0400\/"},"modified":"2026-04-16T02:40:20","modified_gmt":"2026-04-15T23:40:20","slug":"0400","status":"publish","type":"product","link":"https:\/\/roveyayinevi.com.tr\/index.php\/urun\/0400\/","title":{"rendered":"04:00"},"content":{"rendered":"<p>\u201cAma bunlar s\u0131rf benim \u015feytanlar\u0131m de\u011fil, otob\u00fcste yan\u0131ma oturan adam\u0131n beynini kemiren dertler de bana bula\u015f\u0131yor ya da marketteki kasiyer k\u0131z, \u00e7\u00fcnk\u00fc g\u00f6zlerindeki nefreti g\u00f6r\u00fcyorum, tu\u015flara basan parmaklar\u0131n\u0131n nas\u0131l \u00f6fkeyle kas\u0131ld\u0131\u011f\u0131n\u0131 g\u00f6r\u00fcyorum, onlar\u0131n \u015feytanlar\u0131 da bana da bula\u015f\u0131yor ya da televizyonda t\u00fck\u00fcr\u00fckler sa\u00e7arak kavga eden o \u00e7ok bilgili insanlar, onlar\u0131n \u00f6fkesi de, mutsuzlu\u011fu da, kini de, kederi de eninde sonunda beynimin k\u0131vr\u0131mlar\u0131 aras\u0131na yerle\u015fip k\u00f6k sal\u0131yor&#8230;\u201d Bizimkine benzeyen ama baz\u0131 a\u00e7\u0131lardan da \u00e7ok farkl\u0131 bir \u0130stanbul. Belki milyonlarca paralel evrenden birinde yer alan di\u011fer \u0130stanbul&#8230; Bu \u015fehirde korku, \u00f6fke ve \u00e7aresizlik birikip patlama noktas\u0131na yakla\u015ft\u0131k\u00e7a adeta \u015fekil alm\u0131\u015f ve karanl\u0131k bir organizmaya d\u00f6n\u00fc\u015fm\u00fc\u015f.Ge\u00e7mi\u015findeki korkun\u00e7 bir olay y\u00fcz\u00fcnden hayattan ka\u00e7an Giray\u2019la eski kar\u0131s\u0131 \u2013ve yeni cinayet masas\u0131 ba\u015f komiseri Defne\u2013 kaybolan \u00e7ocuklar\u0131n s\u0131rr\u0131n\u0131 \u00e7\u00f6zmek i\u00e7in yeniden bir araya gelir. Ancak Giray, gizli g\u00fcc\u00fcn\u00fc kullanmaya raz\u0131 olacak m\u0131? Ve tan\u0131mad\u0131\u011f\u0131 insanlar i\u00e7in hayat\u0131n\u0131 tehlikeye atmak onu kendi karanl\u0131\u011f\u0131ndan \u00e7ekip \u00e7\u0131karabilecek mi? 04:00, Hikmet H\u00fck\u00fcmeno\u011flu\u2019nun gerilimle fanteziyi birle\u015ftirdi\u011fi, h\u0131zl\u0131 kurgusuyla etkileyen bir 21. y\u00fczy\u0131l roman\u0131.<\/p>\n","protected":false},"excerpt":{"rendered":"<p>\u201cAma bunlar s\u0131rf benim \u015feytanlar\u0131m de\u011fil, otob\u00fcste yan\u0131ma oturan adam\u0131n beynini kemiren dertler de bana bula\u015f\u0131yor ya da marketteki kasiyer k\u0131z, \u00e7\u00fcnk\u00fc g\u00f6zlerindeki nefreti g\u00f6r\u00fcyorum, tu\u015flara<span class=\"excerpt-hellip\"> [\u2026]<\/span><\/p>\n","protected":false},"featured_media":0,"template":"","meta":{"_monsterinsights_skip_tracking":false,"_monsterinsights_sitenote_active":false,"_monsterinsights_sitenote_note":"","_monsterinsights_sitenote_category":0},"product_brand":[],"product_cat":[12291,12711],"product_tag":[],"class_list":{"0":"post-776120","1":"product","2":"type-product","3":"status-publish","5":"product_cat-edebiyat","6":"product_cat-roman-oyku","7":"pa_cilt-ciltsiz","8":"pa_tur-kitap","9":"pa_yayinevi-can-yayinlari","10":"pa_yazar-hikmet-hukumenoglu","12":"first","13":"instock","14":"sale","15":"shipping-taxable","16":"purchasable","17":"product-type-simple"},"_links":{"self":[{"href":"https:\/\/roveyayinevi.com.tr\/index.php\/wp-json\/wp\/v2\/product\/776120","targetHints":{"allow":["GET"]}}],"collection":[{"href":"https:\/\/roveyayinevi.com.tr\/index.php\/wp-json\/wp\/v2\/product"}],"about":[{"href":"https:\/\/roveyayinevi.com.tr\/index.php\/wp-json\/wp\/v2\/types\/product"}],"wp:attachment":[{"href":"https:\/\/roveyayinevi.com.tr\/index.php\/wp-json\/wp\/v2\/media?parent=776120"}],"wp:term":[{"taxonomy":"product_brand","embeddable":true,"href":"https:\/\/roveyayinevi.com.tr\/index.php\/wp-json\/wp\/v2\/product_brand?post=776120"},{"taxonomy":"product_cat","embeddable":true,"href":"https:\/\/roveyayinevi.com.tr\/index.php\/wp-json\/wp\/v2\/product_cat?post=776120"},{"taxonomy":"product_tag","embeddable":true,"href":"https:\/\/roveyayinevi.com.tr\/index.php\/wp-json\/wp\/v2\/product_tag?post=776120"}],"curies":[{"name":"wp","href":"https:\/\/api.w.org\/{rel}","templated":true}]}}