{"id":776114,"date":"2025-09-20T04:33:12","date_gmt":"2025-09-20T01:33:12","guid":{"rendered":"https:\/\/roveyayinevi.com.tr\/index.php\/urun\/istanbulun-kuytu-koseleri\/"},"modified":"2026-04-16T02:21:47","modified_gmt":"2026-04-15T23:21:47","slug":"istanbulun-kuytu-koseleri","status":"publish","type":"product","link":"https:\/\/roveyayinevi.com.tr\/index.php\/urun\/istanbulun-kuytu-koseleri\/","title":{"rendered":"\u0130stanbul\u2019un Kuytu K\u00f6\u015feleri"},"content":{"rendered":"<p>&#8220;\u0130stanbul, n\u00fcfusu 50 y\u0131lda 20 misline patlayan bir d\u00fcnya \u015fehri. Tarihte bu b\u00fcy\u00fcmenin benzeri g\u00f6r\u00fclmemi\u015f. Do\u011fu Roma ve Osmanl\u0131 \u0130mparatorlu\u011fu sentezinden, Anadolu kasabalar\u0131 \u00e7e\u015fitlemesine d\u00f6nm\u00fc\u015f&#8230; G\u00f6kdelenleri ve Bo\u011fazi\u00e7i k\u00f6pr\u00fclerini tak\u0131p tak\u0131\u015ft\u0131rmaktan vazge\u00e7meden&#8230; \u015eehirler toplumlar\u0131n aynas\u0131. Yine de g\u00fczellikleri ve sihri yok edilemeyen Karadeniz-Marmara ve Bo\u011fazi\u00e7i do\u011fa bi\u00e7imlenmeleri hazine de\u011ferinde bir ya\u015fama mozai\u011fi seyrettiriyor.&#8221; \u0130stanbul&#8217;un Kuytu K\u00f6\u015feleri ile Narl\u0131kap\u0131&#8217;dan Ye\u015filk\u00f6y&#8217;e, Bo\u011fazi\u00e7i k\u0131y\u0131lar\u0131n\u0131 da dola\u015farak\/okuyarak &#8216;tarih i\u00e7inde&#8217; bir \u015fehir turu yapma f\u0131rsat\u0131 bulacaks\u0131n\u0131z. Her kuytu k\u00f6\u015fede Ayd\u0131n Boysan&#8217;\u0131n vazge\u00e7ilmez mekanlar\u0131, dost sohbetleri ve an\u0131lar\u0131 size rehberlik edecek. Y\u00fczler ve Y\u00fcrekler&#8217;de (YKY, 2002) y\u00fcre\u011findeki insanlar\u0131 anlatm\u0131\u015ft\u0131 Ayd\u0131n Boysan, bu kez yine kendine \u00f6zg\u00fc anlat\u0131m\u0131yla kimi zaman ne\u015felendirerek, kimi zaman d\u00fc\u015f\u00fcnd\u00fcrerek, \u0130stanbul&#8217;un kuytu k\u00f6\u015felerini -g\u00f6zdelikten kuytulu\u011fa ge\u00e7i\u015fteki ac\u0131lar\u0131n\u0131 da- anlat\u0131yor. \ufffc<\/p>\n","protected":false},"excerpt":{"rendered":"<p>&#8220;\u0130stanbul, n\u00fcfusu 50 y\u0131lda 20 misline patlayan bir d\u00fcnya \u015fehri. Tarihte bu b\u00fcy\u00fcmenin benzeri g\u00f6r\u00fclmemi\u015f. Do\u011fu Roma ve Osmanl\u0131 \u0130mparatorlu\u011fu sentezinden, Anadolu kasabalar\u0131 \u00e7e\u015fitlemesine d\u00f6nm\u00fc\u015f&#8230; G\u00f6kdelenleri<span class=\"excerpt-hellip\"> [\u2026]<\/span><\/p>\n","protected":false},"featured_media":0,"template":"","meta":{"_monsterinsights_skip_tracking":false,"_monsterinsights_sitenote_active":false,"_monsterinsights_sitenote_note":"","_monsterinsights_sitenote_category":0},"product_brand":[],"product_cat":[13054,20153],"product_tag":[],"class_list":{"0":"post-776114","1":"product","2":"type-product","3":"status-publish","5":"product_cat-gezi-ve-rehber-kitaplari","6":"product_cat-istanbul-rehberi","7":"pa_cilt-ciltsiz","8":"pa_tur-kitap","9":"pa_yayinevi-yapi-kredi-yayinlari","10":"pa_yazar-aydin-boysan","12":"first","13":"instock","14":"sale","15":"shipping-taxable","16":"purchasable","17":"product-type-simple"},"_links":{"self":[{"href":"https:\/\/roveyayinevi.com.tr\/index.php\/wp-json\/wp\/v2\/product\/776114","targetHints":{"allow":["GET"]}}],"collection":[{"href":"https:\/\/roveyayinevi.com.tr\/index.php\/wp-json\/wp\/v2\/product"}],"about":[{"href":"https:\/\/roveyayinevi.com.tr\/index.php\/wp-json\/wp\/v2\/types\/product"}],"wp:attachment":[{"href":"https:\/\/roveyayinevi.com.tr\/index.php\/wp-json\/wp\/v2\/media?parent=776114"}],"wp:term":[{"taxonomy":"product_brand","embeddable":true,"href":"https:\/\/roveyayinevi.com.tr\/index.php\/wp-json\/wp\/v2\/product_brand?post=776114"},{"taxonomy":"product_cat","embeddable":true,"href":"https:\/\/roveyayinevi.com.tr\/index.php\/wp-json\/wp\/v2\/product_cat?post=776114"},{"taxonomy":"product_tag","embeddable":true,"href":"https:\/\/roveyayinevi.com.tr\/index.php\/wp-json\/wp\/v2\/product_tag?post=776114"}],"curies":[{"name":"wp","href":"https:\/\/api.w.org\/{rel}","templated":true}]}}