{"id":776109,"date":"2025-09-20T03:37:20","date_gmt":"2025-09-20T00:37:20","guid":{"rendered":"https:\/\/roveyayinevi.com.tr\/index.php\/urun\/insanligin-yildizinin-parladigi-anlar-3\/"},"modified":"2026-04-16T02:13:34","modified_gmt":"2026-04-15T23:13:34","slug":"insanligin-yildizinin-parladigi-anlar-3","status":"publish","type":"product","link":"https:\/\/roveyayinevi.com.tr\/index.php\/urun\/insanligin-yildizinin-parladigi-anlar-3\/","title":{"rendered":"\u0130nsanl\u0131\u011f\u0131n Y\u0131ld\u0131z\u0131n\u0131n Parlad\u0131\u011f\u0131 Anlar"},"content":{"rendered":"<p>\u0130nsanl\u0131\u011f\u0131n Y\u0131ld\u0131z\u0131n\u0131n Parlad\u0131\u011f\u0131 Anlar, insanl\u0131k tarihine y\u00f6n vermi\u015f belirleyici anlar \u00fcst\u00fcne k\u0131sa denemelerden olu\u015fuyor. Stefan Zweig, \u00e7evrelerindeki ge\u00e7ici ko\u015fullar\u0131n dayatt\u0131\u011f\u0131 s\u0131n\u0131rlar\u0131 a\u015fabilmi\u015f Fatih Sultan Mehmed, Handel, Dostoyevski, Tolstoy, Lenin gibi yarat\u0131c\u0131 bireyler in o benzersiz anlar\u0131n\u0131 anlat\u0131yor. En iyisi, kendisinden dinleyelim:\u00c7a\u011flar\u0131 a\u015fan bir karar\u0131n bir tek takvime, bir tek saate, \u00e7o\u011fu kez de yaln\u0131zca bir tek dakikaya s\u0131k\u0131\u015ft\u0131r\u0131ld\u0131\u011f\u0131 trajik ve yazg\u0131y\u0131 belirleyici anlara, bireylerin ya\u015fam\u0131nda ve tarihin ak\u0131\u015f\u0131 i\u00e7inde \u00e7ok ender rastlan\u0131r. Ben b\u00f6yle anlar\u0131 \u0130nsanl\u0131\u011f\u0131n Y\u0131ld\u0131z\u0131n\u0131n Parlad\u0131\u011f\u0131 Anlar diye adland\u0131rd\u0131m; \u00e7\u00fcnk\u00fc onlar, t\u0131pk\u0131 y\u0131ld\u0131zlar gibi, hi\u00e7 de\u011fi\u015fmeden ge\u00e7mi\u015fin karanl\u0131\u011f\u0131na \u0131\u015f\u0131k tutmaktad\u0131rlar&#8230; Olaylar\u0131 anlat\u0131rken, ger\u00e7ekleri de\u011fi\u015ftirmedim, kendi katk\u0131lar\u0131mla renklendirip zenginle\u015ftirmedim. \u00c7\u00fcnk\u00fc tarih, kusursuzlu\u011fa ula\u015ft\u0131\u011f\u0131 b\u00f6ylesine e\u015fsiz anlarda, kendisine yard\u0131m i\u00e7in uzat\u0131lan ellere gereksinim duymaz. <\/p>\n","protected":false},"excerpt":{"rendered":"<p>\u0130nsanl\u0131\u011f\u0131n Y\u0131ld\u0131z\u0131n\u0131n Parlad\u0131\u011f\u0131 Anlar, insanl\u0131k tarihine y\u00f6n vermi\u015f belirleyici anlar \u00fcst\u00fcne k\u0131sa denemelerden olu\u015fuyor. Stefan Zweig, \u00e7evrelerindeki ge\u00e7ici ko\u015fullar\u0131n dayatt\u0131\u011f\u0131 s\u0131n\u0131rlar\u0131 a\u015fabilmi\u015f Fatih Sultan Mehmed, Handel,<span class=\"excerpt-hellip\"> [\u2026]<\/span><\/p>\n","protected":false},"featured_media":0,"template":"","meta":{"_monsterinsights_skip_tracking":false,"_monsterinsights_sitenote_active":false,"_monsterinsights_sitenote_note":"","_monsterinsights_sitenote_category":0},"product_brand":[],"product_cat":[12777,12291],"product_tag":[],"class_list":{"0":"post-776109","1":"product","2":"type-product","3":"status-publish","5":"product_cat-deneme","6":"product_cat-edebiyat","7":"pa_cilt-ciltsiz","8":"pa_tur-kitap","9":"pa_yayinevi-can-yayinlari","10":"pa_yazar-stefan-zweig","12":"first","13":"instock","14":"sale","15":"shipping-taxable","16":"purchasable","17":"product-type-simple"},"_links":{"self":[{"href":"https:\/\/roveyayinevi.com.tr\/index.php\/wp-json\/wp\/v2\/product\/776109","targetHints":{"allow":["GET"]}}],"collection":[{"href":"https:\/\/roveyayinevi.com.tr\/index.php\/wp-json\/wp\/v2\/product"}],"about":[{"href":"https:\/\/roveyayinevi.com.tr\/index.php\/wp-json\/wp\/v2\/types\/product"}],"wp:attachment":[{"href":"https:\/\/roveyayinevi.com.tr\/index.php\/wp-json\/wp\/v2\/media?parent=776109"}],"wp:term":[{"taxonomy":"product_brand","embeddable":true,"href":"https:\/\/roveyayinevi.com.tr\/index.php\/wp-json\/wp\/v2\/product_brand?post=776109"},{"taxonomy":"product_cat","embeddable":true,"href":"https:\/\/roveyayinevi.com.tr\/index.php\/wp-json\/wp\/v2\/product_cat?post=776109"},{"taxonomy":"product_tag","embeddable":true,"href":"https:\/\/roveyayinevi.com.tr\/index.php\/wp-json\/wp\/v2\/product_tag?post=776109"}],"curies":[{"name":"wp","href":"https:\/\/api.w.org\/{rel}","templated":true}]}}