{"id":776089,"date":"2025-09-19T17:10:55","date_gmt":"2025-09-19T14:10:55","guid":{"rendered":"https:\/\/roveyayinevi.com.tr\/index.php\/urun\/seytanin-trolleri\/"},"modified":"2026-04-15T03:42:37","modified_gmt":"2026-04-15T00:42:37","slug":"seytanin-trolleri","status":"publish","type":"product","link":"https:\/\/roveyayinevi.com.tr\/index.php\/urun\/seytanin-trolleri\/","title":{"rendered":"\u015eeytan\u0131n Trolleri"},"content":{"rendered":"<p>M\u00fcnaf\u0131klar\u0131n karanl\u0131k d\u00fcnyas\u0131nda derin bir bak\u0131\u015f\u2026 M\u00fcnaf\u0131klar\u0131n karanl\u0131k d\u00fcnyas\u0131nda derin bir bak\u0131\u015f\u2026 \u0130slam\u2019\u0131n i\u00e7ine s\u0131zan m\u00fcnaf\u0131klar, i\u00e7ten i\u00e7e y\u0131k\u0131c\u0131 planlar yapar ve toplumlar\u0131 zehirler. &#8220;\u015eeytan\u0131n Trolleri&#8221;, m\u00fcnaf\u0131klar\u0131n gizli ittifaklar\u0131n\u0131, \u015feytanla olan ba\u011flar\u0131n\u0131 ve toplumlar\u0131 nas\u0131l zehirlediklerini g\u00f6zler \u00f6n\u00fcne seriyor. Bu kitap, onlar\u0131n oyunlar\u0131n\u0131 tan\u0131man\u0131za, \u0130slam\u2019a y\u00f6nelik tehditlere kar\u015f\u0131 uyan\u0131k kalman\u0131za yard\u0131mc\u0131 olacak. tehditlere kar\u015f\u0131 uyan\u0131k kalman\u0131za yard\u0131mc\u0131 olacak. M\u00fcsl\u00fcmanlar\u0131n birlik, iman ve ahlak bilincini koruyarak, m\u00fcnaf\u0131klara kar\u015f\u0131 nas\u0131l durmalar\u0131 gerekti\u011fini anlatan g\u00fc\u00e7l\u00fc bir rehber\u2026 <\/p>\n","protected":false},"excerpt":{"rendered":"<p>M\u00fcnaf\u0131klar\u0131n karanl\u0131k d\u00fcnyas\u0131nda derin bir bak\u0131\u015f\u2026 M\u00fcnaf\u0131klar\u0131n karanl\u0131k d\u00fcnyas\u0131nda derin bir bak\u0131\u015f\u2026 \u0130slam\u2019\u0131n i\u00e7ine s\u0131zan m\u00fcnaf\u0131klar, i\u00e7ten i\u00e7e y\u0131k\u0131c\u0131 planlar yapar ve toplumlar\u0131 zehirler. &#8220;\u015eeytan\u0131n Trolleri&#8221;,<span class=\"excerpt-hellip\"> [\u2026]<\/span><\/p>\n","protected":false},"featured_media":0,"template":"","meta":{"_monsterinsights_skip_tracking":false,"_monsterinsights_sitenote_active":false,"_monsterinsights_sitenote_note":"","_monsterinsights_sitenote_category":0},"product_brand":[],"product_cat":[12718,12719],"product_tag":[],"class_list":{"0":"post-776089","1":"product","2":"type-product","3":"status-publish","5":"product_cat-din","6":"product_cat-islam","7":"pa_cilt-ciltsiz","8":"pa_tur-kitap","9":"pa_yayinevi-kalem-lugat-yayincilik","10":"pa_yazar-zubeyt-bozkurt","12":"first","13":"instock","14":"sale","15":"shipping-taxable","16":"purchasable","17":"product-type-simple"},"_links":{"self":[{"href":"https:\/\/roveyayinevi.com.tr\/index.php\/wp-json\/wp\/v2\/product\/776089","targetHints":{"allow":["GET"]}}],"collection":[{"href":"https:\/\/roveyayinevi.com.tr\/index.php\/wp-json\/wp\/v2\/product"}],"about":[{"href":"https:\/\/roveyayinevi.com.tr\/index.php\/wp-json\/wp\/v2\/types\/product"}],"wp:attachment":[{"href":"https:\/\/roveyayinevi.com.tr\/index.php\/wp-json\/wp\/v2\/media?parent=776089"}],"wp:term":[{"taxonomy":"product_brand","embeddable":true,"href":"https:\/\/roveyayinevi.com.tr\/index.php\/wp-json\/wp\/v2\/product_brand?post=776089"},{"taxonomy":"product_cat","embeddable":true,"href":"https:\/\/roveyayinevi.com.tr\/index.php\/wp-json\/wp\/v2\/product_cat?post=776089"},{"taxonomy":"product_tag","embeddable":true,"href":"https:\/\/roveyayinevi.com.tr\/index.php\/wp-json\/wp\/v2\/product_tag?post=776089"}],"curies":[{"name":"wp","href":"https:\/\/api.w.org\/{rel}","templated":true}]}}