{"id":776083,"date":"2025-09-19T17:10:45","date_gmt":"2025-09-19T14:10:45","guid":{"rendered":"https:\/\/roveyayinevi.com.tr\/index.php\/urun\/bir-ruya-gordum\/"},"modified":"2025-09-29T07:27:41","modified_gmt":"2025-09-29T04:27:41","slug":"bir-ruya-gordum","status":"publish","type":"product","link":"https:\/\/roveyayinevi.com.tr\/index.php\/urun\/bir-ruya-gordum\/","title":{"rendered":"Bir R\u00fcya G\u00f6rd\u00fcm"},"content":{"rendered":"<p>\u201cK\u00f6t\u00fc r\u00fcyalar\u0131 \u00e7ok seviyorum, biliyor musunuz?  Uyand\u0131\u011f\u0131n\u0131zda bitiyor \u00e7\u00fcnk\u00fc ve rahatl\u0131yorsunuz, hatta seviniyorsunuz. Bu ya\u015fad\u0131klar\u0131m\u0131n r\u00fcya olmas\u0131n\u0131 o kadar \u00e7ok isterdim ki\u2026 Uyand\u0131\u011f\u0131mda hi\u00e7 olmam\u0131\u015f gibi rahata kavu\u015fay\u0131m, mutlu olay\u0131m. Ama maalesef hepsi ger\u00e7ekti ve ya\u015fananlarda geriye d\u00f6n\u00fclmesi m\u00fcmk\u00fcn de\u011fildi.\u201d \u015eemsiye D\u00fcrre Alt\u0131nmakas, Mu\u015f\u2019ta do\u011fmu\u015f. Sekiz \u00e7ocuklu bir K\u00fcrt aileye mensup. \u015eimdi 69 ya\u015f\u0131nda\u2026Kendisini hi\u00e7 tan\u0131mad\u0131m. Ancak hayat hik\u00e2yesini okuyunca ya\u015fad\u0131\u011f\u0131 sars\u0131c\u0131 travmalar\u0131n \u015fiddeti beni sarst\u0131. \u015eemsiye D\u00fcrre Altnmakas, kendi ya\u015fam hik\u00e2yesi \u00fczerinden a\u011f\u0131r temel sorunlar\u0131n nedenlerine \u00e2deta projekt\u00f6r tutuyor. Ve bunu kendisiyle y\u00fczle\u015ferek yap\u0131yor. Alt\u0131nmakas\u2019\u0131n hik\u00e2yesi, talihsiz zor bir ya\u015fam\u0131n hangi sosyal yap\u0131 ve ortamlar\u0131n sonucu ortaya \u00e7\u0131kt\u0131\u011f\u0131n\u0131 ve insan hayatlar\u0131n\u0131 nas\u0131l \u0131skartaya \u00e7\u0131kard\u0131\u011f\u0131n\u0131 t\u00fcm \u00e7\u0131plakl\u0131\u011f\u0131yla anlat\u0131yor. Sars\u0131c\u0131 bir ya\u015fam \u00f6yk\u00fcs\u00fc hem koca toplumsal bir sosyolojik laboratuvara d\u00f6n\u00fc\u015f\u00fcyor hem de ac\u0131y\u0131 bal eyliyor.<\/p>\n","protected":false},"excerpt":{"rendered":"<p>\u201cK\u00f6t\u00fc r\u00fcyalar\u0131 \u00e7ok seviyorum, biliyor musunuz? Uyand\u0131\u011f\u0131n\u0131zda bitiyor \u00e7\u00fcnk\u00fc ve rahatl\u0131yorsunuz, hatta seviniyorsunuz. Bu ya\u015fad\u0131klar\u0131m\u0131n r\u00fcya olmas\u0131n\u0131 o kadar \u00e7ok isterdim ki\u2026 Uyand\u0131\u011f\u0131mda hi\u00e7 olmam\u0131\u015f gibi<span class=\"excerpt-hellip\"> [\u2026]<\/span><\/p>\n","protected":false},"featured_media":0,"template":"","meta":{"_monsterinsights_skip_tracking":false,"_monsterinsights_sitenote_active":false,"_monsterinsights_sitenote_note":"","_monsterinsights_sitenote_category":0},"product_brand":[],"product_cat":[141304],"product_tag":[],"class_list":{"0":"post-776083","1":"product","2":"type-product","3":"status-publish","5":"product_cat-yeni-cikanlar","6":"pa_cilt-ciltsiz","7":"pa_tur-kitap","8":"pa_yayinevi-sis-yayincilik","9":"pa_yazar-semsiye-durre-altinmakas","11":"first","12":"instock","13":"sale","14":"shipping-taxable","15":"purchasable","16":"product-type-simple"},"_links":{"self":[{"href":"https:\/\/roveyayinevi.com.tr\/index.php\/wp-json\/wp\/v2\/product\/776083","targetHints":{"allow":["GET"]}}],"collection":[{"href":"https:\/\/roveyayinevi.com.tr\/index.php\/wp-json\/wp\/v2\/product"}],"about":[{"href":"https:\/\/roveyayinevi.com.tr\/index.php\/wp-json\/wp\/v2\/types\/product"}],"wp:attachment":[{"href":"https:\/\/roveyayinevi.com.tr\/index.php\/wp-json\/wp\/v2\/media?parent=776083"}],"wp:term":[{"taxonomy":"product_brand","embeddable":true,"href":"https:\/\/roveyayinevi.com.tr\/index.php\/wp-json\/wp\/v2\/product_brand?post=776083"},{"taxonomy":"product_cat","embeddable":true,"href":"https:\/\/roveyayinevi.com.tr\/index.php\/wp-json\/wp\/v2\/product_cat?post=776083"},{"taxonomy":"product_tag","embeddable":true,"href":"https:\/\/roveyayinevi.com.tr\/index.php\/wp-json\/wp\/v2\/product_tag?post=776083"}],"curies":[{"name":"wp","href":"https:\/\/api.w.org\/{rel}","templated":true}]}}