{"id":776075,"date":"2025-09-19T17:10:30","date_gmt":"2025-09-19T14:10:30","guid":{"rendered":"https:\/\/roveyayinevi.com.tr\/index.php\/urun\/vaziyetname-2-gercek-gercekten-nedir\/"},"modified":"2026-04-15T03:42:36","modified_gmt":"2026-04-15T00:42:36","slug":"vaziyetname-2-gercek-gercekten-nedir","status":"publish","type":"product","link":"https:\/\/roveyayinevi.com.tr\/index.php\/urun\/vaziyetname-2-gercek-gercekten-nedir\/","title":{"rendered":"Vaziyetname 2 &#8221; Ger\u00e7ek Ger\u00e7ekten Nedir?&#8221;"},"content":{"rendered":"<p>B\u00fcy\u00fcme \u00e7ocuk; \u00e7\u00fcnk\u00fc hepsi b\u00fcy\u00fcd\u00fc\u2026 Biliyor musun, \u00f6nce onlar da senin gibiydiler. Ama sonra b\u00fcy\u00fcd\u00fcler ve b\u00fcy\u00fcd\u00fck\u00e7e o saf do\u011falar\u0131n\u0131 kaybettiler. Bir zaman geldi ki; neler i\u00e7in nelerden vazge\u00e7tiklerinin ve bunun i\u00e7in neleri kaybettiklerinin fark\u0131na ancak varabildiler. Sonra o saf do\u011falar\u0131na yeniden kavu\u015fmay\u0131 arzulad\u0131lar. Ama kavu\u015famad\u0131lar. \u00c7\u00fcnk\u00fc art\u0131k b\u00fcy\u00fcd\u00fcler (!) \u00e7ocuk\u2026 Art\u0131k g\u00f6ren g\u00f6zleri, d\u00fc\u015f\u00fcnen zihinleri, bin bir renkli elbiseleriyle \u00f6rtt\u00fckleri v\u00fccutlar\u0131, yalan s\u00f6ylemekten do\u011frunun lezzetini unutmu\u015f dilleri \u00e7ok kirlendi. Bu y\u00fczden yapamad\u0131lar \u00e7ocuk; kaybettikleri ruhlar\u0131n\u0131 bir daha asla kazanamad\u0131lar. Son bir umut, hen\u00fcz bu ruhu yitirmemi\u015f olanlar\u0131 aray\u0131p buldular. Ama sahip olduklar\u0131 bencillik, kibir, h\u0131rs, d\u00fc\u015f h\u0131rs\u0131zl\u0131klar\u0131 ve daha niceleriyle o saf ve temiz ruhlar\u0131 da kirlettiler. \u0130\u015fte b\u00f6yle \u00e7ocuk; onlar bizim g\u00f6ky\u00fcz\u00fcm\u00fcz\u00fc b\u00f6yle kirlettiler. Her yeri ama\u00e7s\u0131zca doldurmu\u015f insanlar bu y\u00fczden grile\u015ftiler. \u00c7\u00fcnk\u00fc onlar da onlarla b\u00fcy\u00fcd\u00fcler! Ama SEN b\u00fcy\u00fcme \u00e7ocuk\u2026 Biliyorum i\u00e7inde \u00e7\u0131\u011fl\u0131k atmak isteyen biri var. Kapat kulaklar\u0131n\u0131, sak\u0131n ha! Dinleme onu\u2026 Biliyorum zordur bunu yapmak; ama SEN yap ve i\u00e7indeki o yeti\u015fkini mutlaka sustur \u00e7ocuk! <\/p>\n","protected":false},"excerpt":{"rendered":"<p>B\u00fcy\u00fcme \u00e7ocuk; \u00e7\u00fcnk\u00fc hepsi b\u00fcy\u00fcd\u00fc\u2026 Biliyor musun, \u00f6nce onlar da senin gibiydiler. Ama sonra b\u00fcy\u00fcd\u00fcler ve b\u00fcy\u00fcd\u00fck\u00e7e o saf do\u011falar\u0131n\u0131 kaybettiler. Bir zaman geldi ki; neler<span class=\"excerpt-hellip\"> [\u2026]<\/span><\/p>\n","protected":false},"featured_media":0,"template":"","meta":{"_monsterinsights_skip_tracking":false,"_monsterinsights_sitenote_active":false,"_monsterinsights_sitenote_note":"","_monsterinsights_sitenote_category":0},"product_brand":[],"product_cat":[12777,12291],"product_tag":[],"class_list":{"0":"post-776075","1":"product","2":"type-product","3":"status-publish","5":"product_cat-deneme","6":"product_cat-edebiyat","7":"pa_cilt-ciltsiz","8":"pa_tur-kitap","9":"pa_yayinevi-kalyora-yayincilik","10":"pa_yazar-e-b-u","12":"first","13":"instock","14":"sale","15":"shipping-taxable","16":"purchasable","17":"product-type-simple"},"_links":{"self":[{"href":"https:\/\/roveyayinevi.com.tr\/index.php\/wp-json\/wp\/v2\/product\/776075","targetHints":{"allow":["GET"]}}],"collection":[{"href":"https:\/\/roveyayinevi.com.tr\/index.php\/wp-json\/wp\/v2\/product"}],"about":[{"href":"https:\/\/roveyayinevi.com.tr\/index.php\/wp-json\/wp\/v2\/types\/product"}],"wp:attachment":[{"href":"https:\/\/roveyayinevi.com.tr\/index.php\/wp-json\/wp\/v2\/media?parent=776075"}],"wp:term":[{"taxonomy":"product_brand","embeddable":true,"href":"https:\/\/roveyayinevi.com.tr\/index.php\/wp-json\/wp\/v2\/product_brand?post=776075"},{"taxonomy":"product_cat","embeddable":true,"href":"https:\/\/roveyayinevi.com.tr\/index.php\/wp-json\/wp\/v2\/product_cat?post=776075"},{"taxonomy":"product_tag","embeddable":true,"href":"https:\/\/roveyayinevi.com.tr\/index.php\/wp-json\/wp\/v2\/product_tag?post=776075"}],"curies":[{"name":"wp","href":"https:\/\/api.w.org\/{rel}","templated":true}]}}