{"id":776068,"date":"2025-09-19T17:10:17","date_gmt":"2025-09-19T14:10:17","guid":{"rendered":"https:\/\/roveyayinevi.com.tr\/index.php\/urun\/kozmos-2-cati-kati-canavarlari\/"},"modified":"2026-04-15T03:42:35","modified_gmt":"2026-04-15T00:42:35","slug":"kozmos-2-cati-kati-canavarlari","status":"publish","type":"product","link":"https:\/\/roveyayinevi.com.tr\/index.php\/urun\/kozmos-2-cati-kati-canavarlari\/","title":{"rendered":"Kozmos 2 &#8211; \u00c7at\u0131 Kat\u0131 Canavarlar\u0131"},"content":{"rendered":"<p>EL\u0130T A\u0130LELER\u0130N ZEK\u0130 \u00c7OCUKLARI ARASINDAKURULAN H\u0130YERAR\u015e\u0130, G\u00dc\u00c7 SAVA\u015eLARI VESOSYETEN\u0130N KARANLIK SIRLARI\u2026Neva Koleji; g\u00f6rkemli binas\u0131, k\u00f6kl\u00fc ge\u00e7mi\u015fi ve y\u00fcksek duvarlar\u0131n\u0131n ard\u0131na gizledi\u011fi s\u0131rlar\u0131na ra\u011fmen y\u0131llar i\u00e7inde kazand\u0131\u011f\u0131 itibar\u0131n\u0131 korumay\u0131 ba\u015farm\u0131\u015ft\u0131r. Bu prestijli okul, d\u0131\u015f d\u00fcnya i\u00e7in her zaman merak uyand\u0131ran bir cazibe merkezi olmu\u015f, i\u00e7erideki g\u00f6r\u00fcnmez d\u00fczen ise yaln\u0131zca se\u00e7ilmi\u015f olanlar\u0131n bildi\u011fi bir oyuna d\u00f6n\u00fc\u015fm\u00fc\u015ft\u00fcr.Fakat yeni okul y\u0131l\u0131yla birlikte ortaya \u00e7\u0131kan KAOS isimli bir sanal oyun uygulamas\u0131, t\u00fcm dengeleri alt\u00fcst edecek; Neva Koleji\u2019ni geri d\u00f6n\u00fc\u015f\u00fc zor bir \u00e7\u0131kmaz\u0131n e\u015fi\u011fine getirerek uzun s\u00fcredir sakl\u0131 kalan s\u0131rlar\u0131 g\u00fcn y\u00fcz\u00fcne \u00e7\u0131karacakt\u0131r.                                2.B\u00d6L\u00dcM: TOPRAK                               \u201c\u00c7at\u0131 Kat\u0131 Canavarlar\u0131\u201dKAOS\u2019ta a\u00e7t\u0131\u011f\u0131 yay\u0131n\u0131n ard\u0131ndan ortadan yok olan ve kimsenin haber alamad\u0131\u011f\u0131 Uzay herkesi endi\u015felendirmektedir.Melina ise Gizli Kul\u00fcp\u2019te \u015fahit olduklar\u0131n\u0131n \u015fokunu \u00fczerinden atmaya \u00e7al\u0131\u015f\u0131rken Ar\u0131n\u2019\u0131n karanl\u0131k d\u00fcnyas\u0131na a\u00e7\u0131lan ufak bir pencerenin yan\u0131nda bulur kendini.Toprak, kendisinden uzakla\u015ft\u0131\u011f\u0131n\u0131 hissetti\u011fi abisi Ar\u0131n ve ailesi aras\u0131nda kalm\u0131\u015f, sanki bilmedi\u011fi bir s\u0131rr\u0131n g\u00f6lgesine hapsolmu\u015ftur. Bir yandan da Elsa\u2019yla ne yapaca\u011f\u0131n\u0131 d\u00fc\u015f\u00fcnmektedir.KAOS perdesi yava\u015f yava\u015f aralan\u0131rken, oyun art\u0131k daha ger\u00e7ek\u00e7i bir h\u00e2l almaktad\u0131r. Ve s\u0131radaki oyun ba\u015flad\u0131\u011f\u0131nda art\u0131k hi\u00e7bir \u015fey eskisi gibi olmayacakt\u0131r&#8230;Bu kez olaylar daha karanl\u0131k, sahneler daha gizemli.Sezonun ikinci b\u00f6l\u00fcm\u00fcnde her karakter s\u0131rlarla dolu.I\u015f\u0131klar yan\u0131yor, perde a\u00e7\u0131l\u0131yor ve kontrol size ge\u00e7iyor.<\/p>\n","protected":false},"excerpt":{"rendered":"<p>EL\u0130T A\u0130LELER\u0130N ZEK\u0130 \u00c7OCUKLARI ARASINDAKURULAN H\u0130YERAR\u015e\u0130, G\u00dc\u00c7 SAVA\u015eLARI VESOSYETEN\u0130N KARANLIK SIRLARI\u2026Neva Koleji; g\u00f6rkemli binas\u0131, k\u00f6kl\u00fc ge\u00e7mi\u015fi ve y\u00fcksek duvarlar\u0131n\u0131n ard\u0131na gizledi\u011fi s\u0131rlar\u0131na ra\u011fmen y\u0131llar i\u00e7inde kazand\u0131\u011f\u0131<span class=\"excerpt-hellip\"> [\u2026]<\/span><\/p>\n","protected":false},"featured_media":0,"template":"","meta":{"_monsterinsights_skip_tracking":false,"_monsterinsights_sitenote_active":false,"_monsterinsights_sitenote_note":"","_monsterinsights_sitenote_category":0},"product_brand":[],"product_cat":[12291,12711],"product_tag":[],"class_list":{"0":"post-776068","1":"product","2":"type-product","3":"status-publish","5":"product_cat-edebiyat","6":"product_cat-roman-oyku","7":"pa_cilt-ciltsiz","8":"pa_tur-kitap","9":"pa_yayinevi-epsilon-yayinlari","10":"pa_yazar-busra-yilmaz","12":"first","13":"instock","14":"sale","15":"shipping-taxable","16":"purchasable","17":"product-type-simple"},"_links":{"self":[{"href":"https:\/\/roveyayinevi.com.tr\/index.php\/wp-json\/wp\/v2\/product\/776068","targetHints":{"allow":["GET"]}}],"collection":[{"href":"https:\/\/roveyayinevi.com.tr\/index.php\/wp-json\/wp\/v2\/product"}],"about":[{"href":"https:\/\/roveyayinevi.com.tr\/index.php\/wp-json\/wp\/v2\/types\/product"}],"wp:attachment":[{"href":"https:\/\/roveyayinevi.com.tr\/index.php\/wp-json\/wp\/v2\/media?parent=776068"}],"wp:term":[{"taxonomy":"product_brand","embeddable":true,"href":"https:\/\/roveyayinevi.com.tr\/index.php\/wp-json\/wp\/v2\/product_brand?post=776068"},{"taxonomy":"product_cat","embeddable":true,"href":"https:\/\/roveyayinevi.com.tr\/index.php\/wp-json\/wp\/v2\/product_cat?post=776068"},{"taxonomy":"product_tag","embeddable":true,"href":"https:\/\/roveyayinevi.com.tr\/index.php\/wp-json\/wp\/v2\/product_tag?post=776068"}],"curies":[{"name":"wp","href":"https:\/\/api.w.org\/{rel}","templated":true}]}}