{"id":776049,"date":"2025-09-19T17:09:49","date_gmt":"2025-09-19T14:09:49","guid":{"rendered":"https:\/\/roveyayinevi.com.tr\/index.php\/urun\/yazidan-sanata-inanctan-dusunceye-anadolu-uygarliklari-seckisi\/"},"modified":"2026-04-15T03:42:34","modified_gmt":"2026-04-15T00:42:34","slug":"yazidan-sanata-inanctan-dusunceye-anadolu-uygarliklari-seckisi","status":"publish","type":"product","link":"https:\/\/roveyayinevi.com.tr\/index.php\/urun\/yazidan-sanata-inanctan-dusunceye-anadolu-uygarliklari-seckisi\/","title":{"rendered":"Yaz\u0131dan Sanata, \u0130nan\u00e7tan D\u00fc\u015f\u00fcnceye &#8211; Anadolu Uygarl\u0131klar\u0131 Se\u00e7kisi"},"content":{"rendered":"<p>Anadolu Yar\u0131madas\u0131, Do\u011fu ile Bat\u0131\u2019n\u0131n kesi\u015fti\u011fi; iklimiyle, bereketli topraklar\u0131 ve do\u011fal zenginlikleriyle insanl\u0131k tarihinin en g\u00f6rkemli medeniyetlerine ev sahipli\u011fi yapm\u0131\u015f bir co\u011frafyad\u0131r. Do\u011fa ile insan\u0131n kadim birlikteli\u011fi bu topraklarda farkl\u0131 k\u00fclt\u00fcrlerin ve geleneklerin s\u00fcreklili\u011fini sa\u011flam\u0131\u015f, yerel kimliklerin olu\u015fumuna zemin haz\u0131rlam\u0131\u015ft\u0131r. Tarih boyunca d\u0131\u015far\u0131dan gelen kavimler Anadolu\u2019nun ruhuyla b\u00fct\u00fcnle\u015fmi\u015f, kendi k\u00fclt\u00fcrlerini yerelle harmanlayarak yeni ve \u00f6zg\u00fcn uygarl\u0131klar yaratm\u0131\u015flard\u0131r.   Kitap, 2011 y\u0131l\u0131nda ba\u015flayan T\u00fcpra\u015f Anadolu Uygarl\u0131klar\u0131 Serisi\u2019nden s\u00fcz\u00fclerek olu\u015fturulmu\u015f \u00f6zel bir se\u00e7kidir. Seri kapsam\u0131nda yay\u0131mlanan Urartular, Frigler, Hititler, Pergamon, Lykial\u0131lar, Persler, Assurlular, Hellenistik ve Roma D\u00f6nemi, Karial\u0131lar, Bizansl\u0131lar, \u0130onial\u0131lar ve Pamphylial\u0131lar olmak \u00fczere 12 kitab\u0131n her birinden se\u00e7ilen makalelerle derlenen bu eser, bir yandan akademik derinlik sunarken, di\u011fer yandan Anadolu uygarl\u0131klar\u0131n\u0131 tarihsel ba\u011flamlar\u0131 i\u00e7inde b\u00fct\u00fcnc\u00fcl bir perspektifle de\u011ferlendirmemize olanak sa\u011fl\u0131yor.   Due to its favorable climate, geographic location, fertile lands, and natural riches, Anatolian peninsula \u2013 at the intersection of the East and the West has been a home to many magnificent civilizations in human history. The ancient and enduring bond between nature and humanity has led to the emergence and resilience of diverse cultures and traditions that paved the path for the formation of local identities in these lands. Throughout the ages, tribes coming to Anatolian from the outside were imbued with the Anatolian spirit and, thus, they created new and original civilizations blending their own cultures with the local and indigenous ones.   This book contains a special selection of chapters distilled from the T\u00fcpra\u015f Anatolian Civilizations Series, which commenced in 2011. This compiled volume of selected articles from each of the twelve books in this series Urartians, Phrygians, Hittites, Pergamon, Lycians, Persians, Assyrians, Hellenistic and Roman Period, Carians, The Byzantine Period, Ionians, and Pamphylia offers not only the depth of expert scholarship on each period of focus, but also allows us to appreciate Anatolian civilizations in their historical context within a holistic perspective. <\/p>\n","protected":false},"excerpt":{"rendered":"<p>Anadolu Yar\u0131madas\u0131, Do\u011fu ile Bat\u0131\u2019n\u0131n kesi\u015fti\u011fi; iklimiyle, bereketli topraklar\u0131 ve do\u011fal zenginlikleriyle insanl\u0131k tarihinin en g\u00f6rkemli medeniyetlerine ev sahipli\u011fi yapm\u0131\u015f bir co\u011frafyad\u0131r. Do\u011fa ile insan\u0131n kadim<span class=\"excerpt-hellip\"> [\u2026]<\/span><\/p>\n","protected":false},"featured_media":0,"template":"","meta":{"_monsterinsights_skip_tracking":false,"_monsterinsights_sitenote_active":false,"_monsterinsights_sitenote_note":"","_monsterinsights_sitenote_category":0},"product_brand":[],"product_cat":[12408],"product_tag":[],"class_list":{"0":"post-776049","1":"product","2":"type-product","3":"status-publish","5":"product_cat-sanat","6":"pa_cilt-ciltsiz","7":"pa_tur-kitap","8":"pa_yayinevi-yapi-kredi-yayinlari-sanat","9":"pa_yazar-kolektif","11":"first","12":"instock","13":"sale","14":"shipping-taxable","15":"purchasable","16":"product-type-simple"},"_links":{"self":[{"href":"https:\/\/roveyayinevi.com.tr\/index.php\/wp-json\/wp\/v2\/product\/776049","targetHints":{"allow":["GET"]}}],"collection":[{"href":"https:\/\/roveyayinevi.com.tr\/index.php\/wp-json\/wp\/v2\/product"}],"about":[{"href":"https:\/\/roveyayinevi.com.tr\/index.php\/wp-json\/wp\/v2\/types\/product"}],"wp:attachment":[{"href":"https:\/\/roveyayinevi.com.tr\/index.php\/wp-json\/wp\/v2\/media?parent=776049"}],"wp:term":[{"taxonomy":"product_brand","embeddable":true,"href":"https:\/\/roveyayinevi.com.tr\/index.php\/wp-json\/wp\/v2\/product_brand?post=776049"},{"taxonomy":"product_cat","embeddable":true,"href":"https:\/\/roveyayinevi.com.tr\/index.php\/wp-json\/wp\/v2\/product_cat?post=776049"},{"taxonomy":"product_tag","embeddable":true,"href":"https:\/\/roveyayinevi.com.tr\/index.php\/wp-json\/wp\/v2\/product_tag?post=776049"}],"curies":[{"name":"wp","href":"https:\/\/api.w.org\/{rel}","templated":true}]}}