{"id":776045,"date":"2025-09-19T17:09:42","date_gmt":"2025-09-19T14:09:42","guid":{"rendered":"https:\/\/roveyayinevi.com.tr\/index.php\/urun\/baliklarla-ilgili-rivayet\/"},"modified":"2026-04-15T03:42:34","modified_gmt":"2026-04-15T00:42:34","slug":"baliklarla-ilgili-rivayet","status":"publish","type":"product","link":"https:\/\/roveyayinevi.com.tr\/index.php\/urun\/baliklarla-ilgili-rivayet\/","title":{"rendered":"Bal\u0131klarla \u0130lgili Rivayet"},"content":{"rendered":"<p>Bal\u0131klarla \u0130lgili Rivayet roman\u0131nda Faruk Duman okurunu, \u0130ncir Tarihi gibi, harikulade olaylarla dolu bir masal d\u00fcnyas\u0131na s\u00fcr\u00fckl\u00fcyor; daha do\u011frusu efsaneler diyar\u0131 \u0130stanbul\u2019un \u00e7ok eski zamanlar\u0131na g\u00f6t\u00fcr\u00fcyor. Bazen Binbir Gece\u2019nin b\u00fcy\u00fcl\u00fc havas\u0131na sokuyor, bazen peygamber k\u0131ssalar\u0131ndaki mucizeleri an\u0131msat\u0131yor, bazen \u00c7elebi yazarlar\u0131n s\u0131cakl\u0131\u011f\u0131n\u0131 duyuruyor, bazen halk masallar\u0131ndaki dili yeniden kuruyor, bazen d\u00fcnya klasiklerindeki heyecanl\u0131 ser\u00fcvenleri ya\u015fat\u0131yor. Faruk Duman o sevilen, iksirli diliyle d\u00fc\u015fsel ve d\u00fc\u015f\u00fcnsel bir yer ve zaman yarat\u0131yor Bal\u0131klarla \u0130lgili Rivayet\u2019te tuhaf bir \u0130stanbul masal\u0131 anlat\u0131yor.   \u0130stanbul\u2019un \u00fczerinden b\u00fcy\u00fck bir dev, bir dev s\u00fcr\u00fcs\u00fc, sanki hunharca y\u0131k\u0131p yakarak ge\u00e7mi\u015fti. Vah yaz\u0131k vah, diye hay\u0131fland\u0131, ne de olsa \u0130stanbul \u0130stanbul\u2019dur, b\u00f6yle bir mamur m\u00fclke bunca eziyet ve de bunca insafs\u0131zl\u0131k edilir mi? Evleri y\u0131k\u0131ls\u0131n. Evi dini dikilsin. Karak\u00f6y\u00fc\u2019n\u00fcn bal\u00e7\u0131k suyundan yine sahile yosunlu k\u00fcfl\u00fc \u00e7amur ak\u0131yordu. Bal\u00e7\u0131k s\u0131\u00e7r\u0131yordu. Denizin s\u0131rt\u0131nda kabarc\u0131klar \u00e7\u0131km\u0131\u015ft\u0131. Bo\u011faz\u2019\u0131n ortas\u0131nda, daha \u00f6nce g\u00f6rmedi\u011fi bir y\u00fckselti vard\u0131. Sivri bir ada gibi y\u00fckseliyordu. <\/p>\n","protected":false},"excerpt":{"rendered":"<p>Bal\u0131klarla \u0130lgili Rivayet roman\u0131nda Faruk Duman okurunu, \u0130ncir Tarihi gibi, harikulade olaylarla dolu bir masal d\u00fcnyas\u0131na s\u00fcr\u00fckl\u00fcyor; daha do\u011frusu efsaneler diyar\u0131 \u0130stanbul\u2019un \u00e7ok eski zamanlar\u0131na g\u00f6t\u00fcr\u00fcyor.<span class=\"excerpt-hellip\"> [\u2026]<\/span><\/p>\n","protected":false},"featured_media":0,"template":"","meta":{"_monsterinsights_skip_tracking":false,"_monsterinsights_sitenote_active":false,"_monsterinsights_sitenote_note":"","_monsterinsights_sitenote_category":0},"product_brand":[],"product_cat":[12291,12711],"product_tag":[],"class_list":{"0":"post-776045","1":"product","2":"type-product","3":"status-publish","5":"product_cat-edebiyat","6":"product_cat-roman-oyku","7":"pa_cilt-ciltsiz","8":"pa_tur-kitap","9":"pa_yayinevi-yapi-kredi-yayinlari","10":"pa_yazar-faruk-duman","12":"first","13":"instock","14":"sale","15":"shipping-taxable","16":"purchasable","17":"product-type-simple"},"_links":{"self":[{"href":"https:\/\/roveyayinevi.com.tr\/index.php\/wp-json\/wp\/v2\/product\/776045","targetHints":{"allow":["GET"]}}],"collection":[{"href":"https:\/\/roveyayinevi.com.tr\/index.php\/wp-json\/wp\/v2\/product"}],"about":[{"href":"https:\/\/roveyayinevi.com.tr\/index.php\/wp-json\/wp\/v2\/types\/product"}],"wp:attachment":[{"href":"https:\/\/roveyayinevi.com.tr\/index.php\/wp-json\/wp\/v2\/media?parent=776045"}],"wp:term":[{"taxonomy":"product_brand","embeddable":true,"href":"https:\/\/roveyayinevi.com.tr\/index.php\/wp-json\/wp\/v2\/product_brand?post=776045"},{"taxonomy":"product_cat","embeddable":true,"href":"https:\/\/roveyayinevi.com.tr\/index.php\/wp-json\/wp\/v2\/product_cat?post=776045"},{"taxonomy":"product_tag","embeddable":true,"href":"https:\/\/roveyayinevi.com.tr\/index.php\/wp-json\/wp\/v2\/product_tag?post=776045"}],"curies":[{"name":"wp","href":"https:\/\/api.w.org\/{rel}","templated":true}]}}