{"id":776008,"date":"2025-09-19T17:08:42","date_gmt":"2025-09-19T14:08:42","guid":{"rendered":"https:\/\/roveyayinevi.com.tr\/index.php\/urun\/yasam-yolculugunun-tam-ortasinda\/"},"modified":"2026-04-15T03:42:32","modified_gmt":"2026-04-15T00:42:32","slug":"yasam-yolculugunun-tam-ortasinda","status":"publish","type":"product","link":"https:\/\/roveyayinevi.com.tr\/index.php\/urun\/yasam-yolculugunun-tam-ortasinda\/","title":{"rendered":"Ya\u015fam Yolculu\u011funun Tam Ortas\u0131nda"},"content":{"rendered":"<p>Zaman h\u0131zla ge\u00e7ti\u2026 Peki, \u015fimdi ne yapmal\u0131? K\u0131rkl\u0131 ya da ellili ya\u015flara geldi\u011finizde, hayat\u0131n yar\u0131s\u0131nda birden kendinizle kar\u015f\u0131la\u015f\u0131rs\u0131n\u0131z\u2026ve \u015fa\u015f\u0131r\u0131rs\u0131n\u0131z. D\u0131\u015far\u0131dan her \u015fey akmaya devam eder: i\u015fler, ili\u015fkiler, sorumluluklar. Ama i\u00e7eride bir \u015fey yava\u015flar. Bir i\u00e7 ses sorar: &#8220;Ben buraya nas\u0131l geldim?&#8221; Bu kitap, o sesi duyanlara sesleniyor. Barbara Bleisch, sizi hi\u00e7bir \u015fey olmam\u0131\u015f gibi davranmaya zorlam\u0131yor, Simone de Beauvoir\u2019dan Dante\u2019ye, Kierkegaard\u2019dan Tolstoy\u2019a kadar pek \u00e7ok d\u00fc\u015f\u00fcn\u00fcr e\u015fli\u011finde kendinizi ke\u015ffetmeye, geride kalan y\u0131llara d\u00fcr\u00fcst\u00e7e bakmaya davet ediyor. Orta ya\u015f\u0131n bir bilgelik d\u00f6nemi, ya\u015fam\u0131 yeniden \u015fekillendirme imk\u00e2n\u0131 oldu\u011funu hat\u0131rlat\u0131yor. Pi\u015fmanl\u0131klar, ertelemeler, yol ayr\u0131mlar\u0131\u2026 Hepsi bu hik\u00e2yenin bir par\u00e7as\u0131. Ama ayn\u0131 zamanda yeni ihtimaller de var: Farkl\u0131 ya\u015fama bi\u00e7imleri, yeni ba\u011flar, daha sade sevin\u00e7ler, daha sahici kararlar. Belki ilk kez baz\u0131 sorular sormaya ba\u015fl\u0131yorsunuz ama kitapta haz\u0131r cevaplar yok. Kendi cevaplar\u0131n\u0131z\u0131 bulman\u0131z i\u00e7in size e\u015flik edecek bir yol haritas\u0131 var. Yaln\u0131z olmad\u0131\u011f\u0131n\u0131z\u0131 hissettirirken, ge\u00e7mi\u015fle bar\u0131\u015fman\u0131n, bug\u00fcn\u00fc anlaman\u0131n ve gelece\u011fe sa\u011flam ad\u0131mlarla y\u00fcr\u00fcyebilmenin yollar\u0131n\u0131 g\u00f6steriyor. Sizi ya\u015fam\u0131n ak\u0131\u015f\u0131 i\u00e7inde kendinize daha \u00e7ok yakla\u015ft\u0131rmay\u0131 ama\u00e7l\u0131yor. Bu kitap, ya\u015fam\u0131n tam ortas\u0131nda durup kendine bakan herkes i\u00e7in. \u00c7\u00fcnk\u00fc bazen sadece durdu\u011fumuzda ve bakt\u0131\u011f\u0131m\u0131zda fark ederiz: Ya\u015fam\u0131n ortas\u0131nda, biz var\u0131z.<\/p>\n","protected":false},"excerpt":{"rendered":"<p>Zaman h\u0131zla ge\u00e7ti\u2026 Peki, \u015fimdi ne yapmal\u0131? K\u0131rkl\u0131 ya da ellili ya\u015flara geldi\u011finizde, hayat\u0131n yar\u0131s\u0131nda birden kendinizle kar\u015f\u0131la\u015f\u0131rs\u0131n\u0131z\u2026ve \u015fa\u015f\u0131r\u0131rs\u0131n\u0131z. D\u0131\u015far\u0131dan her \u015fey akmaya devam eder: i\u015fler,<span class=\"excerpt-hellip\"> [\u2026]<\/span><\/p>\n","protected":false},"featured_media":0,"template":"","meta":{"_monsterinsights_skip_tracking":false,"_monsterinsights_sitenote_active":false,"_monsterinsights_sitenote_note":"","_monsterinsights_sitenote_category":0},"product_brand":[],"product_cat":[12364,12376],"product_tag":[],"class_list":{"0":"post-776008","1":"product","2":"type-product","3":"status-publish","5":"product_cat-genel-konular","6":"product_cat-kisisel-gelisim","7":"pa_cilt-ciltsiz","8":"pa_tur-kitap","9":"pa_yayinevi-kuraldisi-yayinevi","10":"pa_yazar-barbara-bleisch","12":"first","13":"instock","14":"sale","15":"shipping-taxable","16":"purchasable","17":"product-type-simple"},"_links":{"self":[{"href":"https:\/\/roveyayinevi.com.tr\/index.php\/wp-json\/wp\/v2\/product\/776008","targetHints":{"allow":["GET"]}}],"collection":[{"href":"https:\/\/roveyayinevi.com.tr\/index.php\/wp-json\/wp\/v2\/product"}],"about":[{"href":"https:\/\/roveyayinevi.com.tr\/index.php\/wp-json\/wp\/v2\/types\/product"}],"wp:attachment":[{"href":"https:\/\/roveyayinevi.com.tr\/index.php\/wp-json\/wp\/v2\/media?parent=776008"}],"wp:term":[{"taxonomy":"product_brand","embeddable":true,"href":"https:\/\/roveyayinevi.com.tr\/index.php\/wp-json\/wp\/v2\/product_brand?post=776008"},{"taxonomy":"product_cat","embeddable":true,"href":"https:\/\/roveyayinevi.com.tr\/index.php\/wp-json\/wp\/v2\/product_cat?post=776008"},{"taxonomy":"product_tag","embeddable":true,"href":"https:\/\/roveyayinevi.com.tr\/index.php\/wp-json\/wp\/v2\/product_tag?post=776008"}],"curies":[{"name":"wp","href":"https:\/\/api.w.org\/{rel}","templated":true}]}}