{"id":776000,"date":"2025-09-19T17:08:25","date_gmt":"2025-09-19T14:08:25","guid":{"rendered":"https:\/\/roveyayinevi.com.tr\/index.php\/urun\/dalgalardan-dongulere-krizlerin-anatomisi-abd-ve-turkiyeden-yasanmis-orneklerle\/"},"modified":"2026-04-15T03:42:32","modified_gmt":"2026-04-15T00:42:32","slug":"dalgalardan-dongulere-krizlerin-anatomisi-abd-ve-turkiyeden-yasanmis-orneklerle","status":"publish","type":"product","link":"https:\/\/roveyayinevi.com.tr\/index.php\/urun\/dalgalardan-dongulere-krizlerin-anatomisi-abd-ve-turkiyeden-yasanmis-orneklerle\/","title":{"rendered":"Dalgalardan D\u00f6ng\u00fclere Krizlerin Anatomisi ABD ve T\u00fcrkiye\u2019den Ya\u015fanm\u0131\u015f \u00d6rneklerle"},"content":{"rendered":"<p>Bir dahaki krize haz\u0131rl\u0131kl\u0131 olmak i\u00e7in! Bu kitap i\u00e7in \u00f6n okumadan se\u00e7meler: Yazarlar\u0131n, akademisyen kimliklerinin yan\u0131 s\u0131ra engin i\u015f deneyimleri ile zenginle\u015ftirerek haz\u0131rlad\u0131klar\u0131 Krizlerin Anatomisi hem k\u00fcresel krizlerin hem de \u00fclkemizde ya\u015fanan krizlerin kaynaklar\u0131na \u0131\u015f\u0131k tutuyor. &#8211; BURHAN KARA\u00c7AM Kriz an\u0131n\u0131n geli\u015fini erken sezenler ve benzer \u015fekilde krizden \u00e7\u0131k\u0131\u015f an\u0131n\u0131 erken te\u015fhis edenler ekonominin [ortalama] b\u00fcy\u00fcmesinden daha h\u0131zl\u0131 geli\u015fme g\u00f6sterebiliyorlar\u2026 Bu kitap, yak\u0131n zaman kriz tecr\u00fcbelerini anlat\u0131yor. &#8211; ERKUT Y\u00dcCAO\u011eLU Finans\u0131n ileriye d\u00f6n\u00fck geli\u015fimiyle ilgili ipu\u00e7lar\u0131 veren bu de\u011ferli \u00e7al\u0131\u015fma, ekonomistler, yat\u0131r\u0131mc\u0131lar, karar al\u0131c\u0131lar ve merakl\u0131 okuyucular i\u00e7in vazge\u00e7ilmez bir ba\u015fvuru kitab\u0131 niteli\u011finde. &#8211; \u00d6MER ARAS Kitab\u0131n en \u00e7ekici \u00f6zelli\u011fi \u00e7ok boyutlu olmas\u0131. &#8211; SEYFETT\u0130N G\u00dcRSEL Krizlerin Anatomisi, ekonomiye, finansa ve tarihe merakl\u0131 herkes taraf\u0131ndan kolayl\u0131kla okunabilecek de\u011ferli bir \u00e7al\u0131\u015fma. &#8211; \u015eEVKET PAMUK<\/p>\n","protected":false},"excerpt":{"rendered":"<p>Bir dahaki krize haz\u0131rl\u0131kl\u0131 olmak i\u00e7in! Bu kitap i\u00e7in \u00f6n okumadan se\u00e7meler: Yazarlar\u0131n, akademisyen kimliklerinin yan\u0131 s\u0131ra engin i\u015f deneyimleri ile zenginle\u015ftirerek haz\u0131rlad\u0131klar\u0131 Krizlerin Anatomisi hem<span class=\"excerpt-hellip\"> [\u2026]<\/span><\/p>\n","protected":false},"featured_media":0,"template":"","meta":{"_monsterinsights_skip_tracking":false,"_monsterinsights_sitenote_active":false,"_monsterinsights_sitenote_note":"","_monsterinsights_sitenote_category":0},"product_brand":[],"product_cat":[141304],"product_tag":[],"class_list":{"0":"post-776000","1":"product","2":"type-product","3":"status-publish","5":"product_cat-yeni-cikanlar","6":"pa_cilt-ciltsiz","7":"pa_tur-kitap","8":"pa_yayinevi-remzi-kitabevi","9":"pa_yazar-mahmut-karayel-reha-yolalan","11":"first","12":"instock","13":"sale","14":"shipping-taxable","15":"purchasable","16":"product-type-simple"},"_links":{"self":[{"href":"https:\/\/roveyayinevi.com.tr\/index.php\/wp-json\/wp\/v2\/product\/776000","targetHints":{"allow":["GET"]}}],"collection":[{"href":"https:\/\/roveyayinevi.com.tr\/index.php\/wp-json\/wp\/v2\/product"}],"about":[{"href":"https:\/\/roveyayinevi.com.tr\/index.php\/wp-json\/wp\/v2\/types\/product"}],"wp:attachment":[{"href":"https:\/\/roveyayinevi.com.tr\/index.php\/wp-json\/wp\/v2\/media?parent=776000"}],"wp:term":[{"taxonomy":"product_brand","embeddable":true,"href":"https:\/\/roveyayinevi.com.tr\/index.php\/wp-json\/wp\/v2\/product_brand?post=776000"},{"taxonomy":"product_cat","embeddable":true,"href":"https:\/\/roveyayinevi.com.tr\/index.php\/wp-json\/wp\/v2\/product_cat?post=776000"},{"taxonomy":"product_tag","embeddable":true,"href":"https:\/\/roveyayinevi.com.tr\/index.php\/wp-json\/wp\/v2\/product_tag?post=776000"}],"curies":[{"name":"wp","href":"https:\/\/api.w.org\/{rel}","templated":true}]}}