{"id":775999,"date":"2025-09-19T17:08:20","date_gmt":"2025-09-19T14:08:20","guid":{"rendered":"https:\/\/roveyayinevi.com.tr\/index.php\/urun\/egitim-kulesinin-usta-oyuncusu-4\/"},"modified":"2025-09-19T17:08:20","modified_gmt":"2025-09-19T14:08:20","slug":"egitim-kulesinin-usta-oyuncusu-4","status":"publish","type":"product","link":"https:\/\/roveyayinevi.com.tr\/index.php\/urun\/egitim-kulesinin-usta-oyuncusu-4\/","title":{"rendered":"E\u011fitim Kulesinin Usta Oyuncusu 4"},"content":{"rendered":"<p>12 YILIN ARDINDAN KULEDEN KURTULAN HYEON-WOO, BU SEFER GER\u00c7EK D\u00dcNYADAK\u0130 SINAVLA KAR\u015eI KAR\u015eIYA!   ESK\u0130 \u00d6\u011eRENC\u0130LER\u0130 B\u0130RER EFSANEYE D\u00d6N\u00dc\u015e\u00dcRKEN ESAS D\u00dc\u015eMANIN G\u00d6LGELER\u0130 ORTAYA \u00c7IKMAYA BA\u015eLADI B\u0130LE.   B\u0130R SONRAK\u0130 M\u00dcCADELE HIZLA YAKLA\u015eIYOR, BU SEFER AMA\u00c7   SADECE HAYATTA KALMAK DE\u011e\u0130L AYNI ZAMANDA GER\u00c7EKLER\u0130 ORTAYA \u00c7IKARMAK. \u00d6TE YANDAN UZUN ZAMANDIR BEKLENEN KAR\u015eILA\u015eMA N\u0130HAYET GER\u00c7EKLE\u015e\u0130YOR: HEYON-WOO, ESK\u0130 \u00d6\u011eRENC\u0130S\u0130 M\u0130-RYEONG   \u0130LE BULU\u015eUYOR! ACABA BU \u0130K\u0130L\u0130 G\u00dc\u00c7LER\u0130N\u0130 B\u0130RLE\u015eT\u0130REB\u0130LECEK M\u0130?   HYEON-WOO, B\u0130R TARAFTAN KEND\u0130S\u0130N\u0130 TUZA\u011eA D\u00dc\u015e\u00dcREN   KARANLIK G\u00dcC\u00dcN \u0130Z\u0130N\u0130 S\u00dcRERKEN B\u0130R TARAFTAN ESK\u0130 HAYATIYLA Y\u00dcZLE\u015eECEK.  OYUNUN KURALLARI YEN\u0130DEN YAZILIYOR! <\/p>\n","protected":false},"excerpt":{"rendered":"<p>12 YILIN ARDINDAN KULEDEN KURTULAN HYEON-WOO, BU SEFER GER\u00c7EK D\u00dcNYADAK\u0130 SINAVLA KAR\u015eI KAR\u015eIYA! ESK\u0130 \u00d6\u011eRENC\u0130LER\u0130 B\u0130RER EFSANEYE D\u00d6N\u00dc\u015e\u00dcRKEN ESAS D\u00dc\u015eMANIN G\u00d6LGELER\u0130 ORTAYA \u00c7IKMAYA BA\u015eLADI B\u0130LE. B\u0130R<span class=\"excerpt-hellip\"> [\u2026]<\/span><\/p>\n","protected":false},"featured_media":0,"template":"","meta":{"_monsterinsights_skip_tracking":false,"_monsterinsights_sitenote_active":false,"_monsterinsights_sitenote_note":"","_monsterinsights_sitenote_category":0},"product_brand":[],"product_cat":[12416,12291],"product_tag":[],"class_list":{"0":"post-775999","1":"product","2":"type-product","3":"status-publish","5":"product_cat-cizgi-roman","6":"product_cat-edebiyat","7":"pa_cilt-ciltsiz","8":"pa_tur-kitap","9":"pa_yayinevi-athica-yayinlari","10":"pa_yazar-indoor-kim","12":"first","13":"instock","14":"sale","15":"shipping-taxable","16":"purchasable","17":"product-type-simple"},"_links":{"self":[{"href":"https:\/\/roveyayinevi.com.tr\/index.php\/wp-json\/wp\/v2\/product\/775999","targetHints":{"allow":["GET"]}}],"collection":[{"href":"https:\/\/roveyayinevi.com.tr\/index.php\/wp-json\/wp\/v2\/product"}],"about":[{"href":"https:\/\/roveyayinevi.com.tr\/index.php\/wp-json\/wp\/v2\/types\/product"}],"wp:attachment":[{"href":"https:\/\/roveyayinevi.com.tr\/index.php\/wp-json\/wp\/v2\/media?parent=775999"}],"wp:term":[{"taxonomy":"product_brand","embeddable":true,"href":"https:\/\/roveyayinevi.com.tr\/index.php\/wp-json\/wp\/v2\/product_brand?post=775999"},{"taxonomy":"product_cat","embeddable":true,"href":"https:\/\/roveyayinevi.com.tr\/index.php\/wp-json\/wp\/v2\/product_cat?post=775999"},{"taxonomy":"product_tag","embeddable":true,"href":"https:\/\/roveyayinevi.com.tr\/index.php\/wp-json\/wp\/v2\/product_tag?post=775999"}],"curies":[{"name":"wp","href":"https:\/\/api.w.org\/{rel}","templated":true}]}}