{"id":775991,"date":"2025-09-19T17:08:04","date_gmt":"2025-09-19T14:08:04","guid":{"rendered":"https:\/\/roveyayinevi.com.tr\/index.php\/urun\/dedem-ve-onun-sadik-dostu-cesur\/"},"modified":"2026-04-15T03:42:30","modified_gmt":"2026-04-15T00:42:30","slug":"dedem-ve-onun-sadik-dostu-cesur","status":"publish","type":"product","link":"https:\/\/roveyayinevi.com.tr\/index.php\/urun\/dedem-ve-onun-sadik-dostu-cesur\/","title":{"rendered":"Dedem ve Onun Sad\u0131k Dostu Cesur"},"content":{"rendered":"<p>Sen de kitaplar\u0131 ve hayvanlar\u0131 seviyor musun? O zaman elinde tuttu\u011fun hikaye tam da sana g\u00f6re! Bu kitap, \u00e7ocuklar\u0131n hem hayal g\u00fcc\u00fcn\u00fc besleyecek hem de do\u011fa ve hayvan sevgisini peki\u015ftirecek bir yolculuk sunuyor. Dostluk, aile sevgisi ve sorumluluk gibi de\u011ferleri s\u0131cak bir dille i\u015fleniyor. Yazar\u0131m\u0131z\u0131n s\u00fcr\u00fckleyici anlat\u0131m\u0131 sayesinde okuyucular\u0131m\u0131z kitab\u0131n nas\u0131l da bir \u00e7\u0131rp\u0131da bitti\u011fine inanamayacak. Bir solukta okunmas\u0131n\u0131n \u00f6tesinde uzun uzun da d\u00fc\u015f\u00fcnd\u00fcrecek maceralar\u0131 var. Haydi sen de bu rengarenk d\u00fcnyaya kat\u0131l! Sayfalar\u0131 \u00e7evirdik\u00e7e sevginin ve ke\u015ffetmenin ne kadar de\u011ferli oldu\u011funu hisset.                                Psikolog  Eylem Y\u0131lmazel Ko\u00e7yi\u011fit <\/p>\n","protected":false},"excerpt":{"rendered":"<p>Sen de kitaplar\u0131 ve hayvanlar\u0131 seviyor musun? O zaman elinde tuttu\u011fun hikaye tam da sana g\u00f6re! Bu kitap, \u00e7ocuklar\u0131n hem hayal g\u00fcc\u00fcn\u00fc besleyecek hem de do\u011fa<span class=\"excerpt-hellip\"> [\u2026]<\/span><\/p>\n","protected":false},"featured_media":0,"template":"","meta":{"_monsterinsights_skip_tracking":false,"_monsterinsights_sitenote_active":false,"_monsterinsights_sitenote_note":"","_monsterinsights_sitenote_category":0},"product_brand":[],"product_cat":[12274,12284],"product_tag":[],"class_list":{"0":"post-775991","1":"product","2":"type-product","3":"status-publish","5":"product_cat-cocuk-ve-genclik-kitaplari","6":"product_cat-hikayeler","7":"pa_cilt-ciltsiz","8":"pa_tur-kitap","9":"pa_yayinevi-gulnar-yayinlari","10":"pa_yazar-ibrahim-koser","12":"first","13":"instock","14":"sale","15":"shipping-taxable","16":"purchasable","17":"product-type-simple"},"_links":{"self":[{"href":"https:\/\/roveyayinevi.com.tr\/index.php\/wp-json\/wp\/v2\/product\/775991","targetHints":{"allow":["GET"]}}],"collection":[{"href":"https:\/\/roveyayinevi.com.tr\/index.php\/wp-json\/wp\/v2\/product"}],"about":[{"href":"https:\/\/roveyayinevi.com.tr\/index.php\/wp-json\/wp\/v2\/types\/product"}],"wp:attachment":[{"href":"https:\/\/roveyayinevi.com.tr\/index.php\/wp-json\/wp\/v2\/media?parent=775991"}],"wp:term":[{"taxonomy":"product_brand","embeddable":true,"href":"https:\/\/roveyayinevi.com.tr\/index.php\/wp-json\/wp\/v2\/product_brand?post=775991"},{"taxonomy":"product_cat","embeddable":true,"href":"https:\/\/roveyayinevi.com.tr\/index.php\/wp-json\/wp\/v2\/product_cat?post=775991"},{"taxonomy":"product_tag","embeddable":true,"href":"https:\/\/roveyayinevi.com.tr\/index.php\/wp-json\/wp\/v2\/product_tag?post=775991"}],"curies":[{"name":"wp","href":"https:\/\/api.w.org\/{rel}","templated":true}]}}