{"id":775990,"date":"2025-09-19T17:08:02","date_gmt":"2025-09-19T14:08:02","guid":{"rendered":"https:\/\/roveyayinevi.com.tr\/index.php\/urun\/emma-okula-gidiyor\/"},"modified":"2026-04-15T03:42:30","modified_gmt":"2026-04-15T00:42:30","slug":"emma-okula-gidiyor","status":"publish","type":"product","link":"https:\/\/roveyayinevi.com.tr\/index.php\/urun\/emma-okula-gidiyor\/","title":{"rendered":"Emma Okula Gidiyor"},"content":{"rendered":"<p>Bugu\u0308n \u00e7ok heyecanl\u0131 bir gu\u0308n. Emma bugu\u0308n okula ba\u015fl\u0131yor. Kendini tamamen haz\u0131r hissediyor. \u00c7u\u0308nku\u0308 onun gu\u0308\u00e7lu\u0308 kanatlar\u0131 var. Emma\u2019n\u0131n nas\u0131l u\u00e7tu\u011funu g\u00f6rmek ister misiniz?   Her zaman her yerde kendin olabilmek hakk\u0131nda ne\u015feli bir kitap. Elbette okulun ilk gu\u0308nu\u0308nde de! Ku\u0308\u00e7u\u0308k afacanlar ve 3 ya\u015f u\u0308zeri \u00e7ocuklar i\u00e7in uygundur. <\/p>\n","protected":false},"excerpt":{"rendered":"<p>Bugu\u0308n \u00e7ok heyecanl\u0131 bir gu\u0308n. Emma bugu\u0308n okula ba\u015fl\u0131yor. Kendini tamamen haz\u0131r hissediyor. \u00c7u\u0308nku\u0308 onun gu\u0308\u00e7lu\u0308 kanatlar\u0131 var. Emma\u2019n\u0131n nas\u0131l u\u00e7tu\u011funu g\u00f6rmek ister misiniz? Her zaman<span class=\"excerpt-hellip\"> [\u2026]<\/span><\/p>\n","protected":false},"featured_media":0,"template":"","meta":{"_monsterinsights_skip_tracking":false,"_monsterinsights_sitenote_active":false,"_monsterinsights_sitenote_note":"","_monsterinsights_sitenote_category":0},"product_brand":[],"product_cat":[12274,12284],"product_tag":[],"class_list":{"0":"post-775990","1":"product","2":"type-product","3":"status-publish","5":"product_cat-cocuk-ve-genclik-kitaplari","6":"product_cat-hikayeler","7":"pa_cilt-ciltsiz","8":"pa_tur-kitap","9":"pa_yayinevi-eksik-parca-yayinlari","10":"pa_yazar-federico-van-lunter","12":"first","13":"instock","14":"sale","15":"shipping-taxable","16":"purchasable","17":"product-type-simple"},"_links":{"self":[{"href":"https:\/\/roveyayinevi.com.tr\/index.php\/wp-json\/wp\/v2\/product\/775990","targetHints":{"allow":["GET"]}}],"collection":[{"href":"https:\/\/roveyayinevi.com.tr\/index.php\/wp-json\/wp\/v2\/product"}],"about":[{"href":"https:\/\/roveyayinevi.com.tr\/index.php\/wp-json\/wp\/v2\/types\/product"}],"wp:attachment":[{"href":"https:\/\/roveyayinevi.com.tr\/index.php\/wp-json\/wp\/v2\/media?parent=775990"}],"wp:term":[{"taxonomy":"product_brand","embeddable":true,"href":"https:\/\/roveyayinevi.com.tr\/index.php\/wp-json\/wp\/v2\/product_brand?post=775990"},{"taxonomy":"product_cat","embeddable":true,"href":"https:\/\/roveyayinevi.com.tr\/index.php\/wp-json\/wp\/v2\/product_cat?post=775990"},{"taxonomy":"product_tag","embeddable":true,"href":"https:\/\/roveyayinevi.com.tr\/index.php\/wp-json\/wp\/v2\/product_tag?post=775990"}],"curies":[{"name":"wp","href":"https:\/\/api.w.org\/{rel}","templated":true}]}}