{"id":775983,"date":"2025-09-19T17:07:40","date_gmt":"2025-09-19T14:07:40","guid":{"rendered":"https:\/\/roveyayinevi.com.tr\/index.php\/urun\/ben-buyurken-50-adet-sohbet-karti\/"},"modified":"2026-04-15T03:42:29","modified_gmt":"2026-04-15T00:42:29","slug":"ben-buyurken-50-adet-sohbet-karti","status":"publish","type":"product","link":"https:\/\/roveyayinevi.com.tr\/index.php\/urun\/ben-buyurken-50-adet-sohbet-karti\/","title":{"rendered":"Ben B\u00fcy\u00fcrken &#8211; 50 Adet Sohbet Kart\u0131"},"content":{"rendered":"<p>Ben B\u00fcy\u00fcrken Soru Kartlar\u0131 ile 5+ ya\u015f \u00e7ocuklar\u0131n; \u2022 Kendilerini ve duygular\u0131n\u0131 ifade etme bi\u00e7imleri ve ileti\u015fimleri g\u00fc\u00e7lenir. \u2022 Farkl\u0131 sorular kar\u015f\u0131s\u0131nda merak duygular\u0131 tetiklenir. \u2022 Farkl\u0131 a\u00e7\u0131dan bakabilmeyi ve d\u00fc\u015f\u00fcnebilmeyi deneyimlerler. \u2022 Hayal edebilme yetkinlikleri geli\u015fir. \u2022 Bilmediklerini sormalar\u0131, ara\u015ft\u0131rmalar\u0131 ve \u00f6\u011frenmeleri sa\u011flan\u0131r. \u2022 \u00d6\u011frenirken e\u011flenceli zaman ge\u00e7irirler. Ben B\u00fcy\u00fcrken Kartlar\u0131 Nas\u0131l Kullan\u0131l\u0131r? Okul \u00f6ncesi kre\u015f, ana s\u0131n\u0131f\u0131, haz\u0131rl\u0131k s\u0131n\u0131f\u0131 ve\/veya ilkokul d\u00f6neminde; \u2022 Okuma yazma bilmeyen \u00e7ocuklar\u0131n aileleri, b\u00fcy\u00fckleri ya da s\u0131n\u0131f \u00f6\u011fretmenleri taraf\u0131ndan her \u00e7ocu\u011fa farkl\u0131 kart \u00e7ektirerek sorular sorulup cevaplar al\u0131n\u0131r. \u2022 Okuma yazma bilen \u00e7ocuklar ise kart \u00e7ekerek ve cevaplayarak kendi kendilerine sohbet edebilirler.<\/p>\n","protected":false},"excerpt":{"rendered":"<p>Ben B\u00fcy\u00fcrken Soru Kartlar\u0131 ile 5+ ya\u015f \u00e7ocuklar\u0131n; \u2022 Kendilerini ve duygular\u0131n\u0131 ifade etme bi\u00e7imleri ve ileti\u015fimleri g\u00fc\u00e7lenir. \u2022 Farkl\u0131 sorular kar\u015f\u0131s\u0131nda merak duygular\u0131 tetiklenir. \u2022<span class=\"excerpt-hellip\"> [\u2026]<\/span><\/p>\n","protected":false},"featured_media":0,"template":"","meta":{"_monsterinsights_skip_tracking":false,"_monsterinsights_sitenote_active":false,"_monsterinsights_sitenote_note":"","_monsterinsights_sitenote_category":0},"product_brand":[],"product_cat":[12274,17859],"product_tag":[],"class_list":{"0":"post-775983","1":"product","2":"type-product","3":"status-publish","5":"product_cat-cocuk-ve-genclik-kitaplari","6":"product_cat-oyun-kitaplari","7":"pa_cilt-takim","8":"pa_tur-kitap10","9":"pa_yayinevi-remzi-kitabevi","10":"pa_yazar-kolektif","12":"first","13":"instock","14":"sale","15":"shipping-taxable","16":"purchasable","17":"product-type-simple"},"_links":{"self":[{"href":"https:\/\/roveyayinevi.com.tr\/index.php\/wp-json\/wp\/v2\/product\/775983","targetHints":{"allow":["GET"]}}],"collection":[{"href":"https:\/\/roveyayinevi.com.tr\/index.php\/wp-json\/wp\/v2\/product"}],"about":[{"href":"https:\/\/roveyayinevi.com.tr\/index.php\/wp-json\/wp\/v2\/types\/product"}],"wp:attachment":[{"href":"https:\/\/roveyayinevi.com.tr\/index.php\/wp-json\/wp\/v2\/media?parent=775983"}],"wp:term":[{"taxonomy":"product_brand","embeddable":true,"href":"https:\/\/roveyayinevi.com.tr\/index.php\/wp-json\/wp\/v2\/product_brand?post=775983"},{"taxonomy":"product_cat","embeddable":true,"href":"https:\/\/roveyayinevi.com.tr\/index.php\/wp-json\/wp\/v2\/product_cat?post=775983"},{"taxonomy":"product_tag","embeddable":true,"href":"https:\/\/roveyayinevi.com.tr\/index.php\/wp-json\/wp\/v2\/product_tag?post=775983"}],"curies":[{"name":"wp","href":"https:\/\/api.w.org\/{rel}","templated":true}]}}