{"id":775980,"date":"2025-09-19T17:07:01","date_gmt":"2025-09-19T14:07:01","guid":{"rendered":"https:\/\/roveyayinevi.com.tr\/index.php\/urun\/nefs-i-emmare\/"},"modified":"2026-04-15T03:41:46","modified_gmt":"2026-04-15T00:41:46","slug":"nefs-i-emmare","status":"publish","type":"product","link":"https:\/\/roveyayinevi.com.tr\/index.php\/urun\/nefs-i-emmare\/","title":{"rendered":"Nefs-i Emmare"},"content":{"rendered":"<p>\u0130nsan, s\u0131rad\u0131\u015f\u0131 bir varl\u0131k. En b\u00fcy\u00fck d\u00fc\u015fman\u0131n\u0131 kendi i\u00e7inde ta\u015f\u0131yor. Kendisi kendisinin zindan\u0131&#8230; E\u011fer i\u00e7indeki bu d\u00fc\u015fman\u0131n\u0131 fark edemezse bir \u00f6m\u00fcr onun g\u00fcd\u00fcm\u00fc alt\u0131nda ya\u015fay\u0131p d\u00fcnyadan g\u00f6\u00e7\u00fcyor. &#8220;\u0130nsanlar uykudad\u0131rlar, \u00f6l\u00fcnce uyan\u0131rlar&#8221; hadis-i \u015ferifi bu gafletten uyanman\u0131n en ac\u0131 halini bildirir. \u201c\u0130nsanl\u0131\u011f\u0131n \u00e7o\u011funlu\u011fu gaflet \u00fczere ya\u015fay\u0131p d\u00fcnyadan g\u00f6\u00e7ecekler\u201d diye bildiriyor Allah&#8217;\u0131n El\u00e7isi (SAV). Nefsini tan\u0131yan, onun tehlikesinin b\u00fcy\u00fckl\u00fc\u011f\u00fcn\u00fc de fark eder. O zaman i\u00e7 d\u00fcnyas\u0131nda b\u00fcy\u00fck bir sava\u015f ba\u015flar. Bu kitap size bu sava\u015f\u0131n\u0131zda yard\u0131mc\u0131 olacak \u015fifreler ve s\u0131rlar sunuyor.<\/p>\n","protected":false},"excerpt":{"rendered":"<p>\u0130nsan, s\u0131rad\u0131\u015f\u0131 bir varl\u0131k. En b\u00fcy\u00fck d\u00fc\u015fman\u0131n\u0131 kendi i\u00e7inde ta\u015f\u0131yor. Kendisi kendisinin zindan\u0131&#8230; E\u011fer i\u00e7indeki bu d\u00fc\u015fman\u0131n\u0131 fark edemezse bir \u00f6m\u00fcr onun g\u00fcd\u00fcm\u00fc alt\u0131nda ya\u015fay\u0131p d\u00fcnyadan<span class=\"excerpt-hellip\"> [\u2026]<\/span><\/p>\n","protected":false},"featured_media":0,"template":"","meta":{"_monsterinsights_skip_tracking":false,"_monsterinsights_sitenote_active":false,"_monsterinsights_sitenote_note":"","_monsterinsights_sitenote_category":0},"product_brand":[],"product_cat":[12718,12719],"product_tag":[],"class_list":{"0":"post-775980","1":"product","2":"type-product","3":"status-publish","5":"product_cat-din","6":"product_cat-islam","7":"pa_cilt-ciltsiz","8":"pa_tur-kitap","9":"pa_yayinevi-foliant-yayinlari","10":"pa_yazar-erdem-akca","12":"first","13":"instock","14":"sale","15":"shipping-taxable","16":"purchasable","17":"product-type-simple"},"_links":{"self":[{"href":"https:\/\/roveyayinevi.com.tr\/index.php\/wp-json\/wp\/v2\/product\/775980","targetHints":{"allow":["GET"]}}],"collection":[{"href":"https:\/\/roveyayinevi.com.tr\/index.php\/wp-json\/wp\/v2\/product"}],"about":[{"href":"https:\/\/roveyayinevi.com.tr\/index.php\/wp-json\/wp\/v2\/types\/product"}],"wp:attachment":[{"href":"https:\/\/roveyayinevi.com.tr\/index.php\/wp-json\/wp\/v2\/media?parent=775980"}],"wp:term":[{"taxonomy":"product_brand","embeddable":true,"href":"https:\/\/roveyayinevi.com.tr\/index.php\/wp-json\/wp\/v2\/product_brand?post=775980"},{"taxonomy":"product_cat","embeddable":true,"href":"https:\/\/roveyayinevi.com.tr\/index.php\/wp-json\/wp\/v2\/product_cat?post=775980"},{"taxonomy":"product_tag","embeddable":true,"href":"https:\/\/roveyayinevi.com.tr\/index.php\/wp-json\/wp\/v2\/product_tag?post=775980"}],"curies":[{"name":"wp","href":"https:\/\/api.w.org\/{rel}","templated":true}]}}