{"id":775969,"date":"2025-09-19T17:06:34","date_gmt":"2025-09-19T14:06:34","guid":{"rendered":"https:\/\/roveyayinevi.com.tr\/index.php\/urun\/anadolunun-kultur-muhafizlari-5-ayasofya\/"},"modified":"2026-04-15T03:41:46","modified_gmt":"2026-04-15T00:41:46","slug":"anadolunun-kultur-muhafizlari-5-ayasofya","status":"publish","type":"product","link":"https:\/\/roveyayinevi.com.tr\/index.php\/urun\/anadolunun-kultur-muhafizlari-5-ayasofya\/","title":{"rendered":"Anadolu\u2019nun K\u00fclt\u00fcr Muhaf\u0131zlar\u0131 &#8211; 5 Ayasofya"},"content":{"rendered":"<p>D\u00fcnyan\u0131n y\u00fczy\u0131llard\u0131r arad\u0131\u011f\u0131 Kutsal Ahit Sand\u0131\u011f\u0131 ger\u00e7ekten de Ayasofya\u2019n\u0131n alt\u0131nda m\u0131 sakl\u0131?Karanl\u0131k g\u00fc\u00e7lere hizmet eden insanlar gizli ge\u00e7itlerin alt\u0131ndan ilerleyerek neden onu aramaya \u00e7al\u0131\u015f\u0131yorlar?K\u00fclt\u00fcr Muhaf\u0131zlar\u0131, k\u00fclt\u00fcrel varl\u0131klar\u0131m\u0131z\u0131 koruduklar\u0131 gibi Ayasofya\u2019y\u0131 da koruyabilecekler mi?Bu sorular\u0131n yan\u0131t\u0131n\u0131 merak ediyorsan\u0131z bu kitab\u0131 mutlaka okuyun.<\/p>\n","protected":false},"excerpt":{"rendered":"<p>D\u00fcnyan\u0131n y\u00fczy\u0131llard\u0131r arad\u0131\u011f\u0131 Kutsal Ahit Sand\u0131\u011f\u0131 ger\u00e7ekten de Ayasofya\u2019n\u0131n alt\u0131nda m\u0131 sakl\u0131?Karanl\u0131k g\u00fc\u00e7lere hizmet eden insanlar gizli ge\u00e7itlerin alt\u0131ndan ilerleyerek neden onu aramaya \u00e7al\u0131\u015f\u0131yorlar?K\u00fclt\u00fcr Muhaf\u0131zlar\u0131, k\u00fclt\u00fcrel<span class=\"excerpt-hellip\"> [\u2026]<\/span><\/p>\n","protected":false},"featured_media":0,"template":"","meta":{"_monsterinsights_skip_tracking":false,"_monsterinsights_sitenote_active":false,"_monsterinsights_sitenote_note":"","_monsterinsights_sitenote_category":0},"product_brand":[],"product_cat":[12291,15117],"product_tag":[],"class_list":{"0":"post-775969","1":"product","2":"type-product","3":"status-publish","5":"product_cat-edebiyat","6":"product_cat-genclik-edebiyati","7":"pa_cilt-ciltsiz","8":"pa_tur-kitap","9":"pa_yayinevi-genc-hayat","10":"pa_yazar-yucel-kaya","12":"first","13":"instock","14":"sale","15":"shipping-taxable","16":"purchasable","17":"product-type-simple"},"_links":{"self":[{"href":"https:\/\/roveyayinevi.com.tr\/index.php\/wp-json\/wp\/v2\/product\/775969","targetHints":{"allow":["GET"]}}],"collection":[{"href":"https:\/\/roveyayinevi.com.tr\/index.php\/wp-json\/wp\/v2\/product"}],"about":[{"href":"https:\/\/roveyayinevi.com.tr\/index.php\/wp-json\/wp\/v2\/types\/product"}],"wp:attachment":[{"href":"https:\/\/roveyayinevi.com.tr\/index.php\/wp-json\/wp\/v2\/media?parent=775969"}],"wp:term":[{"taxonomy":"product_brand","embeddable":true,"href":"https:\/\/roveyayinevi.com.tr\/index.php\/wp-json\/wp\/v2\/product_brand?post=775969"},{"taxonomy":"product_cat","embeddable":true,"href":"https:\/\/roveyayinevi.com.tr\/index.php\/wp-json\/wp\/v2\/product_cat?post=775969"},{"taxonomy":"product_tag","embeddable":true,"href":"https:\/\/roveyayinevi.com.tr\/index.php\/wp-json\/wp\/v2\/product_tag?post=775969"}],"curies":[{"name":"wp","href":"https:\/\/api.w.org\/{rel}","templated":true}]}}