{"id":775968,"date":"2025-09-19T17:06:32","date_gmt":"2025-09-19T14:06:32","guid":{"rendered":"https:\/\/roveyayinevi.com.tr\/index.php\/urun\/anadolunun-kultur-muhafizlari-6-efes-antik-kenti\/"},"modified":"2026-04-15T03:41:46","modified_gmt":"2026-04-15T00:41:46","slug":"anadolunun-kultur-muhafizlari-6-efes-antik-kenti","status":"publish","type":"product","link":"https:\/\/roveyayinevi.com.tr\/index.php\/urun\/anadolunun-kultur-muhafizlari-6-efes-antik-kenti\/","title":{"rendered":"Anadolu\u2019nun K\u00fclt\u00fcr Muhaf\u0131zlar\u0131 \u2013 6 Efes Antik Kenti"},"content":{"rendered":"<p>D\u00fcnyan\u0131n yedi harikas\u0131ndan birinin Efes Antik Kenti\u2019nde oldu\u011funu biliyor musunuz?B\u00f6ylesine \u00f6nemli bir k\u00fclt\u00fcrel varl\u0131k elbette ki hazine avc\u0131lar\u0131n\u0131n u\u011frak yeri olacakt\u0131r.Bu kitapta, Meryem Ana heykelinin ba\u015f\u0131ndaki alt\u0131n tac\u0131n nas\u0131l \u00e7al\u0131nmak istendi\u011fini ve K\u00fclt\u00fcr Muhaf\u0131zlar\u0131\u2019n\u0131n onu korumak i\u00e7in nas\u0131l \u00e7aba sarf etti\u011fini okuyacak ve bu macera dolu ser\u00fcveni onlarla birlikte ya\u015fayacaks\u0131n\u0131z.<\/p>\n","protected":false},"excerpt":{"rendered":"<p>D\u00fcnyan\u0131n yedi harikas\u0131ndan birinin Efes Antik Kenti\u2019nde oldu\u011funu biliyor musunuz?B\u00f6ylesine \u00f6nemli bir k\u00fclt\u00fcrel varl\u0131k elbette ki hazine avc\u0131lar\u0131n\u0131n u\u011frak yeri olacakt\u0131r.Bu kitapta, Meryem Ana heykelinin ba\u015f\u0131ndaki<span class=\"excerpt-hellip\"> [\u2026]<\/span><\/p>\n","protected":false},"featured_media":0,"template":"","meta":{"_monsterinsights_skip_tracking":false,"_monsterinsights_sitenote_active":false,"_monsterinsights_sitenote_note":"","_monsterinsights_sitenote_category":0},"product_brand":[],"product_cat":[12291,15117],"product_tag":[],"class_list":{"0":"post-775968","1":"product","2":"type-product","3":"status-publish","5":"product_cat-edebiyat","6":"product_cat-genclik-edebiyati","7":"pa_cilt-ciltsiz","8":"pa_tur-kitap","9":"pa_yayinevi-genc-hayat","10":"pa_yazar-yucel-kaya","12":"first","13":"instock","14":"sale","15":"shipping-taxable","16":"purchasable","17":"product-type-simple"},"_links":{"self":[{"href":"https:\/\/roveyayinevi.com.tr\/index.php\/wp-json\/wp\/v2\/product\/775968","targetHints":{"allow":["GET"]}}],"collection":[{"href":"https:\/\/roveyayinevi.com.tr\/index.php\/wp-json\/wp\/v2\/product"}],"about":[{"href":"https:\/\/roveyayinevi.com.tr\/index.php\/wp-json\/wp\/v2\/types\/product"}],"wp:attachment":[{"href":"https:\/\/roveyayinevi.com.tr\/index.php\/wp-json\/wp\/v2\/media?parent=775968"}],"wp:term":[{"taxonomy":"product_brand","embeddable":true,"href":"https:\/\/roveyayinevi.com.tr\/index.php\/wp-json\/wp\/v2\/product_brand?post=775968"},{"taxonomy":"product_cat","embeddable":true,"href":"https:\/\/roveyayinevi.com.tr\/index.php\/wp-json\/wp\/v2\/product_cat?post=775968"},{"taxonomy":"product_tag","embeddable":true,"href":"https:\/\/roveyayinevi.com.tr\/index.php\/wp-json\/wp\/v2\/product_tag?post=775968"}],"curies":[{"name":"wp","href":"https:\/\/api.w.org\/{rel}","templated":true}]}}