{"id":775966,"date":"2025-09-19T17:06:26","date_gmt":"2025-09-19T14:06:26","guid":{"rendered":"https:\/\/roveyayinevi.com.tr\/index.php\/urun\/anadolunun-kultur-muhafizlari-8-ani-harabeleri\/"},"modified":"2026-04-15T03:41:45","modified_gmt":"2026-04-15T00:41:45","slug":"anadolunun-kultur-muhafizlari-8-ani-harabeleri","status":"publish","type":"product","link":"https:\/\/roveyayinevi.com.tr\/index.php\/urun\/anadolunun-kultur-muhafizlari-8-ani-harabeleri\/","title":{"rendered":"Anadolu\u2019nun K\u00fclt\u00fcr Muhaf\u0131zlar\u0131 &#8211; 8 Ani Harabeleri"},"content":{"rendered":"<p>Hazine avc\u0131lar\u0131 bu kez Ani Harabeleri\u2019ndeki manast\u0131rda \u00e7ok gizli bir \u015fifrenin pe\u015findeler. K\u00fclt\u00fcr Muhaf\u0131zlar\u0131 ise ad\u0131m ad\u0131m onlar\u0131 takip ediyor. Yurt d\u0131\u015f\u0131na ka\u00e7\u0131r\u0131lmak istenen hazine odalara s\u0131\u011fmayacak kadar b\u00fcy\u00fck.K\u00fclt\u00fcr Muhaf\u0131zlar\u0131, Sivri Burun ve arkada\u015flar\u0131n\u0131 bu kez ele ge\u00e7iremiyorlar.Peki neler oluyor?Heyecan dolu bu ser\u00fcveni bir solukta okuyacaks\u0131n\u0131z.<\/p>\n","protected":false},"excerpt":{"rendered":"<p>Hazine avc\u0131lar\u0131 bu kez Ani Harabeleri\u2019ndeki manast\u0131rda \u00e7ok gizli bir \u015fifrenin pe\u015findeler. K\u00fclt\u00fcr Muhaf\u0131zlar\u0131 ise ad\u0131m ad\u0131m onlar\u0131 takip ediyor. Yurt d\u0131\u015f\u0131na ka\u00e7\u0131r\u0131lmak istenen hazine odalara<span class=\"excerpt-hellip\"> [\u2026]<\/span><\/p>\n","protected":false},"featured_media":0,"template":"","meta":{"_monsterinsights_skip_tracking":false,"_monsterinsights_sitenote_active":false,"_monsterinsights_sitenote_note":"","_monsterinsights_sitenote_category":0},"product_brand":[],"product_cat":[12291,15117],"product_tag":[],"class_list":{"0":"post-775966","1":"product","2":"type-product","3":"status-publish","5":"product_cat-edebiyat","6":"product_cat-genclik-edebiyati","7":"pa_cilt-ciltsiz","8":"pa_tur-kitap","9":"pa_yayinevi-genc-hayat","10":"pa_yazar-yucel-kaya","12":"first","13":"instock","14":"sale","15":"shipping-taxable","16":"purchasable","17":"product-type-simple"},"_links":{"self":[{"href":"https:\/\/roveyayinevi.com.tr\/index.php\/wp-json\/wp\/v2\/product\/775966","targetHints":{"allow":["GET"]}}],"collection":[{"href":"https:\/\/roveyayinevi.com.tr\/index.php\/wp-json\/wp\/v2\/product"}],"about":[{"href":"https:\/\/roveyayinevi.com.tr\/index.php\/wp-json\/wp\/v2\/types\/product"}],"wp:attachment":[{"href":"https:\/\/roveyayinevi.com.tr\/index.php\/wp-json\/wp\/v2\/media?parent=775966"}],"wp:term":[{"taxonomy":"product_brand","embeddable":true,"href":"https:\/\/roveyayinevi.com.tr\/index.php\/wp-json\/wp\/v2\/product_brand?post=775966"},{"taxonomy":"product_cat","embeddable":true,"href":"https:\/\/roveyayinevi.com.tr\/index.php\/wp-json\/wp\/v2\/product_cat?post=775966"},{"taxonomy":"product_tag","embeddable":true,"href":"https:\/\/roveyayinevi.com.tr\/index.php\/wp-json\/wp\/v2\/product_tag?post=775966"}],"curies":[{"name":"wp","href":"https:\/\/api.w.org\/{rel}","templated":true}]}}