{"id":775955,"date":"2025-09-19T17:03:48","date_gmt":"2025-09-19T14:03:48","guid":{"rendered":"https:\/\/roveyayinevi.com.tr\/index.php\/urun\/mor-cennet-kanatsiz-kuslar\/"},"modified":"2025-11-21T12:04:52","modified_gmt":"2025-11-21T09:04:52","slug":"mor-cennet-kanatsiz-kuslar","status":"publish","type":"product","link":"https:\/\/roveyayinevi.com.tr\/index.php\/urun\/mor-cennet-kanatsiz-kuslar\/","title":{"rendered":"Mor Cennet Kanats\u0131z Ku\u015flar"},"content":{"rendered":"<p>Kimi hayatlar do\u011fmadan eksilir.  Kimi hik\u00e2yeler ba\u015flamadan yar\u0131m kal\u0131r. Yavuz hem kendi gen\u00e7li\u011fini hem de hayallerini, bir tekerlekli sandalyeye ve d\u00f6rt duvar aras\u0131na g\u00f6mmek zorunda kald\u0131. Sevdi\u011fi insanlar\u0131n mutlu olabilmesi i\u00e7in kendi yolundan vazge\u00e7ti. Ama kim, g\u00f6zlerden uzakta a\u011flayan bir kalbin sesini duyabilir? &#8220;Mor Cennet. Kanats\u0131z Ku\u015flar&#8221; kay\u0131plar\u0131n, yaln\u0131zl\u0131\u011f\u0131n ve unutulman\u0131n roman\u0131. Bazen en sessiz hik\u00e2yeler, en \u00e7ok can yakar. Ve bazen bir bak\u0131mevinde yank\u0131lanan sessizlik, koca bir d\u00fcnyan\u0131n utanc\u0131na d\u00f6n\u00fc\u015f\u00fcr. Bu kitab\u0131 okurken, sadece Yavuz&#8217;u de\u011fil, belki de kendi kalbinizin k\u0131r\u0131k yanlar\u0131n\u0131 da g\u00f6receksiniz. Mustafa Kutlu <\/p>\n","protected":false},"excerpt":{"rendered":"<p>Kimi hayatlar do\u011fmadan eksilir. Kimi hik\u00e2yeler ba\u015flamadan yar\u0131m kal\u0131r. Yavuz hem kendi gen\u00e7li\u011fini hem de hayallerini, bir tekerlekli sandalyeye ve d\u00f6rt duvar aras\u0131na g\u00f6mmek zorunda kald\u0131.<span class=\"excerpt-hellip\"> [\u2026]<\/span><\/p>\n","protected":false},"featured_media":0,"template":"","meta":{"_monsterinsights_skip_tracking":false,"_monsterinsights_sitenote_active":false,"_monsterinsights_sitenote_note":"","_monsterinsights_sitenote_category":0},"product_brand":[],"product_cat":[12291,12711],"product_tag":[],"class_list":{"0":"post-775955","1":"product","2":"type-product","3":"status-publish","5":"product_cat-edebiyat","6":"product_cat-roman-oyku","7":"pa_cilt-ciltsiz","8":"pa_tur-kitap","9":"pa_yayinevi-vova-yayinlari","10":"pa_yazar-ercan-mehmet-aksut","12":"first","13":"instock","14":"sale","15":"shipping-taxable","16":"purchasable","17":"product-type-simple"},"_links":{"self":[{"href":"https:\/\/roveyayinevi.com.tr\/index.php\/wp-json\/wp\/v2\/product\/775955","targetHints":{"allow":["GET"]}}],"collection":[{"href":"https:\/\/roveyayinevi.com.tr\/index.php\/wp-json\/wp\/v2\/product"}],"about":[{"href":"https:\/\/roveyayinevi.com.tr\/index.php\/wp-json\/wp\/v2\/types\/product"}],"wp:attachment":[{"href":"https:\/\/roveyayinevi.com.tr\/index.php\/wp-json\/wp\/v2\/media?parent=775955"}],"wp:term":[{"taxonomy":"product_brand","embeddable":true,"href":"https:\/\/roveyayinevi.com.tr\/index.php\/wp-json\/wp\/v2\/product_brand?post=775955"},{"taxonomy":"product_cat","embeddable":true,"href":"https:\/\/roveyayinevi.com.tr\/index.php\/wp-json\/wp\/v2\/product_cat?post=775955"},{"taxonomy":"product_tag","embeddable":true,"href":"https:\/\/roveyayinevi.com.tr\/index.php\/wp-json\/wp\/v2\/product_tag?post=775955"}],"curies":[{"name":"wp","href":"https:\/\/api.w.org\/{rel}","templated":true}]}}