{"id":775942,"date":"2025-09-19T16:55:40","date_gmt":"2025-09-19T13:55:40","guid":{"rendered":"https:\/\/roveyayinevi.com.tr\/index.php\/urun\/cayonu-hoyuk-im-akeramischen-und-keramischen-neolithikum\/"},"modified":"2026-04-15T03:39:22","modified_gmt":"2026-04-15T00:39:22","slug":"cayonu-hoyuk-im-akeramischen-und-keramischen-neolithikum","status":"publish","type":"product","link":"https:\/\/roveyayinevi.com.tr\/index.php\/urun\/cayonu-hoyuk-im-akeramischen-und-keramischen-neolithikum\/","title":{"rendered":"\u00c7ay\u00f6n\u00fc H\u00f6y\u00fck Im Akeramischen Und Keramischen Neolithikum"},"content":{"rendered":"<p>\u00c7ay\u00f6n\u00fc, fr\u00fcher bekannt als Kotaber\u00e7em, ist ein flacher H\u00fcgel in S\u00fcdostanatolien, nordwestlich der Provinz Diyarbak\u0131r. Der H\u00fcgel enth\u00e4lt materielle Hinterlassenschaften aus verschiedenen Epochen, darunter die vorkeramische Zeit, das Chalkolithikum, die Bronzezeit, das 2. Jahrtausend v. Chr., die Eisenzeit und das Mittelalter. Die Grabungen in \u00c7ay\u00f6n\u00fc begannen im Jahre 1964 unter der Leitung von Halet \u00c7ambel und Robert J. Braidwood; 1986 \u00fcbernahm Mehmet \u00d6zdo\u011fan die Grabungsleitung. Die Grabung wurde in den Jahren 1978-1988 vom Deutschen Architekturinstitut in Karlsruhe und in den Jahre 1989-1991 von der Universit\u00e4t Rom unterst\u00fctzt. Erstmals in den Jahren 1990-1991 wurden in der Umgebung des \u00c7ay\u00f6n\u00fc und in der Ergani Ebene geomorphologische Untersuchungen angestellt. So konnte festgestellt werden, dass \u00c7ay\u00f6n\u00fc in der N\u00e4he von drei Zonen liegt, welche wertvolles Rohmaterial liefern: Basalt aus dem Karacada\u011f, Kupfer und Malachit aus den Lagern zwischen Ergani und \u00c7ermik und Marmor aus Orten, welche nicht weiter als 20 km von \u00c7ay\u00f6n\u00fc entfernt sind. \u00c7ay\u00f6n\u00fc weist bez\u00fcglich des Neolithikums -v. a. mit den Bauschichten der ersten Phase-eine Kontinuit\u00e4t auf, so dass der Ort, unabh\u00e4ngig von der Levante, eine Schl\u00fcsselrolle spielte. Dieses Buch bietet in erster Linie einen \u00dcberblick \u00fcber das akeramische und keramische Neolithikum anhand von \u00c7ay\u00f6n\u00fc.<\/p>\n","protected":false},"excerpt":{"rendered":"<p>\u00c7ay\u00f6n\u00fc, fr\u00fcher bekannt als Kotaber\u00e7em, ist ein flacher H\u00fcgel in S\u00fcdostanatolien, nordwestlich der Provinz Diyarbak\u0131r. Der H\u00fcgel enth\u00e4lt materielle Hinterlassenschaften aus verschiedenen Epochen, darunter die vorkeramische<span class=\"excerpt-hellip\"> [\u2026]<\/span><\/p>\n","protected":false},"featured_media":0,"template":"","meta":{"_monsterinsights_skip_tracking":false,"_monsterinsights_sitenote_active":false,"_monsterinsights_sitenote_note":"","_monsterinsights_sitenote_category":0},"product_brand":[],"product_cat":[52477,52478],"product_tag":[],"class_list":{"0":"post-775942","1":"product","2":"type-product","3":"status-publish","5":"product_cat-arastirma","6":"product_cat-arkeoloji","7":"pa_cilt-ciltsiz","8":"pa_tur-kitap","9":"pa_yayinevi-ideal-kultur-akademik","10":"pa_yazar-z-aysen-tetik","12":"first","13":"instock","14":"sale","15":"shipping-taxable","16":"purchasable","17":"product-type-simple"},"_links":{"self":[{"href":"https:\/\/roveyayinevi.com.tr\/index.php\/wp-json\/wp\/v2\/product\/775942","targetHints":{"allow":["GET"]}}],"collection":[{"href":"https:\/\/roveyayinevi.com.tr\/index.php\/wp-json\/wp\/v2\/product"}],"about":[{"href":"https:\/\/roveyayinevi.com.tr\/index.php\/wp-json\/wp\/v2\/types\/product"}],"wp:attachment":[{"href":"https:\/\/roveyayinevi.com.tr\/index.php\/wp-json\/wp\/v2\/media?parent=775942"}],"wp:term":[{"taxonomy":"product_brand","embeddable":true,"href":"https:\/\/roveyayinevi.com.tr\/index.php\/wp-json\/wp\/v2\/product_brand?post=775942"},{"taxonomy":"product_cat","embeddable":true,"href":"https:\/\/roveyayinevi.com.tr\/index.php\/wp-json\/wp\/v2\/product_cat?post=775942"},{"taxonomy":"product_tag","embeddable":true,"href":"https:\/\/roveyayinevi.com.tr\/index.php\/wp-json\/wp\/v2\/product_tag?post=775942"}],"curies":[{"name":"wp","href":"https:\/\/api.w.org\/{rel}","templated":true}]}}