{"id":775941,"date":"2025-09-19T16:48:00","date_gmt":"2025-09-19T13:48:00","guid":{"rendered":"https:\/\/roveyayinevi.com.tr\/index.php\/urun\/drinada-son-gun\/"},"modified":"2026-04-15T03:38:21","modified_gmt":"2026-04-15T00:38:21","slug":"drinada-son-gun","status":"publish","type":"product","link":"https:\/\/roveyayinevi.com.tr\/index.php\/urun\/drinada-son-gun\/","title":{"rendered":"Drina\u2019da Son G\u00fcn"},"content":{"rendered":"<p>Balkanlar ve T\u00fcrkler etle t\u0131rnak misali, birbirinden ayr\u0131lamazd\u0131. T\u00fcrkler o topraklar i\u00e7in kan\u0131n\u0131 d\u00f6km\u00fc\u015f, o topraklar da T\u00fcrkleri ba\u011fr\u0131na basm\u0131\u015ft\u0131. Balkanlar\u2019da ya\u015fayan T\u00fcrkler i\u00e7in Drina vatan topra\u011f\u0131yd\u0131.   \u0130kinci D\u00fcnya Sava\u015f\u0131\u2019n\u0131n sert r\u00fczg\u00e2rlar\u0131 insanlar\u0131 savurup k\u00f6klerinden koparmadan \u00f6nce Drina sokaklar\u0131nda gezen T\u00fcrkler, g\u00fcn gelip o sokaklarda cehennem azab\u0131 \u00e7ekeceklerini bilemezlerdi. O g\u00fcne kadar bar\u0131\u015f i\u00e7inde ya\u015fanan topraklarda art\u0131k istenmez olmu\u015flard\u0131. Tito \u00f6ncesi Yugoslavya&#8217;da h\u00fck\u00fcm s\u00fcren Alman idaresi kendilerine yak\u0131n gibi g\u00f6r\u00fcnse de T\u00fcrkler, vatanlar\u0131nda, yani Yugoslavya topraklar\u0131nda art\u0131k can g\u00fcvenli\u011finden yoksunlard\u0131. Balkan&#8217;\u0131 mesken tutmu\u015f \u00e7etecilerin katliam ve tecav\u00fczleri de giderek T\u00fcrkler \u00fczerine yo\u011funla\u015f\u0131yordu. Canlar\u0131n\u0131 kurtarmak i\u00e7in ka\u00e7maktan ba\u015fka \u00e7areleri yoktu. Tek tesellileri g\u00f6\u00e7 etmeye zorland\u0131klar\u0131 bu topraklara bir g\u00fcn geri d\u00f6nmeleri umuduydu.   Drina\u2019da Son G\u00fcn, Faik Baysal\u2019\u0131n usta kaleminden \u00e7\u0131km\u0131\u015f, Yugoslavya\u2019da ya\u015fayan T\u00fcrklerin, o topraklarla vedala\u015fmas\u0131n\u0131 anlatan belgesel niteli\u011finde bir romand\u0131r. <\/p>\n","protected":false},"excerpt":{"rendered":"<p>Balkanlar ve T\u00fcrkler etle t\u0131rnak misali, birbirinden ayr\u0131lamazd\u0131. T\u00fcrkler o topraklar i\u00e7in kan\u0131n\u0131 d\u00f6km\u00fc\u015f, o topraklar da T\u00fcrkleri ba\u011fr\u0131na basm\u0131\u015ft\u0131. Balkanlar\u2019da ya\u015fayan T\u00fcrkler i\u00e7in Drina vatan<span class=\"excerpt-hellip\"> [\u2026]<\/span><\/p>\n","protected":false},"featured_media":0,"template":"","meta":{"_monsterinsights_skip_tracking":false,"_monsterinsights_sitenote_active":false,"_monsterinsights_sitenote_note":"","_monsterinsights_sitenote_category":0},"product_brand":[],"product_cat":[12291,12292],"product_tag":[],"class_list":{"0":"post-775941","1":"product","2":"type-product","3":"status-publish","5":"product_cat-edebiyat","6":"product_cat-turk-edebiyati","7":"pa_cilt-ciltsiz","8":"pa_tur-kitap","9":"pa_yayinevi-nemesis-kitap","10":"pa_yazar-faik-baysal","12":"first","13":"instock","14":"sale","15":"shipping-taxable","16":"purchasable","17":"product-type-simple"},"_links":{"self":[{"href":"https:\/\/roveyayinevi.com.tr\/index.php\/wp-json\/wp\/v2\/product\/775941","targetHints":{"allow":["GET"]}}],"collection":[{"href":"https:\/\/roveyayinevi.com.tr\/index.php\/wp-json\/wp\/v2\/product"}],"about":[{"href":"https:\/\/roveyayinevi.com.tr\/index.php\/wp-json\/wp\/v2\/types\/product"}],"wp:attachment":[{"href":"https:\/\/roveyayinevi.com.tr\/index.php\/wp-json\/wp\/v2\/media?parent=775941"}],"wp:term":[{"taxonomy":"product_brand","embeddable":true,"href":"https:\/\/roveyayinevi.com.tr\/index.php\/wp-json\/wp\/v2\/product_brand?post=775941"},{"taxonomy":"product_cat","embeddable":true,"href":"https:\/\/roveyayinevi.com.tr\/index.php\/wp-json\/wp\/v2\/product_cat?post=775941"},{"taxonomy":"product_tag","embeddable":true,"href":"https:\/\/roveyayinevi.com.tr\/index.php\/wp-json\/wp\/v2\/product_tag?post=775941"}],"curies":[{"name":"wp","href":"https:\/\/api.w.org\/{rel}","templated":true}]}}