{"id":775935,"date":"2025-09-19T16:11:08","date_gmt":"2025-09-19T13:11:08","guid":{"rendered":"https:\/\/roveyayinevi.com.tr\/index.php\/urun\/kotu-ruhlar-kitabi\/"},"modified":"2025-09-29T06:33:04","modified_gmt":"2025-09-29T03:33:04","slug":"kotu-ruhlar-kitabi","status":"publish","type":"product","link":"https:\/\/roveyayinevi.com.tr\/index.php\/urun\/kotu-ruhlar-kitabi\/","title":{"rendered":"K\u00f6t\u00fc Ruhlar Kitab\u0131"},"content":{"rendered":"<p>Dr. Laurence, kadim \u0130brani b\u00fcy\u00fclerinin gizemli d\u00fcnyas\u0131na ad\u0131m at\u0131yor ve K\u00f6t\u00fc Ruhlar ile bu eski b\u00fcy\u00fclerin karanl\u0131k g\u00fc\u00e7lerini derinlemesine inceliyor. Kitap, antik \u0130brani geleneklerinde yer alan k\u00f6t\u00fc ruhlar, lanetler ve t\u0131ls\u0131mlar\u0131 g\u00f6zler \u00f6n\u00fcne seriyor. K\u00f6t\u00fc Ruhlar, tarihsel, mistik ve b\u00fcy\u00fcsel bir yolculu\u011fa \u00e7\u0131kararak, okurlar\u0131 kadim \u0130brani inan\u00e7lar\u0131n\u0131n karanl\u0131k ve korkutucu y\u00f6nleriyle tan\u0131\u015ft\u0131r\u0131yor. Antik b\u00fcy\u00fclerin ve ruhsal d\u00fcnyan\u0131n bilinmeyen y\u00f6nlerine dair derinlemesine bir ke\u015fif yapan temel eserlerden biri.<\/p>\n","protected":false},"excerpt":{"rendered":"<p>Dr. Laurence, kadim \u0130brani b\u00fcy\u00fclerinin gizemli d\u00fcnyas\u0131na ad\u0131m at\u0131yor ve K\u00f6t\u00fc Ruhlar ile bu eski b\u00fcy\u00fclerin karanl\u0131k g\u00fc\u00e7lerini derinlemesine inceliyor. Kitap, antik \u0130brani geleneklerinde yer alan<span class=\"excerpt-hellip\"> [\u2026]<\/span><\/p>\n","protected":false},"featured_media":0,"template":"","meta":{"_monsterinsights_skip_tracking":false,"_monsterinsights_sitenote_active":false,"_monsterinsights_sitenote_note":"","_monsterinsights_sitenote_category":0},"product_brand":[],"product_cat":[12304],"product_tag":[],"class_list":{"0":"post-775935","1":"product","2":"type-product","3":"status-publish","5":"product_cat-tarih","6":"pa_cilt-ciltsiz","7":"pa_tur-kitap","8":"pa_yayinevi-nostos-yayinevi","9":"pa_yazar-l-w-de-laurence","11":"first","12":"instock","13":"sale","14":"shipping-taxable","15":"purchasable","16":"product-type-simple"},"_links":{"self":[{"href":"https:\/\/roveyayinevi.com.tr\/index.php\/wp-json\/wp\/v2\/product\/775935","targetHints":{"allow":["GET"]}}],"collection":[{"href":"https:\/\/roveyayinevi.com.tr\/index.php\/wp-json\/wp\/v2\/product"}],"about":[{"href":"https:\/\/roveyayinevi.com.tr\/index.php\/wp-json\/wp\/v2\/types\/product"}],"wp:attachment":[{"href":"https:\/\/roveyayinevi.com.tr\/index.php\/wp-json\/wp\/v2\/media?parent=775935"}],"wp:term":[{"taxonomy":"product_brand","embeddable":true,"href":"https:\/\/roveyayinevi.com.tr\/index.php\/wp-json\/wp\/v2\/product_brand?post=775935"},{"taxonomy":"product_cat","embeddable":true,"href":"https:\/\/roveyayinevi.com.tr\/index.php\/wp-json\/wp\/v2\/product_cat?post=775935"},{"taxonomy":"product_tag","embeddable":true,"href":"https:\/\/roveyayinevi.com.tr\/index.php\/wp-json\/wp\/v2\/product_tag?post=775935"}],"curies":[{"name":"wp","href":"https:\/\/api.w.org\/{rel}","templated":true}]}}