{"id":775931,"date":"2025-09-19T16:08:31","date_gmt":"2025-09-19T13:08:31","guid":{"rendered":"https:\/\/roveyayinevi.com.tr\/index.php\/urun\/turk-fetihleri-caginda-philadelphia\/"},"modified":"2026-04-15T03:32:17","modified_gmt":"2026-04-15T00:32:17","slug":"turk-fetihleri-caginda-philadelphia","status":"publish","type":"product","link":"https:\/\/roveyayinevi.com.tr\/index.php\/urun\/turk-fetihleri-caginda-philadelphia\/","title":{"rendered":"T\u00fcrk Fetihleri \u00c7a\u011f\u0131nda Philadelphia"},"content":{"rendered":"<p>Anadolu&#8217;nun kalbinde, Bizans \u0130mparatorlu\u011fu&#8217;nun direni\u015f sembol\u00fc bir \u015fehir: Philadelphia. 11. y\u00fczy\u0131ldan 14. y\u00fczy\u0131la kadar, fetih r\u00fczgarlar\u0131na kar\u015f\u0131 ayakta kalan bu kent, yaln\u0131zca co\u011frafi avantajlar\u0131yla de\u011fil, tarihsel ve k\u00fclt\u00fcrel miras\u0131yla da dikkat \u00e7ekiyor. \u015eehrin co\u011frafi konumu, ticaret yollar\u0131n\u0131n kesi\u015fim noktas\u0131nda bulunmas\u0131, ipekli dokuma end\u00fcstrisindeki ba\u015far\u0131s\u0131 ve tar\u0131mdan ticarete kadar geni\u015f bir yelpazede g\u00f6sterdi\u011fi ekonomik performans, Philadelphia&#8217;y\u0131 d\u00f6nemin en \u00f6nemli merkezlerinden biri yapm\u0131\u015ft\u0131r. Bu kitap, \u015fehrin Bizans ta\u015fra kentleri aras\u0131ndaki benzersiz yerini ve zaman zaman Bizans \u0130mparatorlu\u011fu&#8217;na kar\u015f\u0131 bile diren\u00e7 g\u00f6steren g\u00fc\u00e7l\u00fc karakterini ayr\u0131nt\u0131lar\u0131yla veriyor. Philadelphia, Hristiyanl\u0131k tarihinde de \u00f6nemli bir yere sahip. \u015eehrin dini yap\u0131lar\u0131, g\u00fc\u00e7l\u00fc savunma binalar\u0131 ve Hristiyan kimli\u011fini koruma konusundaki kararl\u0131l\u0131\u011f\u0131, Bizans d\u00f6nemindeki dinsel ve k\u00fclt\u00fcrel zenginli\u011fin bir yans\u0131mas\u0131d\u0131r. Osmanl\u0131 egemenli\u011fi alt\u0131nda bile ekonomik ve k\u00fclt\u00fcrel kimli\u011fini koruyan Philadelphia, tarihi boyunca bir\u00e7ok kez karizmatik liderlerin \u00f6nderli\u011finde ba\u011f\u0131ms\u0131zl\u0131\u011f\u0131n\u0131 savunmu\u015f ve kendine \u00f6zg\u00fc bir y\u00f6netim gelene\u011fi geli\u015ftirmi\u015ftir. Philadelphia, yaln\u0131zca bir ta\u015fra kenti de\u011fil, ayn\u0131 zamanda kendine \u00f6zg\u00fc yap\u0131s\u0131yla Bizans ta\u015fra hayat\u0131n\u0131n bir mikrokosmosu olarak kar\u015f\u0131m\u0131za \u00e7\u0131k\u0131yor. Kitap, bu kentin sosyal, ekonomik ve k\u00fclt\u00fcrel yap\u0131s\u0131n\u0131 derinlemesine incelerken, Bizans \u0130mparatorlu\u011fu&#8217;nun \u00e7\u00f6k\u00fc\u015f s\u00fcrecinde bile nas\u0131l ayakta kalmay\u0131 ba\u015fard\u0131\u011f\u0131n\u0131 anlat\u0131yor. T\u00fcrk fetihleri \u00e7a\u011f\u0131nda, kentin kar\u015f\u0131 kar\u015f\u0131ya kald\u0131\u011f\u0131 tehditler ve bu tehditlere kar\u015f\u0131 geli\u015ftirdi\u011fi stratejiler, okuyucular\u0131 tarihsel bir yolculu\u011fa \u00e7\u0131kar\u0131yor. Zira bu kitap, sizi antik Philadelphia&#8217;n\u0131n sokaklar\u0131nda gezintiye \u00e7\u0131kar\u0131rken, Bizans&#8217;\u0131n ta\u015fradaki direncinin ard\u0131ndaki s\u0131rlar\u0131 ve Anadolu&#8217;nun fetih s\u00fcrecindeki dinamikleri ke\u015ffetmeye davet ediyor. Bu kitap, Bizans tarihi ve Anadolu co\u011frafyas\u0131 \u00fczerine \u00e7al\u0131\u015fan akademisyenler ve tarih severler i\u00e7in vazge\u00e7ilmez bir kaynak olacakt\u0131r. Zira belgeler, arkeolojik buluntular ve d\u00f6nem kaynaklar\u0131 \u0131\u015f\u0131\u011f\u0131nda Philadelphia&#8217;n\u0131n hikayesini ke\u015ffetmek isteyenler i\u00e7in bu kitap, e\u015fi\u015fiz bir hazinedir. <\/p>\n","protected":false},"excerpt":{"rendered":"<p>Anadolu&#8217;nun kalbinde, Bizans \u0130mparatorlu\u011fu&#8217;nun direni\u015f sembol\u00fc bir \u015fehir: Philadelphia. 11. y\u00fczy\u0131ldan 14. y\u00fczy\u0131la kadar, fetih r\u00fczgarlar\u0131na kar\u015f\u0131 ayakta kalan bu kent, yaln\u0131zca co\u011frafi avantajlar\u0131yla de\u011fil, tarihsel<span class=\"excerpt-hellip\"> [\u2026]<\/span><\/p>\n","protected":false},"featured_media":0,"template":"","meta":{"_monsterinsights_skip_tracking":false,"_monsterinsights_sitenote_active":false,"_monsterinsights_sitenote_note":"","_monsterinsights_sitenote_category":0},"product_brand":[],"product_cat":[52477,52478],"product_tag":[],"class_list":{"0":"post-775931","1":"product","2":"type-product","3":"status-publish","5":"product_cat-arastirma","6":"product_cat-arkeoloji","7":"pa_cilt-ciltsiz","8":"pa_tur-kitap","9":"pa_yayinevi-bilgin-kultur-sanat","10":"pa_yazar-nurcan-barman","12":"first","13":"instock","14":"sale","15":"shipping-taxable","16":"purchasable","17":"product-type-simple"},"_links":{"self":[{"href":"https:\/\/roveyayinevi.com.tr\/index.php\/wp-json\/wp\/v2\/product\/775931","targetHints":{"allow":["GET"]}}],"collection":[{"href":"https:\/\/roveyayinevi.com.tr\/index.php\/wp-json\/wp\/v2\/product"}],"about":[{"href":"https:\/\/roveyayinevi.com.tr\/index.php\/wp-json\/wp\/v2\/types\/product"}],"wp:attachment":[{"href":"https:\/\/roveyayinevi.com.tr\/index.php\/wp-json\/wp\/v2\/media?parent=775931"}],"wp:term":[{"taxonomy":"product_brand","embeddable":true,"href":"https:\/\/roveyayinevi.com.tr\/index.php\/wp-json\/wp\/v2\/product_brand?post=775931"},{"taxonomy":"product_cat","embeddable":true,"href":"https:\/\/roveyayinevi.com.tr\/index.php\/wp-json\/wp\/v2\/product_cat?post=775931"},{"taxonomy":"product_tag","embeddable":true,"href":"https:\/\/roveyayinevi.com.tr\/index.php\/wp-json\/wp\/v2\/product_tag?post=775931"}],"curies":[{"name":"wp","href":"https:\/\/api.w.org\/{rel}","templated":true}]}}