{"id":775914,"date":"2025-09-19T11:24:37","date_gmt":"2025-09-19T08:24:37","guid":{"rendered":"https:\/\/roveyayinevi.com.tr\/index.php\/urun\/gezegenimizi-nasil-kurtaririz\/"},"modified":"2025-09-19T11:24:37","modified_gmt":"2025-09-19T08:24:37","slug":"gezegenimizi-nasil-kurtaririz","status":"publish","type":"product","link":"https:\/\/roveyayinevi.com.tr\/index.php\/urun\/gezegenimizi-nasil-kurtaririz\/","title":{"rendered":"Gezegenimizi Nas\u0131l Kurtar\u0131r\u0131z"},"content":{"rendered":"<p>1. Bilmece: Bizleri besleyen, bar\u0131nd\u0131ran ve koruyan kim? Tabii ki, her \u015feyden \u00f6nce gezegenimiz! Bu y\u00fczden onun de\u011ferli kaynaklar\u0131n\u0131 neden korumam\u0131z gerekti\u011fini hemen \u00f6\u011fren. 2. Bilmece: Gezegeni kurtarmak i\u00e7in elde etmemiz gereken m\u00fckemmel skor nedir? S\u0131f\u0131r. T\u0131pk\u0131, &#8220;s\u0131f\u0131r at\u0131k&#8221;, &#8220;s\u0131f\u0131r israf&#8221;, &#8220;s\u0131f\u0131r karbon&#8221; gibi. Bunlar\u0131 ger\u00e7ekle\u015ftirmek i\u00e7in neler yapabilece\u011fini ke\u015ffet. S\u0131ra sende! <\/p>\n","protected":false},"excerpt":{"rendered":"<p>1. Bilmece: Bizleri besleyen, bar\u0131nd\u0131ran ve koruyan kim? Tabii ki, her \u015feyden \u00f6nce gezegenimiz! Bu y\u00fczden onun de\u011ferli kaynaklar\u0131n\u0131 neden korumam\u0131z gerekti\u011fini hemen \u00f6\u011fren. 2. Bilmece:<span class=\"excerpt-hellip\"> [\u2026]<\/span><\/p>\n","protected":false},"featured_media":0,"template":"","meta":{"_monsterinsights_skip_tracking":false,"_monsterinsights_sitenote_active":false,"_monsterinsights_sitenote_note":"","_monsterinsights_sitenote_category":0},"product_brand":[],"product_cat":[12274,12284],"product_tag":[],"class_list":{"0":"post-775914","1":"product","2":"type-product","3":"status-publish","5":"product_cat-cocuk-ve-genclik-kitaplari","6":"product_cat-hikayeler","7":"pa_cilt-ciltsiz","8":"pa_tur-kitap","9":"pa_yayinevi-dinozor-cocuk","10":"pa_yazar-patricia-laporte-muller-sophie-fromager","12":"first","13":"instock","14":"sale","15":"shipping-taxable","16":"purchasable","17":"product-type-simple"},"_links":{"self":[{"href":"https:\/\/roveyayinevi.com.tr\/index.php\/wp-json\/wp\/v2\/product\/775914","targetHints":{"allow":["GET"]}}],"collection":[{"href":"https:\/\/roveyayinevi.com.tr\/index.php\/wp-json\/wp\/v2\/product"}],"about":[{"href":"https:\/\/roveyayinevi.com.tr\/index.php\/wp-json\/wp\/v2\/types\/product"}],"wp:attachment":[{"href":"https:\/\/roveyayinevi.com.tr\/index.php\/wp-json\/wp\/v2\/media?parent=775914"}],"wp:term":[{"taxonomy":"product_brand","embeddable":true,"href":"https:\/\/roveyayinevi.com.tr\/index.php\/wp-json\/wp\/v2\/product_brand?post=775914"},{"taxonomy":"product_cat","embeddable":true,"href":"https:\/\/roveyayinevi.com.tr\/index.php\/wp-json\/wp\/v2\/product_cat?post=775914"},{"taxonomy":"product_tag","embeddable":true,"href":"https:\/\/roveyayinevi.com.tr\/index.php\/wp-json\/wp\/v2\/product_tag?post=775914"}],"curies":[{"name":"wp","href":"https:\/\/api.w.org\/{rel}","templated":true}]}}