{"id":775910,"date":"2025-09-19T11:09:29","date_gmt":"2025-09-19T08:09:29","guid":{"rendered":"https:\/\/roveyayinevi.com.tr\/index.php\/urun\/doga-yabani-cicekler\/"},"modified":"2025-09-19T11:09:29","modified_gmt":"2025-09-19T08:09:29","slug":"doga-yabani-cicekler","status":"publish","type":"product","link":"https:\/\/roveyayinevi.com.tr\/index.php\/urun\/doga-yabani-cicekler\/","title":{"rendered":"Do\u011fa &#8211; Yabani \u00c7i\u00e7ekler"},"content":{"rendered":"<p>En s\u0131cak \u00e7\u00f6llerden en so\u011fuk da\u011flara, el de\u011fmemi\u015f ormanlardan b\u00fcy\u00fck \u015fehirlere kadar neredeyse her yerde yeti\u015febilen yabani \u00e7i\u00e7ekler, hayvanlar ve insanlar i\u00e7in hatta b\u00fct\u00fcn d\u00fcnya i\u00e7in vazge\u00e7ilmez. Yabani \u00e7i\u00e7eklerin renkli d\u00fcnyas\u0131n\u0131 tan\u0131tan bu k\u00fc\u00e7\u00fck kitapta onlarla ilgili ilgin\u00e7 ger\u00e7ekleri, hayatta kalmak i\u00e7in ne gibi yollar geli\u015ftirdiklerini \u00f6\u011freneceksiniz. Ayr\u0131ca kitab\u0131n son b\u00f6l\u00fcm\u00fcnde ad\u0131n\u0131 bilmedi\u011finiz bir \u00e7i\u00e7e\u011fi g\u00f6r\u00fcn\u00fc\u015f\u00fcne bakarak tan\u0131man\u0131z\u0131 sa\u011flayacak k\u00fc\u00e7\u00fck bir de rehber var.<\/p>\n","protected":false},"excerpt":{"rendered":"<p>En s\u0131cak \u00e7\u00f6llerden en so\u011fuk da\u011flara, el de\u011fmemi\u015f ormanlardan b\u00fcy\u00fck \u015fehirlere kadar neredeyse her yerde yeti\u015febilen yabani \u00e7i\u00e7ekler, hayvanlar ve insanlar i\u00e7in hatta b\u00fct\u00fcn d\u00fcnya i\u00e7in<span class=\"excerpt-hellip\"> [\u2026]<\/span><\/p>\n","protected":false},"featured_media":0,"template":"","meta":{"_monsterinsights_skip_tracking":false,"_monsterinsights_sitenote_active":false,"_monsterinsights_sitenote_note":"","_monsterinsights_sitenote_category":0},"product_brand":[],"product_cat":[13005,13006],"product_tag":[],"class_list":{"0":"post-775910","1":"product","2":"type-product","3":"status-publish","5":"product_cat-bilim-muhendislik","6":"product_cat-populer-bilim","7":"pa_cilt-ciltsiz","8":"pa_tur-kitap","9":"pa_yayinevi-tubitak-yayinlari","10":"pa_yazar-sarah-khan-kristeen-rogers","12":"first","13":"instock","14":"sale","15":"shipping-taxable","16":"purchasable","17":"product-type-simple"},"_links":{"self":[{"href":"https:\/\/roveyayinevi.com.tr\/index.php\/wp-json\/wp\/v2\/product\/775910","targetHints":{"allow":["GET"]}}],"collection":[{"href":"https:\/\/roveyayinevi.com.tr\/index.php\/wp-json\/wp\/v2\/product"}],"about":[{"href":"https:\/\/roveyayinevi.com.tr\/index.php\/wp-json\/wp\/v2\/types\/product"}],"wp:attachment":[{"href":"https:\/\/roveyayinevi.com.tr\/index.php\/wp-json\/wp\/v2\/media?parent=775910"}],"wp:term":[{"taxonomy":"product_brand","embeddable":true,"href":"https:\/\/roveyayinevi.com.tr\/index.php\/wp-json\/wp\/v2\/product_brand?post=775910"},{"taxonomy":"product_cat","embeddable":true,"href":"https:\/\/roveyayinevi.com.tr\/index.php\/wp-json\/wp\/v2\/product_cat?post=775910"},{"taxonomy":"product_tag","embeddable":true,"href":"https:\/\/roveyayinevi.com.tr\/index.php\/wp-json\/wp\/v2\/product_tag?post=775910"}],"curies":[{"name":"wp","href":"https:\/\/api.w.org\/{rel}","templated":true}]}}