{"id":775906,"date":"2025-09-19T10:31:05","date_gmt":"2025-09-19T07:31:05","guid":{"rendered":"https:\/\/roveyayinevi.com.tr\/index.php\/urun\/celebi-zinciri\/"},"modified":"2026-04-16T02:24:39","modified_gmt":"2026-04-15T23:24:39","slug":"celebi-zinciri","status":"publish","type":"product","link":"https:\/\/roveyayinevi.com.tr\/index.php\/urun\/celebi-zinciri\/","title":{"rendered":"\u00c7elebi Zinciri"},"content":{"rendered":"<p>Ho\u015f geldin! Demek kesi\u015fti yolun bu kitapla. Ne \u015fansl\u0131s\u0131n! Hen\u00fcz bilmiyorsun ama Teknoloji birle\u015fince s\u0131rlarla \u00c7\u0131kar ortaya binbir farkl\u0131 d\u00fcnya! Sehrin yollar\u0131n\u0131 as\u0131nd\u0131r\u0131yor, suyunu i\u00e7iyor, havas\u0131n\u0131 soluyorsun. Sehir seni etkiliyor ve sen de sehri etkiliyorsun. Peki i\u00e7inde yasad\u0131g\u0131nsehri ne kadar tan\u0131yorsun? Ge\u00e7misi hakk\u0131nda neler biliyorsun? Gelecegine katk\u0131da bulmak ister misin? Onun i\u00e7in neler yapmaya haz\u0131rs\u0131n? \u00c7agdas \u00e7ocuk edebiyat\u0131m\u0131z\u0131n sevilen yazar\u0131 Birsen Ekim \u00d6zen \u00c7elebi Zinciri ile ge\u00e7mislegelecek aras\u0131nda k\u00fclt\u00fcrel bir bag kurarak okurlar\u0131n\u0131sehir, k\u00fclt\u00fcr ve medeniyet aras\u0131nda b\u00fcy\u00fcleyici bir yolculuga \u00e7\u0131kar\u0131yor. <\/p>\n","protected":false},"excerpt":{"rendered":"<p>Ho\u015f geldin! Demek kesi\u015fti yolun bu kitapla. Ne \u015fansl\u0131s\u0131n! Hen\u00fcz bilmiyorsun ama Teknoloji birle\u015fince s\u0131rlarla \u00c7\u0131kar ortaya binbir farkl\u0131 d\u00fcnya! Sehrin yollar\u0131n\u0131 as\u0131nd\u0131r\u0131yor, suyunu i\u00e7iyor, havas\u0131n\u0131<span class=\"excerpt-hellip\"> [\u2026]<\/span><\/p>\n","protected":false},"featured_media":0,"template":"","meta":{"_monsterinsights_skip_tracking":false,"_monsterinsights_sitenote_active":false,"_monsterinsights_sitenote_note":"","_monsterinsights_sitenote_category":0},"product_brand":[],"product_cat":[12274,12284],"product_tag":[],"class_list":{"0":"post-775906","1":"product","2":"type-product","3":"status-publish","5":"product_cat-cocuk-ve-genclik-kitaplari","6":"product_cat-hikayeler","7":"pa_cilt-ciltsiz","8":"pa_tur-kitap","9":"pa_yayinevi-dogan-egmont-yayincilik","10":"pa_yazar-birsen-ekim-ozen","12":"first","13":"instock","14":"sale","15":"shipping-taxable","16":"purchasable","17":"product-type-simple"},"_links":{"self":[{"href":"https:\/\/roveyayinevi.com.tr\/index.php\/wp-json\/wp\/v2\/product\/775906","targetHints":{"allow":["GET"]}}],"collection":[{"href":"https:\/\/roveyayinevi.com.tr\/index.php\/wp-json\/wp\/v2\/product"}],"about":[{"href":"https:\/\/roveyayinevi.com.tr\/index.php\/wp-json\/wp\/v2\/types\/product"}],"wp:attachment":[{"href":"https:\/\/roveyayinevi.com.tr\/index.php\/wp-json\/wp\/v2\/media?parent=775906"}],"wp:term":[{"taxonomy":"product_brand","embeddable":true,"href":"https:\/\/roveyayinevi.com.tr\/index.php\/wp-json\/wp\/v2\/product_brand?post=775906"},{"taxonomy":"product_cat","embeddable":true,"href":"https:\/\/roveyayinevi.com.tr\/index.php\/wp-json\/wp\/v2\/product_cat?post=775906"},{"taxonomy":"product_tag","embeddable":true,"href":"https:\/\/roveyayinevi.com.tr\/index.php\/wp-json\/wp\/v2\/product_tag?post=775906"}],"curies":[{"name":"wp","href":"https:\/\/api.w.org\/{rel}","templated":true}]}}