{"id":775905,"date":"2025-09-19T10:08:50","date_gmt":"2025-09-19T07:08:50","guid":{"rendered":"https:\/\/roveyayinevi.com.tr\/index.php\/urun\/baglanma-aski-bulmanin-ve-korumanin-bilimsel-yollari\/"},"modified":"2026-04-16T02:21:45","modified_gmt":"2026-04-15T23:21:45","slug":"baglanma-aski-bulmanin-ve-korumanin-bilimsel-yollari","status":"publish","type":"product","link":"https:\/\/roveyayinevi.com.tr\/index.php\/urun\/baglanma-aski-bulmanin-ve-korumanin-bilimsel-yollari\/","title":{"rendered":"Ba\u011flanma A\u015fk\u0131 Bulman\u0131n ve Koruman\u0131n Bilimsel Yollar\u0131"},"content":{"rendered":"<p>\u0130ki insan birbirini bulur, \u00e2\u015f\u0131k olur ve sonsuza dek mutlu ya\u015farlar. Peki ya ger\u00e7ek hayatta? \u201cHo\u015fland\u0131\u011f\u0131n\u0131z ki\u015fiyi elde etmenin yedi alt\u0131n kural\u0131\u201d, \u201cpartnerinizi kendinize ba\u011flaman\u0131n on yolu\u201d ya da \u201cmutlulu\u011fu yakalayan \u00e7iftler\u201c&#8230; \u0130nanal\u0131m m\u0131 bunlara? \u0130li\u015fkiye y\u00fckledi\u011fimiz b\u00fcy\u00fck \u00f6nemin tersine, ba\u011flanman\u0131n ard\u0131ndaki bilim hakk\u0131nda \u00e7ok az \u015fey biliyor ve yanl\u0131\u015f alg\u0131lar\u0131n, efsanelerin esiri oluyoruz. Kendi karakterinizi ve ba\u011flanma g\u00fcd\u00fclerinizi tan\u0131yarak g\u00fcven ve huzur dolu, derin ve tatmin edici bir a\u015fk\u0131n hi\u00e7 de uzaklarda olmad\u0131\u011f\u0131n\u0131 g\u00f6rmeye haz\u0131r m\u0131s\u0131n\u0131z? Ba\u011flanma, ruh sa\u011fl\u0131\u011f\u0131 uzmanlar\u0131 Amir Levine ve Rachel Heller\u2019\u0131n y\u0131llar s\u00fcren ara\u015ft\u0131rmalar\u0131na dayanan verilerle iki insan aras\u0131ndaki ili\u015fkiye b\u00fcy\u00fcte\u00e7 tutuyor. Kendinizi ve partnerinizi yak\u0131ndan tan\u0131man\u0131za, ili\u015fkinizdeki \u00e7at\u0131\u015fmalar\u0131n kayna\u011f\u0131na inip \u00e7\u00f6z\u00fcm yollar\u0131n\u0131 fark etmenize yard\u0131mc\u0131 oluyor. Unutmay\u0131n, ili\u015fkilerimiz \u015fansa b\u0131rak\u0131lmayacak kadar de\u011ferli. <\/p>\n","protected":false},"excerpt":{"rendered":"<p>\u0130ki insan birbirini bulur, \u00e2\u015f\u0131k olur ve sonsuza dek mutlu ya\u015farlar. Peki ya ger\u00e7ek hayatta? \u201cHo\u015fland\u0131\u011f\u0131n\u0131z ki\u015fiyi elde etmenin yedi alt\u0131n kural\u0131\u201d, \u201cpartnerinizi kendinize ba\u011flaman\u0131n on<span class=\"excerpt-hellip\"> [\u2026]<\/span><\/p>\n","protected":false},"featured_media":0,"template":"","meta":{"_monsterinsights_skip_tracking":false,"_monsterinsights_sitenote_active":false,"_monsterinsights_sitenote_note":"","_monsterinsights_sitenote_category":0},"product_brand":[],"product_cat":[12364,12376],"product_tag":[],"class_list":{"0":"post-775905","1":"product","2":"type-product","3":"status-publish","5":"product_cat-genel-konular","6":"product_cat-kisisel-gelisim","7":"pa_cilt-ciltsiz","8":"pa_tur-kitap","9":"pa_yayinevi-aganta","10":"pa_yazar-amir-levine-rachel-heller","12":"first","13":"instock","14":"sale","15":"shipping-taxable","16":"purchasable","17":"product-type-simple"},"_links":{"self":[{"href":"https:\/\/roveyayinevi.com.tr\/index.php\/wp-json\/wp\/v2\/product\/775905","targetHints":{"allow":["GET"]}}],"collection":[{"href":"https:\/\/roveyayinevi.com.tr\/index.php\/wp-json\/wp\/v2\/product"}],"about":[{"href":"https:\/\/roveyayinevi.com.tr\/index.php\/wp-json\/wp\/v2\/types\/product"}],"wp:attachment":[{"href":"https:\/\/roveyayinevi.com.tr\/index.php\/wp-json\/wp\/v2\/media?parent=775905"}],"wp:term":[{"taxonomy":"product_brand","embeddable":true,"href":"https:\/\/roveyayinevi.com.tr\/index.php\/wp-json\/wp\/v2\/product_brand?post=775905"},{"taxonomy":"product_cat","embeddable":true,"href":"https:\/\/roveyayinevi.com.tr\/index.php\/wp-json\/wp\/v2\/product_cat?post=775905"},{"taxonomy":"product_tag","embeddable":true,"href":"https:\/\/roveyayinevi.com.tr\/index.php\/wp-json\/wp\/v2\/product_tag?post=775905"}],"curies":[{"name":"wp","href":"https:\/\/api.w.org\/{rel}","templated":true}]}}