{"id":775853,"date":"2025-09-18T01:31:48","date_gmt":"2025-09-17T22:31:48","guid":{"rendered":"https:\/\/roveyayinevi.com.tr\/index.php\/urun\/denizlerde-ne-var-ne-yok-profesor-cokbilmis-ile-memo-2\/"},"modified":"2026-04-16T02:43:57","modified_gmt":"2026-04-15T23:43:57","slug":"denizlerde-ne-var-ne-yok-profesor-cokbilmis-ile-memo-2","status":"publish","type":"product","link":"https:\/\/roveyayinevi.com.tr\/index.php\/urun\/denizlerde-ne-var-ne-yok-profesor-cokbilmis-ile-memo-2\/","title":{"rendered":"Denizlerde Ne Var Ne Yok &#8211; Profes\u00f6r \u00c7okbilmi\u015f \u0130le Memo 2"},"content":{"rendered":"<p>Profes\u00f6r \u00c7okbilmi\u015f, bu kitapta sizi Merakl\u0131 Memo\u2019nun sorular\u0131yla masmavi sularda ke\u015ffe \u00e7\u0131kar\u0131yor! En korkun\u00e7 deniz canl\u0131lar\u0131yla tan\u0131\u015f\u0131yor, deniz fenerlerini inceliyorlar. Okyanuslar\u0131n dibindeki volkanlar\u0131 g\u00f6r\u00fcyorlar. Kristof Kolomb gibi yeni k\u0131talar ke\u015ffediyor, batm\u0131\u015f adalar\u0131 ortaya \u00e7\u0131kar\u0131yor, a\u00e7\u0131k denizlere s\u00fcr\u00fckleniyorlar. Profes\u00f6r \u00c7okbilmi\u015f ile Memo\u2019nun   heyecan dolu deniz ser\u00fcveni sizleri bekliyor.<\/p>\n","protected":false},"excerpt":{"rendered":"<p>Profes\u00f6r \u00c7okbilmi\u015f, bu kitapta sizi Merakl\u0131 Memo\u2019nun sorular\u0131yla masmavi sularda ke\u015ffe \u00e7\u0131kar\u0131yor! En korkun\u00e7 deniz canl\u0131lar\u0131yla tan\u0131\u015f\u0131yor, deniz fenerlerini inceliyorlar. Okyanuslar\u0131n dibindeki volkanlar\u0131 g\u00f6r\u00fcyorlar. Kristof Kolomb<span class=\"excerpt-hellip\"> [\u2026]<\/span><\/p>\n","protected":false},"featured_media":0,"template":"","meta":{"_monsterinsights_skip_tracking":false,"_monsterinsights_sitenote_active":false,"_monsterinsights_sitenote_note":"","_monsterinsights_sitenote_category":0},"product_brand":[],"product_cat":[12275,12274],"product_tag":[],"class_list":{"0":"post-775853","1":"product","2":"type-product","3":"status-publish","5":"product_cat-6-12-yas-kitaplari","6":"product_cat-cocuk-ve-genclik-kitaplari","7":"pa_cilt-ciltsiz","8":"pa_tur-kitap","9":"pa_yayinevi-genc-hayat","10":"pa_yazar-erdogan-ogultekin","12":"first","13":"instock","14":"sale","15":"shipping-taxable","16":"purchasable","17":"product-type-simple"},"_links":{"self":[{"href":"https:\/\/roveyayinevi.com.tr\/index.php\/wp-json\/wp\/v2\/product\/775853","targetHints":{"allow":["GET"]}}],"collection":[{"href":"https:\/\/roveyayinevi.com.tr\/index.php\/wp-json\/wp\/v2\/product"}],"about":[{"href":"https:\/\/roveyayinevi.com.tr\/index.php\/wp-json\/wp\/v2\/types\/product"}],"wp:attachment":[{"href":"https:\/\/roveyayinevi.com.tr\/index.php\/wp-json\/wp\/v2\/media?parent=775853"}],"wp:term":[{"taxonomy":"product_brand","embeddable":true,"href":"https:\/\/roveyayinevi.com.tr\/index.php\/wp-json\/wp\/v2\/product_brand?post=775853"},{"taxonomy":"product_cat","embeddable":true,"href":"https:\/\/roveyayinevi.com.tr\/index.php\/wp-json\/wp\/v2\/product_cat?post=775853"},{"taxonomy":"product_tag","embeddable":true,"href":"https:\/\/roveyayinevi.com.tr\/index.php\/wp-json\/wp\/v2\/product_tag?post=775853"}],"curies":[{"name":"wp","href":"https:\/\/api.w.org\/{rel}","templated":true}]}}