{"id":775845,"date":"2025-09-17T22:58:26","date_gmt":"2025-09-17T19:58:26","guid":{"rendered":"https:\/\/roveyayinevi.com.tr\/index.php\/urun\/yedi-canli-cumhuriyet\/"},"modified":"2026-04-16T02:22:55","modified_gmt":"2026-04-15T23:22:55","slug":"yedi-canli-cumhuriyet","status":"publish","type":"product","link":"https:\/\/roveyayinevi.com.tr\/index.php\/urun\/yedi-canli-cumhuriyet\/","title":{"rendered":"Yedi Canl\u0131 Cumhuriyet"},"content":{"rendered":"<p>\u00d6zdemir \u0130nce\u2019nin \u201cCumhuriyet \u00dc\u00e7lemesi\u201d ele\u015ftirel denemelerinin ilk kitab\u0131 \u201cYedi Canl\u0131 Cumhuriyet\u201d T\u00fcrkiye\u2019nin \u00e7a\u011fda\u015fla\u015fma ser\u00fcveninin s\u00fcr\u00fcklendi\u011fi girdab\u0131n tan\u0131kl\u0131\u011f\u0131na ayna tutuyor.Cumhuriyet\u2019in kurulu\u015f felsefesinin yok edilmeye \u00e7al\u0131\u015f\u0131ld\u0131\u011f\u0131 bir s\u00fcrecin sorgusunu zaman\u0131n ruhu d\u00fc\u015f\u00fcncesiyle yap\u0131yor \u0130nce.Bir t\u00fcr topyek\u00fbn yok etme, silme, kurucu d\u00fc\u015f\u00fcnceyi d\u00f6n\u00fc\u015ft\u00fcrme hamlesine bir kar\u015f\u0131 duru\u015fun yaz\u0131lar\u0131d\u0131r bunlar.- Feridun Anda\u00e7\u201cSon saptama olarak: Cumhuriyet Devrimi\u2019nin art\u0131k iktidarda olmad\u0131\u011f\u0131n\u0131 s\u00f6yleyebiliriz. Kar\u015f\u0131devrim iktidardad\u0131r. Peki, ne yapmal\u0131? Yap\u0131lmas\u0131 ve yap\u0131lmamas\u0131 gerekenleri, bir \u00f6ng\u00f6r\u00fc olarak Yedi Canl\u0131 Cumhuriyet\u2019te okuyacaks\u0131n\u0131z.\u201d<\/p>\n","protected":false},"excerpt":{"rendered":"<p>\u00d6zdemir \u0130nce\u2019nin \u201cCumhuriyet \u00dc\u00e7lemesi\u201d ele\u015ftirel denemelerinin ilk kitab\u0131 \u201cYedi Canl\u0131 Cumhuriyet\u201d T\u00fcrkiye\u2019nin \u00e7a\u011fda\u015fla\u015fma ser\u00fcveninin s\u00fcr\u00fcklendi\u011fi girdab\u0131n tan\u0131kl\u0131\u011f\u0131na ayna tutuyor.Cumhuriyet\u2019in kurulu\u015f felsefesinin yok edilmeye \u00e7al\u0131\u015f\u0131ld\u0131\u011f\u0131 bir s\u00fcrecin<span class=\"excerpt-hellip\"> [\u2026]<\/span><\/p>\n","protected":false},"featured_media":0,"template":"","meta":{"_monsterinsights_skip_tracking":false,"_monsterinsights_sitenote_active":false,"_monsterinsights_sitenote_note":"","_monsterinsights_sitenote_category":0},"product_brand":[],"product_cat":[12777,12291],"product_tag":[],"class_list":{"0":"post-775845","1":"product","2":"type-product","3":"status-publish","5":"product_cat-deneme","6":"product_cat-edebiyat","7":"pa_cilt-ciltsiz","8":"pa_tur-kitap","9":"pa_yayinevi-eksik-parca-yayinlari","10":"pa_yazar-ozdemir-ince","12":"first","13":"instock","14":"sale","15":"shipping-taxable","16":"purchasable","17":"product-type-simple"},"_links":{"self":[{"href":"https:\/\/roveyayinevi.com.tr\/index.php\/wp-json\/wp\/v2\/product\/775845","targetHints":{"allow":["GET"]}}],"collection":[{"href":"https:\/\/roveyayinevi.com.tr\/index.php\/wp-json\/wp\/v2\/product"}],"about":[{"href":"https:\/\/roveyayinevi.com.tr\/index.php\/wp-json\/wp\/v2\/types\/product"}],"wp:attachment":[{"href":"https:\/\/roveyayinevi.com.tr\/index.php\/wp-json\/wp\/v2\/media?parent=775845"}],"wp:term":[{"taxonomy":"product_brand","embeddable":true,"href":"https:\/\/roveyayinevi.com.tr\/index.php\/wp-json\/wp\/v2\/product_brand?post=775845"},{"taxonomy":"product_cat","embeddable":true,"href":"https:\/\/roveyayinevi.com.tr\/index.php\/wp-json\/wp\/v2\/product_cat?post=775845"},{"taxonomy":"product_tag","embeddable":true,"href":"https:\/\/roveyayinevi.com.tr\/index.php\/wp-json\/wp\/v2\/product_tag?post=775845"}],"curies":[{"name":"wp","href":"https:\/\/api.w.org\/{rel}","templated":true}]}}