{"id":775838,"date":"2025-09-17T16:13:50","date_gmt":"2025-09-17T13:13:50","guid":{"rendered":"https:\/\/roveyayinevi.com.tr\/index.php\/urun\/felsefi-masallar\/"},"modified":"2026-04-16T02:24:34","modified_gmt":"2026-04-15T23:24:34","slug":"felsefi-masallar","status":"publish","type":"product","link":"https:\/\/roveyayinevi.com.tr\/index.php\/urun\/felsefi-masallar\/","title":{"rendered":"Felsefi Masallar"},"content":{"rendered":"<p>Felsefi masallar: Hik\u00e2yeler, kurgular, uydurmalar, yanl\u0131\u015f ifadeler, hileler, palavralar, kuyruklu yalanlar. Ya da sadece yanl\u0131\u015f beyanlar, ka\u00e7amak cevaplar ve tamamen ger\u00e7e\u011fe dayal\u0131 olmayan anlat\u0131lar&#8230; Elinizdeki kitap, b\u00fcy\u00fck felsefi masallar\u0131 derleyen, \u00e7\u00f6z\u00fcmleyen ve nakleden, bir t\u00fcr \u201calternatif\u201d felsefe tarihi \u00e7al\u0131\u015fmas\u0131. Felsefenin kendisine uygulanan felsefi bir yakla\u015f\u0131m. Bu yakla\u015f\u0131m baz\u0131 kritik sorular\u0131 tetiklemekte: B\u00fcy\u00fck filozoflar nereden geliyor? Fikirlerinin kayna\u011f\u0131 ne? Neyin \u00f6nemli, neyin \u00f6nemsiz oldu\u011funa kim karar veriyor? Filozoflar i\u00e7inde neredeyse hi\u00e7 kad\u0131n olmamas\u0131 ve \u00e7o\u011funun varl\u0131kl\u0131 aristokrat erkeklerden olu\u015fmas\u0131 bir tesad\u00fcf m\u00fc? \u00c7inli ve Hintli filozoflar\u0131n Avrupa \u00fczerindeki etkisi \u00e7ok mu azd\u0131 ger\u00e7ekten? Neden Descartes\u2019\u0131n \u201cmodern\u201d felsefesi Tanr\u0131\u2019ya ili\u015fkin geriye d\u00f6n\u00fck referanslarla dolu? Hegel (Schopenhauer\u2019in iddia etti\u011fi gibi) yazmay\u0131 beceremeyen bir budala m\u0131, ya da basit\u00e7e, \u00e7o\u011fumuz i\u00e7in \u00e7ok mu zor? Yoksa \u015fu devasa bilgi mabedinin Marksist tarzda bir yap\u0131s\u00f6k\u00fcm\u00fcne mi giri\u015fmek gerekiyor? Bu kitap, muhte\u015fem bir denize parmaklar\u0131n\u0131n ucunu dald\u0131rmak veya belki de birka\u00e7 yeni siman\u0131n girmesine izin vermek i\u00e7in felsefi Pantheon\u2019u biraz \u201citeleme\u201d giri\u015fimidir. Elbette ama\u00e7 \u201cy\u0131kmak\u201d de\u011fil, felsefenin yeniden canland\u0131r\u0131lmas\u0131. Mesele, \u201cfilozoflar\u201d\u0131n geri kalan\u0131m\u0131zdan farkl\u0131 olmalar\u0131n\u0131n gerekip gerekmedi\u011fi ya da hakiki filozoflar olup olmad\u0131klar\u0131 yahut bizzat felsefenin t\u00fcmden sa\u00e7mal\u0131k, z\u0131rva, palavra, bo\u015f laf ve \u0131v\u0131r z\u0131v\u0131r olup olmamas\u0131 de\u011fil. Mesele, daha ziyade, felsefenin \u00e7ok daha m\u00fc\u015fterek bir s\u00fcre\u00e7 olmas\u0131 ve bilgiyi hiyerar\u015fik olarak in\u015fa etmek isteyenlerin bilinmesini istedi\u011finden \u00e7ok daha incelikli olmas\u0131d\u0131r; herkes i\u00e7in felsefe ve d\u00fc\u015f\u00fcncenin, herkes i\u00e7in olabildi\u011fince demokratikle\u015fmesi&#8230; MARTIN COHEN <\/p>\n","protected":false},"excerpt":{"rendered":"<p>Felsefi masallar: Hik\u00e2yeler, kurgular, uydurmalar, yanl\u0131\u015f ifadeler, hileler, palavralar, kuyruklu yalanlar. Ya da sadece yanl\u0131\u015f beyanlar, ka\u00e7amak cevaplar ve tamamen ger\u00e7e\u011fe dayal\u0131 olmayan anlat\u0131lar&#8230; Elinizdeki kitap,<span class=\"excerpt-hellip\"> [\u2026]<\/span><\/p>\n","protected":false},"featured_media":0,"template":"","meta":{"_monsterinsights_skip_tracking":false,"_monsterinsights_sitenote_active":false,"_monsterinsights_sitenote_note":"","_monsterinsights_sitenote_category":0},"product_brand":[],"product_cat":[12388,13555],"product_tag":[],"class_list":{"0":"post-775838","1":"product","2":"type-product","3":"status-publish","5":"product_cat-felsefe","6":"product_cat-genel-felsefe","7":"pa_cilt-ciltsiz","8":"pa_tur-kitap","9":"pa_yayinevi-ayrinti-yayinlari","10":"pa_yazar-martin-cohen","12":"first","13":"instock","14":"sale","15":"shipping-taxable","16":"purchasable","17":"product-type-simple"},"_links":{"self":[{"href":"https:\/\/roveyayinevi.com.tr\/index.php\/wp-json\/wp\/v2\/product\/775838","targetHints":{"allow":["GET"]}}],"collection":[{"href":"https:\/\/roveyayinevi.com.tr\/index.php\/wp-json\/wp\/v2\/product"}],"about":[{"href":"https:\/\/roveyayinevi.com.tr\/index.php\/wp-json\/wp\/v2\/types\/product"}],"wp:attachment":[{"href":"https:\/\/roveyayinevi.com.tr\/index.php\/wp-json\/wp\/v2\/media?parent=775838"}],"wp:term":[{"taxonomy":"product_brand","embeddable":true,"href":"https:\/\/roveyayinevi.com.tr\/index.php\/wp-json\/wp\/v2\/product_brand?post=775838"},{"taxonomy":"product_cat","embeddable":true,"href":"https:\/\/roveyayinevi.com.tr\/index.php\/wp-json\/wp\/v2\/product_cat?post=775838"},{"taxonomy":"product_tag","embeddable":true,"href":"https:\/\/roveyayinevi.com.tr\/index.php\/wp-json\/wp\/v2\/product_tag?post=775838"}],"curies":[{"name":"wp","href":"https:\/\/api.w.org\/{rel}","templated":true}]}}