{"id":775832,"date":"2025-09-17T15:04:57","date_gmt":"2025-09-17T12:04:57","guid":{"rendered":"https:\/\/roveyayinevi.com.tr\/index.php\/urun\/cirpinislar\/"},"modified":"2026-04-16T02:14:54","modified_gmt":"2026-04-15T23:14:54","slug":"cirpinislar","status":"publish","type":"product","link":"https:\/\/roveyayinevi.com.tr\/index.php\/urun\/cirpinislar\/","title":{"rendered":"\u00c7\u0131rp\u0131n\u0131\u015flar"},"content":{"rendered":"<p>Sen yoksun.Ve ben, bir \u015feye yaramay\u0131 bo\u015fu bo\u015funa bekleyen bo\u015f posta kutusu gibi tozlan\u0131p duruyorum burada.\u015eimdi: \u00dcz\u00fcn\u00e7.\u015eimdi, ge\u00e7mi\u015f gitmi\u015f bir trenin hi\u00e7 de uzakla\u015fmak istemeyen o doyulmaz kokusu g\u00fczel g\u00fczel girmi\u015f olsun aram\u0131za.Evet ama, ni\u00e7in bir tren?..Akasya ile tren kokusuna benziyor \u00e7\u00fcnk\u00fc yoksunluk. Kalm\u0131\u015f akasya. Gitmi\u015f tren kokusu&#8230; <\/p>\n","protected":false},"excerpt":{"rendered":"<p>Sen yoksun.Ve ben, bir \u015feye yaramay\u0131 bo\u015fu bo\u015funa bekleyen bo\u015f posta kutusu gibi tozlan\u0131p duruyorum burada.\u015eimdi: \u00dcz\u00fcn\u00e7.\u015eimdi, ge\u00e7mi\u015f gitmi\u015f bir trenin hi\u00e7 de uzakla\u015fmak istemeyen o<span class=\"excerpt-hellip\"> [\u2026]<\/span><\/p>\n","protected":false},"featured_media":0,"template":"","meta":{"_monsterinsights_skip_tracking":false,"_monsterinsights_sitenote_active":false,"_monsterinsights_sitenote_note":"","_monsterinsights_sitenote_category":0},"product_brand":[],"product_cat":[12291,12509],"product_tag":[],"class_list":{"0":"post-775832","1":"product","2":"type-product","3":"status-publish","5":"product_cat-edebiyat","6":"product_cat-siir","7":"pa_cilt-ciltsiz","8":"pa_tur-kitap","9":"pa_yayinevi-is-bankasi-kultur-yayinlari","10":"pa_yazar-necati-tosuner","12":"first","13":"instock","14":"sale","15":"shipping-taxable","16":"purchasable","17":"product-type-simple"},"_links":{"self":[{"href":"https:\/\/roveyayinevi.com.tr\/index.php\/wp-json\/wp\/v2\/product\/775832","targetHints":{"allow":["GET"]}}],"collection":[{"href":"https:\/\/roveyayinevi.com.tr\/index.php\/wp-json\/wp\/v2\/product"}],"about":[{"href":"https:\/\/roveyayinevi.com.tr\/index.php\/wp-json\/wp\/v2\/types\/product"}],"wp:attachment":[{"href":"https:\/\/roveyayinevi.com.tr\/index.php\/wp-json\/wp\/v2\/media?parent=775832"}],"wp:term":[{"taxonomy":"product_brand","embeddable":true,"href":"https:\/\/roveyayinevi.com.tr\/index.php\/wp-json\/wp\/v2\/product_brand?post=775832"},{"taxonomy":"product_cat","embeddable":true,"href":"https:\/\/roveyayinevi.com.tr\/index.php\/wp-json\/wp\/v2\/product_cat?post=775832"},{"taxonomy":"product_tag","embeddable":true,"href":"https:\/\/roveyayinevi.com.tr\/index.php\/wp-json\/wp\/v2\/product_tag?post=775832"}],"curies":[{"name":"wp","href":"https:\/\/api.w.org\/{rel}","templated":true}]}}