{"id":775816,"date":"2025-09-15T17:56:54","date_gmt":"2025-09-15T14:56:54","guid":{"rendered":"https:\/\/roveyayinevi.com.tr\/index.php\/urun\/ydt-ingilizce-kelimeleri-yabanci-dil-testi\/"},"modified":"2026-04-06T13:49:41","modified_gmt":"2026-04-06T10:49:41","slug":"ydt-ingilizce-kelimeleri-yabanci-dil-testi","status":"publish","type":"product","link":"https:\/\/roveyayinevi.com.tr\/index.php\/urun\/ydt-ingilizce-kelimeleri-yabanci-dil-testi\/","title":{"rendered":"YDT \u0130ngilizce Kelimeleri (Yabanc\u0131 Dil Testi)"},"content":{"rendered":"<p>Bu kitap ve uygulamayla ne kazan\u0131rs\u0131n? YDT, \u00f6\u011frencilerin dil bilgisi, kelime bilgisi, metin okuma, okudu\u011funu anlama ve \u00e7eviri becerilerini \u00f6l\u00e7mektedir. Bu nedenle, dil bilgisi konular\u0131n\u0131n d\u0131\u015f\u0131nda, okudu\u011funu anlama ve metin okuma ile \u00e7eviri becerilerini geli\u015ftirebilmek i\u00e7in kelime bilgisi de g\u00fc\u00e7lendirilmelidir. Bu kitap ve mobil uygulama, YDT\u2019ye haz\u0131rlanan \u00f6\u011frenciler i\u00e7in m\u00fcfredata uygun \u015fekilde, YDT\u2019de \u00e7\u0131km\u0131\u015f ve \u00e7\u0131kma ihtimali y\u00fcksek olan \u0130ngilizce kelimeler esas al\u0131narak haz\u0131rlanm\u0131\u015ft\u0131r.<\/p>\n","protected":false},"excerpt":{"rendered":"<p>Bu kitap ve uygulamayla ne kazan\u0131rs\u0131n? YDT, \u00f6\u011frencilerin dil bilgisi, kelime bilgisi, metin okuma, okudu\u011funu anlama ve \u00e7eviri becerilerini \u00f6l\u00e7mektedir. Bu nedenle, dil bilgisi konular\u0131n\u0131n d\u0131\u015f\u0131nda,<span class=\"excerpt-hellip\"> [\u2026]<\/span><\/p>\n","protected":false},"featured_media":0,"template":"","meta":{"_monsterinsights_skip_tracking":false,"_monsterinsights_sitenote_active":false,"_monsterinsights_sitenote_note":"","_monsterinsights_sitenote_category":0},"product_brand":[],"product_cat":[12566],"product_tag":[],"class_list":{"0":"post-775816","1":"product","2":"type-product","3":"status-publish","5":"product_cat-egitim","6":"pa_cilt-ciltsiz","7":"pa_tur-kitap","8":"pa_yayinevi-delta-kultur-yayinevi","9":"pa_yazar-gokce-dilek-cetin","11":"first","12":"instock","13":"sale","14":"shipping-taxable","15":"purchasable","16":"product-type-simple"},"_links":{"self":[{"href":"https:\/\/roveyayinevi.com.tr\/index.php\/wp-json\/wp\/v2\/product\/775816","targetHints":{"allow":["GET"]}}],"collection":[{"href":"https:\/\/roveyayinevi.com.tr\/index.php\/wp-json\/wp\/v2\/product"}],"about":[{"href":"https:\/\/roveyayinevi.com.tr\/index.php\/wp-json\/wp\/v2\/types\/product"}],"wp:attachment":[{"href":"https:\/\/roveyayinevi.com.tr\/index.php\/wp-json\/wp\/v2\/media?parent=775816"}],"wp:term":[{"taxonomy":"product_brand","embeddable":true,"href":"https:\/\/roveyayinevi.com.tr\/index.php\/wp-json\/wp\/v2\/product_brand?post=775816"},{"taxonomy":"product_cat","embeddable":true,"href":"https:\/\/roveyayinevi.com.tr\/index.php\/wp-json\/wp\/v2\/product_cat?post=775816"},{"taxonomy":"product_tag","embeddable":true,"href":"https:\/\/roveyayinevi.com.tr\/index.php\/wp-json\/wp\/v2\/product_tag?post=775816"}],"curies":[{"name":"wp","href":"https:\/\/api.w.org\/{rel}","templated":true}]}}