{"id":775794,"date":"2025-09-15T09:58:24","date_gmt":"2025-09-15T06:58:24","guid":{"rendered":"https:\/\/roveyayinevi.com.tr\/index.php\/urun\/deli-cocugun-guncesi\/"},"modified":"2026-04-16T02:08:51","modified_gmt":"2026-04-15T23:08:51","slug":"deli-cocugun-guncesi","status":"publish","type":"product","link":"https:\/\/roveyayinevi.com.tr\/index.php\/urun\/deli-cocugun-guncesi\/","title":{"rendered":"Deli \u00c7ocu\u011fun G\u00fcncesi"},"content":{"rendered":"<p>Bazen insanlar kadar paragraflar da anlams\u0131zla\u015f\u0131r. Hi\u00e7bir s\u00f6zc\u00fck seni anlamaz, anlatamaz, yazd\u0131ramaz. \u00c7aresiz b\u0131rak\u0131rlar seni, suskunlu\u011fa terk edersin kendini. Sonra biraz daha ac\u0131 \u00e7ekersin, h\u00fcz\u00fcn \u00e7uval\u0131na eklersin bir \u015feyler, tekrar yazmaya kalkars\u0131n ve sonra fazlas\u0131yla yazars\u0131n.<\/p>\n","protected":false},"excerpt":{"rendered":"<p>Bazen insanlar kadar paragraflar da anlams\u0131zla\u015f\u0131r. Hi\u00e7bir s\u00f6zc\u00fck seni anlamaz, anlatamaz, yazd\u0131ramaz. \u00c7aresiz b\u0131rak\u0131rlar seni, suskunlu\u011fa terk edersin kendini. Sonra biraz daha ac\u0131 \u00e7ekersin, h\u00fcz\u00fcn \u00e7uval\u0131na<span class=\"excerpt-hellip\"> [\u2026]<\/span><\/p>\n","protected":false},"featured_media":0,"template":"","meta":{"_monsterinsights_skip_tracking":false,"_monsterinsights_sitenote_active":false,"_monsterinsights_sitenote_note":"","_monsterinsights_sitenote_category":0},"product_brand":[],"product_cat":[12777,12291],"product_tag":[],"class_list":{"0":"post-775794","1":"product","2":"type-product","3":"status-publish","5":"product_cat-deneme","6":"product_cat-edebiyat","7":"pa_cilt-ciltsiz","8":"pa_tur-kitap","9":"pa_yayinevi-destek-yayinlari","10":"pa_yazar-ozgur-bacaksiz","12":"first","13":"instock","14":"sale","15":"shipping-taxable","16":"purchasable","17":"product-type-simple"},"_links":{"self":[{"href":"https:\/\/roveyayinevi.com.tr\/index.php\/wp-json\/wp\/v2\/product\/775794","targetHints":{"allow":["GET"]}}],"collection":[{"href":"https:\/\/roveyayinevi.com.tr\/index.php\/wp-json\/wp\/v2\/product"}],"about":[{"href":"https:\/\/roveyayinevi.com.tr\/index.php\/wp-json\/wp\/v2\/types\/product"}],"wp:attachment":[{"href":"https:\/\/roveyayinevi.com.tr\/index.php\/wp-json\/wp\/v2\/media?parent=775794"}],"wp:term":[{"taxonomy":"product_brand","embeddable":true,"href":"https:\/\/roveyayinevi.com.tr\/index.php\/wp-json\/wp\/v2\/product_brand?post=775794"},{"taxonomy":"product_cat","embeddable":true,"href":"https:\/\/roveyayinevi.com.tr\/index.php\/wp-json\/wp\/v2\/product_cat?post=775794"},{"taxonomy":"product_tag","embeddable":true,"href":"https:\/\/roveyayinevi.com.tr\/index.php\/wp-json\/wp\/v2\/product_tag?post=775794"}],"curies":[{"name":"wp","href":"https:\/\/api.w.org\/{rel}","templated":true}]}}