{"id":775741,"date":"2025-09-13T21:56:37","date_gmt":"2025-09-13T18:56:37","guid":{"rendered":"https:\/\/roveyayinevi.com.tr\/index.php\/urun\/d-e-r-i-n-l-e-s\/"},"modified":"2026-04-15T03:38:46","modified_gmt":"2026-04-15T00:38:46","slug":"d-e-r-i-n-l-e-s","status":"publish","type":"product","link":"https:\/\/roveyayinevi.com.tr\/index.php\/urun\/d-e-r-i-n-l-e-s\/","title":{"rendered":"D-e-r-i-n-l-e-\u015f"},"content":{"rendered":"<p>Sevgili \u00f6\u011fretmenim,   \u201cD-e-r-i-n-le-\u015f\u201d senin i\u00e7in yaz\u0131ld\u0131. Hepimizin hayat\u0131nda, iyi ya da k\u00f6t\u00fc iz b\u0131rakan bir \u00f6\u011fretmen vard\u0131r. Her \u00f6\u011fretmen, \u00f6\u011frencilerinin hayat\u0131nda nas\u0131l bir iz b\u0131rakaca\u011f\u0131n\u0131 kendisi se\u00e7er. T\u0131pk\u0131 parmak izimiz gibi, bu iz de biriciktir. Ve t\u0131pk\u0131 bizler gibi, bu iz de de\u011fi\u015febilir, d\u00f6n\u00fc\u015febilir, geli\u015febilir. Haydi gel, e\u011fitim felsefesinden ba\u015flayarak mesle\u011fimizi ad\u0131m ad\u0131m yeniden ke\u015ffedece\u011fimiz bir yolculu\u011fa \u00e7\u0131kal\u0131m. Bu yolculukta bize kitaplar, filmler, yarat\u0131c\u0131 projeler ve ilham verici konu\u015fmalar e\u015flik etsin. Mola verdi\u011fimizde oyunlar oynayal\u0131m, projeler \u00fcretelim, anketler yapal\u0131m. Soluklan\u0131rken d\u00fc\u015f\u00fcnelim. D\u00fc\u015f\u00fcnelim ve de\u011fi\u015ftirelim. Ve yeniden, \u00f6\u011fretmen olman\u0131n anlam\u0131n\u0131, sorumlulu\u011funu ve g\u00fcc\u00fcn\u00fc birlikte hissedelim. Benimle \u201cD-e-r-i-n-l-e-\u015f\u201dmeye haz\u0131r m\u0131s\u0131n? <\/p>\n","protected":false},"excerpt":{"rendered":"<p>Sevgili \u00f6\u011fretmenim, \u201cD-e-r-i-n-le-\u015f\u201d senin i\u00e7in yaz\u0131ld\u0131. Hepimizin hayat\u0131nda, iyi ya da k\u00f6t\u00fc iz b\u0131rakan bir \u00f6\u011fretmen vard\u0131r. Her \u00f6\u011fretmen, \u00f6\u011frencilerinin hayat\u0131nda nas\u0131l bir iz b\u0131rakaca\u011f\u0131n\u0131 kendisi<span class=\"excerpt-hellip\"> [\u2026]<\/span><\/p>\n","protected":false},"featured_media":0,"template":"","meta":{"_monsterinsights_skip_tracking":false,"_monsterinsights_sitenote_active":false,"_monsterinsights_sitenote_note":"","_monsterinsights_sitenote_category":0},"product_brand":[],"product_cat":[12567,12566],"product_tag":[],"class_list":{"0":"post-775741","1":"product","2":"type-product","3":"status-publish","5":"product_cat-diger-egitim","6":"product_cat-egitim","7":"pa_cilt-ciltsiz","8":"pa_tur-kitap","9":"pa_yayinevi-elma-yayinevi","10":"pa_yazar-cem-balcikanli","12":"first","13":"instock","14":"sale","15":"shipping-taxable","16":"purchasable","17":"product-type-simple"},"_links":{"self":[{"href":"https:\/\/roveyayinevi.com.tr\/index.php\/wp-json\/wp\/v2\/product\/775741","targetHints":{"allow":["GET"]}}],"collection":[{"href":"https:\/\/roveyayinevi.com.tr\/index.php\/wp-json\/wp\/v2\/product"}],"about":[{"href":"https:\/\/roveyayinevi.com.tr\/index.php\/wp-json\/wp\/v2\/types\/product"}],"wp:attachment":[{"href":"https:\/\/roveyayinevi.com.tr\/index.php\/wp-json\/wp\/v2\/media?parent=775741"}],"wp:term":[{"taxonomy":"product_brand","embeddable":true,"href":"https:\/\/roveyayinevi.com.tr\/index.php\/wp-json\/wp\/v2\/product_brand?post=775741"},{"taxonomy":"product_cat","embeddable":true,"href":"https:\/\/roveyayinevi.com.tr\/index.php\/wp-json\/wp\/v2\/product_cat?post=775741"},{"taxonomy":"product_tag","embeddable":true,"href":"https:\/\/roveyayinevi.com.tr\/index.php\/wp-json\/wp\/v2\/product_tag?post=775741"}],"curies":[{"name":"wp","href":"https:\/\/api.w.org\/{rel}","templated":true}]}}