{"id":775733,"date":"2025-09-13T18:34:56","date_gmt":"2025-09-13T15:34:56","guid":{"rendered":"https:\/\/roveyayinevi.com.tr\/index.php\/urun\/ataturkun-katilleri-ve-o-doktor\/"},"modified":"2026-04-16T02:52:40","modified_gmt":"2026-04-15T23:52:40","slug":"ataturkun-katilleri-ve-o-doktor","status":"publish","type":"product","link":"https:\/\/roveyayinevi.com.tr\/index.php\/urun\/ataturkun-katilleri-ve-o-doktor\/","title":{"rendered":"Atat\u00fcrk\u2019\u00fcn Katilleri ve O Doktor"},"content":{"rendered":"<p>\u201cV\u0130CDAN OLMADAN B\u0130L\u0130M, RUHUN HARABES\u0130D\u0130R.\u201d \u2013 FRAN\u00c7OIS RABELAIS   Bu kitapta Atat\u00fcrk\u2019\u00fcn son hastal\u0131\u011f\u0131nda g\u00f6rev alan t\u00fcm doktorlar ve aram\u0131zdan ayr\u0131l\u0131\u015f\u0131na kadar olan t\u00fcm anlara, belgelere ve an\u0131lara kronolojik olarak tan\u0131kl\u0131k edeceksiniz&#8230; \u00d6yle ki o s\u00fcre\u00e7te yurtd\u0131\u015f\u0131ndan gelen ve bug\u00fcne de\u011fin sadece iki sat\u0131rla an\u0131lan \u201c\u00e7ok \u00f6zellikli\u201d (!) doktorlar\u0131n ge\u00e7mi\u015fte ve gelecekte nelerle u\u011fra\u015ft\u0131klar\u0131n\u0131 ve ba\u015flar\u0131na neler geldi\u011fini okuyacaks\u0131n\u0131z. Hele bir doktor var ki Hitler\u2019in g\u00f6z\u00fcn\u00fc kan b\u00fcr\u00fcd\u00fc\u011f\u00fc y\u0131llarda (1933-1944) yapt\u0131\u011f\u0131 \u00f6l\u00fcmc\u00fcl deneylerle ad\u0131ndan s\u00f6z ettirmi\u015f ve ne tesad\u00fcft\u00fcr ki \u201c\u00f6l\u00fcmlerinden k\u0131sa s\u00fcre \u00f6nce\u201d s\u0131ras\u0131yla Romanya Krali\u00e7esi Marie, Asr\u0131n Lideri Atat\u00fcrk, Yunan Ba\u015fbakan\u0131 Metaksas ve Bulgar Kral\u0131 Boris\u2019in te\u015fhis, muayene ve tedavisinde bulunmu\u015ftur. Bir hekim d\u00fc\u015f\u00fcn\u00fcn ki k\u00fct\u00fcphaneden kitap, meslekta\u015flar\u0131n\u0131n laboratuvarlar\u0131ndan testis \u00e7als\u0131n, hastalar\u0131n\u0131n y\u00fcz\u00fcne t\u00fck\u00fcrs\u00fcn, \u00f6len k\u0131z\u0131na evinde otopsi yaps\u0131n. Ve daha nice ahlak yoksunu davran\u0131\u015flar, ak\u0131llara zarar verecek anekdotlar. Peki b\u00f6yle bir doktoru Atat\u00fcrk\u2019\u00fcn tedavisi i\u00e7in kim \u00e7a\u011f\u0131rd\u0131, o doktor ile Asr\u0131n Lideri aras\u0131nda neler ya\u015fand\u0131? T\u00fcm bunlar\u0131n ayr\u0131nt\u0131lar\u0131n\u0131 belgelerle \u00f6\u011frenme f\u0131rsat\u0131n\u0131 bulacaks\u0131n\u0131z. <\/p>\n","protected":false},"excerpt":{"rendered":"<p>\u201cV\u0130CDAN OLMADAN B\u0130L\u0130M, RUHUN HARABES\u0130D\u0130R.\u201d \u2013 FRAN\u00c7OIS RABELAIS Bu kitapta Atat\u00fcrk\u2019\u00fcn son hastal\u0131\u011f\u0131nda g\u00f6rev alan t\u00fcm doktorlar ve aram\u0131zdan ayr\u0131l\u0131\u015f\u0131na kadar olan t\u00fcm anlara, belgelere ve<span class=\"excerpt-hellip\"> [\u2026]<\/span><\/p>\n","protected":false},"featured_media":0,"template":"","meta":{"_monsterinsights_skip_tracking":false,"_monsterinsights_sitenote_active":false,"_monsterinsights_sitenote_note":"","_monsterinsights_sitenote_category":0},"product_brand":[],"product_cat":[12370,12304],"product_tag":[],"class_list":{"0":"post-775733","1":"product","2":"type-product","3":"status-publish","5":"product_cat-arastirma-inceleme","6":"product_cat-tarih","7":"pa_cilt-ciltsiz","8":"pa_tur-kitap","9":"pa_yayinevi-destek-yayinlari","10":"pa_yazar-yasar-gursoy","12":"first","13":"instock","14":"sale","15":"shipping-taxable","16":"purchasable","17":"product-type-simple"},"_links":{"self":[{"href":"https:\/\/roveyayinevi.com.tr\/index.php\/wp-json\/wp\/v2\/product\/775733","targetHints":{"allow":["GET"]}}],"collection":[{"href":"https:\/\/roveyayinevi.com.tr\/index.php\/wp-json\/wp\/v2\/product"}],"about":[{"href":"https:\/\/roveyayinevi.com.tr\/index.php\/wp-json\/wp\/v2\/types\/product"}],"wp:attachment":[{"href":"https:\/\/roveyayinevi.com.tr\/index.php\/wp-json\/wp\/v2\/media?parent=775733"}],"wp:term":[{"taxonomy":"product_brand","embeddable":true,"href":"https:\/\/roveyayinevi.com.tr\/index.php\/wp-json\/wp\/v2\/product_brand?post=775733"},{"taxonomy":"product_cat","embeddable":true,"href":"https:\/\/roveyayinevi.com.tr\/index.php\/wp-json\/wp\/v2\/product_cat?post=775733"},{"taxonomy":"product_tag","embeddable":true,"href":"https:\/\/roveyayinevi.com.tr\/index.php\/wp-json\/wp\/v2\/product_tag?post=775733"}],"curies":[{"name":"wp","href":"https:\/\/api.w.org\/{rel}","templated":true}]}}