{"id":775727,"date":"2025-09-13T16:56:59","date_gmt":"2025-09-13T13:56:59","guid":{"rendered":"https:\/\/roveyayinevi.com.tr\/index.php\/urun\/prelud\/"},"modified":"2026-04-16T02:33:58","modified_gmt":"2026-04-15T23:33:58","slug":"prelud","status":"publish","type":"product","link":"https:\/\/roveyayinevi.com.tr\/index.php\/urun\/prelud\/","title":{"rendered":"Prel\u00fcd"},"content":{"rendered":"<p>\u00d6ns\u00f6z Avrupa&#8217;da 18. y\u00fczy\u0131l\u0131n sonrar\u0131nda ba\u015flay\u0131p 19. y\u00fczy\u0131la uzanan Romantizm ak\u0131m\u0131 edebiyat, ele\u015ftiri, resim, m\u00fczik,mimari gibi bir\u00e7ok alanda, temelde Klasik, \u00f6zelde ise Neoklasik e\u011filimin kar\u015f\u0131t\u0131 \u00f6zellikler ta\u015f\u0131r. Biraz End\u00fcstri Devrimi sonucu kentlerde ortaya \u00e7\u0131kan sefaletten, biraz Frans\u0131z Devrimi&#8217;nin ate\u015fledi\u011fi d\u00fc\u015f\u00fcncelerden ve elbet say\u0131s\u0131z ba\u015fka toplumsal nedenlerden do\u011fan Romantizm, d\u00fczenden, uyumdan, rasyonaliteden, metaryalizmden bunalan insan\u0131n ba\u015fkald\u0131r\u0131\u015f\u0131yla birlikte, bireysel, \u00f6znel, ak\u0131l d\u0131\u015f\u0131, kendili\u011finden, duygusal, gizemci ve a\u015fk\u0131n olan\u0131n \u00f6ne \u00e7\u0131kmas\u0131 demektir&#8230;<\/p>\n","protected":false},"excerpt":{"rendered":"<p>\u00d6ns\u00f6z Avrupa&#8217;da 18. y\u00fczy\u0131l\u0131n sonrar\u0131nda ba\u015flay\u0131p 19. y\u00fczy\u0131la uzanan Romantizm ak\u0131m\u0131 edebiyat, ele\u015ftiri, resim, m\u00fczik,mimari gibi bir\u00e7ok alanda, temelde Klasik, \u00f6zelde ise Neoklasik e\u011filimin kar\u015f\u0131t\u0131 \u00f6zellikler<span class=\"excerpt-hellip\"> [\u2026]<\/span><\/p>\n","protected":false},"featured_media":0,"template":"","meta":{"_monsterinsights_skip_tracking":false,"_monsterinsights_sitenote_active":false,"_monsterinsights_sitenote_note":"","_monsterinsights_sitenote_category":0},"product_brand":[],"product_cat":[12291,12509],"product_tag":[],"class_list":{"0":"post-775727","1":"product","2":"type-product","3":"status-publish","5":"product_cat-edebiyat","6":"product_cat-siir","7":"pa_cilt-ciltsiz","8":"pa_tur-kitap","9":"pa_yayinevi-yapi-kredi-yayinlari","10":"pa_yazar-william-wordsworth","12":"first","13":"instock","14":"sale","15":"shipping-taxable","16":"purchasable","17":"product-type-simple"},"_links":{"self":[{"href":"https:\/\/roveyayinevi.com.tr\/index.php\/wp-json\/wp\/v2\/product\/775727","targetHints":{"allow":["GET"]}}],"collection":[{"href":"https:\/\/roveyayinevi.com.tr\/index.php\/wp-json\/wp\/v2\/product"}],"about":[{"href":"https:\/\/roveyayinevi.com.tr\/index.php\/wp-json\/wp\/v2\/types\/product"}],"wp:attachment":[{"href":"https:\/\/roveyayinevi.com.tr\/index.php\/wp-json\/wp\/v2\/media?parent=775727"}],"wp:term":[{"taxonomy":"product_brand","embeddable":true,"href":"https:\/\/roveyayinevi.com.tr\/index.php\/wp-json\/wp\/v2\/product_brand?post=775727"},{"taxonomy":"product_cat","embeddable":true,"href":"https:\/\/roveyayinevi.com.tr\/index.php\/wp-json\/wp\/v2\/product_cat?post=775727"},{"taxonomy":"product_tag","embeddable":true,"href":"https:\/\/roveyayinevi.com.tr\/index.php\/wp-json\/wp\/v2\/product_tag?post=775727"}],"curies":[{"name":"wp","href":"https:\/\/api.w.org\/{rel}","templated":true}]}}