{"id":775706,"date":"2025-09-12T18:51:28","date_gmt":"2025-09-12T15:51:28","guid":{"rendered":"https:\/\/roveyayinevi.com.tr\/index.php\/urun\/birinci-dunya-savasi\/"},"modified":"2026-04-15T03:42:31","modified_gmt":"2026-04-15T00:42:31","slug":"birinci-dunya-savasi","status":"publish","type":"product","link":"https:\/\/roveyayinevi.com.tr\/index.php\/urun\/birinci-dunya-savasi\/","title":{"rendered":"Birinci D\u00fcnya Sava\u015f\u0131"},"content":{"rendered":"<p>Yirminci y\u00fczy\u0131l \u00fczerinde yaratt\u0131\u011f\u0131 derin etkiyle Birinci D\u00fcnya Sava\u015f\u0131 hem onu ilk elden deneyimleyenleri hem de okul kitaplar\u0131ndan \u00f6\u011frenenleri etkilemeye devam eden kal\u0131c\u0131 bir miras b\u0131rakm\u0131\u015ft\u0131r. Birer teknolojik geli\u015fme olarak u\u00e7aklar, denizalt\u0131lar ve tanklar\u0131n \u00f6nemli rol oynad\u0131\u011f\u0131 ve sava\u015fta \u00f6lenlerin hastal\u0131klara ba\u011fl\u0131 kay\u0131plardan daha fazla oldu\u011fu ilk sava\u015f olmas\u0131yla da dikkat \u00e7ekmektedir. Sava\u015f, Avusturya-Macaristan ve Osmanl\u0131 imparatorluklar\u0131n\u0131n \u00e7\u00f6k\u00fc\u015f\u00fcn\u00fc h\u0131zland\u0131rm\u0131\u015f, Rusya&#8217;da devrimin kataliz\u00f6r\u00fc olmu\u015ftur. Amerika&#8217;n\u0131n sava\u015fa kat\u0131l\u0131m\u0131 ve sava\u015f sonras\u0131 anla\u015fmay\u0131 \u015fekillendirmedeki rol\u00fc, yeni bir k\u00fcresel g\u00fc\u00e7 olarak ortaya \u00e7\u0131k\u0131\u015f\u0131n\u0131n alt\u0131n\u0131 \u00e7izdi. \u00c7ok say\u0131da foto\u011fraf\u0131n da yer ald\u0131\u011f\u0131 bu kitapta, uluslararas\u0131 uzmanlardan olu\u015fan bir ekip sava\u015f\u0131 t\u00fcm farkl\u0131 y\u00f6nleriyle inceliyor. Nedenlerinden sonu\u00e7lar\u0131na, politikac\u0131lar\u0131n stratejilerinden generallerin taktiklerine kadar sava\u015f\u0131n seyri \u00e7iziliyor, siyasi ve insani sonu\u00e7lar\u0131 de\u011ferlendiriliyor. \u201cSava\u015flar\u0131 sona erdiren sava\u015f\u201d\u0131n \u015fiirde ve d\u00fczyaz\u0131da, toplumsal haf\u0131zada ve siyasi k\u00fclt\u00fcrdeki izleri, o ilk Ate\u015fkes G\u00fcn\u00fc&#8217;nden seksen y\u0131l sonra h\u00e2l\u00e2 bizimle\u2026 Bu ayd\u0131nlat\u0131c\u0131 kitap, bu kal\u0131c\u0131 miras\u0131 daha iyi anlamam\u0131za yard\u0131mc\u0131 oluyor.<\/p>\n","protected":false},"excerpt":{"rendered":"<p>Yirminci y\u00fczy\u0131l \u00fczerinde yaratt\u0131\u011f\u0131 derin etkiyle Birinci D\u00fcnya Sava\u015f\u0131 hem onu ilk elden deneyimleyenleri hem de okul kitaplar\u0131ndan \u00f6\u011frenenleri etkilemeye devam eden kal\u0131c\u0131 bir miras b\u0131rakm\u0131\u015ft\u0131r.<span class=\"excerpt-hellip\"> [\u2026]<\/span><\/p>\n","protected":false},"featured_media":0,"template":"","meta":{"_monsterinsights_skip_tracking":false,"_monsterinsights_sitenote_active":false,"_monsterinsights_sitenote_note":"","_monsterinsights_sitenote_category":0},"product_brand":[],"product_cat":[141304],"product_tag":[],"class_list":{"0":"post-775706","1":"product","2":"type-product","3":"status-publish","5":"product_cat-yeni-cikanlar","6":"pa_cilt-ciltsiz","7":"pa_tur-kitap","8":"pa_yayinevi-yeditepe-yayinevi","9":"pa_yazar-kolektif","11":"first","12":"instock","13":"sale","14":"shipping-taxable","15":"purchasable","16":"product-type-simple"},"_links":{"self":[{"href":"https:\/\/roveyayinevi.com.tr\/index.php\/wp-json\/wp\/v2\/product\/775706","targetHints":{"allow":["GET"]}}],"collection":[{"href":"https:\/\/roveyayinevi.com.tr\/index.php\/wp-json\/wp\/v2\/product"}],"about":[{"href":"https:\/\/roveyayinevi.com.tr\/index.php\/wp-json\/wp\/v2\/types\/product"}],"wp:attachment":[{"href":"https:\/\/roveyayinevi.com.tr\/index.php\/wp-json\/wp\/v2\/media?parent=775706"}],"wp:term":[{"taxonomy":"product_brand","embeddable":true,"href":"https:\/\/roveyayinevi.com.tr\/index.php\/wp-json\/wp\/v2\/product_brand?post=775706"},{"taxonomy":"product_cat","embeddable":true,"href":"https:\/\/roveyayinevi.com.tr\/index.php\/wp-json\/wp\/v2\/product_cat?post=775706"},{"taxonomy":"product_tag","embeddable":true,"href":"https:\/\/roveyayinevi.com.tr\/index.php\/wp-json\/wp\/v2\/product_tag?post=775706"}],"curies":[{"name":"wp","href":"https:\/\/api.w.org\/{rel}","templated":true}]}}