{"id":775705,"date":"2025-09-12T18:51:26","date_gmt":"2025-09-12T15:51:26","guid":{"rendered":"https:\/\/roveyayinevi.com.tr\/index.php\/urun\/cocukluk-edebiyati\/"},"modified":"2026-04-15T03:42:30","modified_gmt":"2026-04-15T00:42:30","slug":"cocukluk-edebiyati","status":"publish","type":"product","link":"https:\/\/roveyayinevi.com.tr\/index.php\/urun\/cocukluk-edebiyati\/","title":{"rendered":"\u00c7ocukluk Edebiyat\u0131"},"content":{"rendered":"<p>\u00c7ocukluk Edebiyat\u0131 \u015eilili yazar Alejandro Zambra\u2019n\u0131n baba olu\u015funun d\u00f6n\u00fc\u015ft\u00fcr\u00fcc\u00fc deneyiminden beslenen an\u0131lar, \u015fiirler, denemeler ve \u00f6yk\u00fclerden olu\u015fan t\u00fcrleraras\u0131 bir derleme. Bir baban\u0131n \u00e7ocu\u011funa bakarken ge\u00e7mi\u015fe ve gelece\u011fe yeniden y\u00f6neldi\u011fi, baba ile o\u011ful aras\u0131nda ku\u015faklar boyunca yank\u0131lanan diyalo\u011fun izini s\u00fcren bu metinler edebiyat\u0131n \u00f6z\u00fcnde daima \u201c\u00e7ocuksu\u201d oldu\u011funu hat\u0131rlat\u0131yor.   Mizahi ve i\u00e7ten \u00fcslubuyla Zambra, eri\u015fkinli\u011fin dar kal\u0131plar\u0131ndan s\u0131yr\u0131l\u0131p \u00e7ocuklu\u011fun geni\u015f ufkunda ya\u015fam\u0131 yeniden g\u00f6rmek isteyenlere samimi bir yol arkada\u015fl\u0131\u011f\u0131 sunuyor.   \u201cBu taslaklar\u0131n hi\u00e7biri \u00e7ocukluk edebiyat\u0131 say\u0131lamaz. Yine de hepsi \u00e7ocuklukla ilgili. Seninki henu\u0308z yolun ba\u015f\u0131nda, benimkiyse \u00e7ok uzakta olan \u00e7ocukluk.\u201d <\/p>\n","protected":false},"excerpt":{"rendered":"<p>\u00c7ocukluk Edebiyat\u0131 \u015eilili yazar Alejandro Zambra\u2019n\u0131n baba olu\u015funun d\u00f6n\u00fc\u015ft\u00fcr\u00fcc\u00fc deneyiminden beslenen an\u0131lar, \u015fiirler, denemeler ve \u00f6yk\u00fclerden olu\u015fan t\u00fcrleraras\u0131 bir derleme. Bir baban\u0131n \u00e7ocu\u011funa bakarken ge\u00e7mi\u015fe ve<span class=\"excerpt-hellip\"> [\u2026]<\/span><\/p>\n","protected":false},"featured_media":0,"template":"","meta":{"_monsterinsights_skip_tracking":false,"_monsterinsights_sitenote_active":false,"_monsterinsights_sitenote_note":"","_monsterinsights_sitenote_category":0},"product_brand":[],"product_cat":[141304],"product_tag":[],"class_list":{"0":"post-775705","1":"product","2":"type-product","3":"status-publish","5":"product_cat-yeni-cikanlar","6":"pa_cilt-ciltsiz","7":"pa_tur-kitap","8":"pa_yayinevi-notos-kitap","9":"pa_yazar-alejandro-zambra","11":"first","12":"instock","13":"sale","14":"shipping-taxable","15":"purchasable","16":"product-type-simple"},"_links":{"self":[{"href":"https:\/\/roveyayinevi.com.tr\/index.php\/wp-json\/wp\/v2\/product\/775705","targetHints":{"allow":["GET"]}}],"collection":[{"href":"https:\/\/roveyayinevi.com.tr\/index.php\/wp-json\/wp\/v2\/product"}],"about":[{"href":"https:\/\/roveyayinevi.com.tr\/index.php\/wp-json\/wp\/v2\/types\/product"}],"wp:attachment":[{"href":"https:\/\/roveyayinevi.com.tr\/index.php\/wp-json\/wp\/v2\/media?parent=775705"}],"wp:term":[{"taxonomy":"product_brand","embeddable":true,"href":"https:\/\/roveyayinevi.com.tr\/index.php\/wp-json\/wp\/v2\/product_brand?post=775705"},{"taxonomy":"product_cat","embeddable":true,"href":"https:\/\/roveyayinevi.com.tr\/index.php\/wp-json\/wp\/v2\/product_cat?post=775705"},{"taxonomy":"product_tag","embeddable":true,"href":"https:\/\/roveyayinevi.com.tr\/index.php\/wp-json\/wp\/v2\/product_tag?post=775705"}],"curies":[{"name":"wp","href":"https:\/\/api.w.org\/{rel}","templated":true}]}}