{"id":775694,"date":"2025-09-12T18:50:58","date_gmt":"2025-09-12T15:50:58","guid":{"rendered":"https:\/\/roveyayinevi.com.tr\/index.php\/urun\/an-gecer-golgesi-kalir\/"},"modified":"2026-04-15T03:42:28","modified_gmt":"2026-04-15T00:42:28","slug":"an-gecer-golgesi-kalir","status":"publish","type":"product","link":"https:\/\/roveyayinevi.com.tr\/index.php\/urun\/an-gecer-golgesi-kalir\/","title":{"rendered":"An Ge\u00e7er G\u00f6lgesi Kal\u0131r"},"content":{"rendered":"<p>D\u00fcr\u00fcst \u00f6yk\u00fc olur mu? Evet olur. Postmodern de\u011fil; yazar\u0131n kendi ya\u015fam\u0131ndan ge\u00e7irerek \u00f6rd\u00fc\u011f\u00fc kurmacadan bahsediyorum. Sahte bir hayat de\u011fil, sahici bir hayat. Ezilenlerden yana bir duru\u015f. Filiz Oskay\u2019\u0131n \u00f6yk\u00fclerini okudu\u011fumda yukar\u0131da s\u00f6ylediklerimi iliklerime kadar hissettim. Onun \u00f6yk\u00fcleri g\u00fcn\u00fcme anlam katt\u0131. \u0130htiya\u00e7 duyulan; direni\u015f\u00e7i bir ruh hali, ba\u015fkald\u0131ran, y\u00fcreklendiren \u00f6yk\u00fcler. Filiz Oskay\u2019\u0131n \u00f6yk\u00fcleri i\u00e7in ne s\u00f6ylesem azd\u0131r. Okunas\u0131 \u00f6yk\u00fcler.   Nihat Ziyalan <\/p>\n","protected":false},"excerpt":{"rendered":"<p>D\u00fcr\u00fcst \u00f6yk\u00fc olur mu? Evet olur. Postmodern de\u011fil; yazar\u0131n kendi ya\u015fam\u0131ndan ge\u00e7irerek \u00f6rd\u00fc\u011f\u00fc kurmacadan bahsediyorum. Sahte bir hayat de\u011fil, sahici bir hayat. Ezilenlerden yana bir duru\u015f.<span class=\"excerpt-hellip\"> [\u2026]<\/span><\/p>\n","protected":false},"featured_media":0,"template":"","meta":{"_monsterinsights_skip_tracking":false,"_monsterinsights_sitenote_active":false,"_monsterinsights_sitenote_note":"","_monsterinsights_sitenote_category":0},"product_brand":[],"product_cat":[12291,18202],"product_tag":[],"class_list":{"0":"post-775694","1":"product","2":"type-product","3":"status-publish","5":"product_cat-edebiyat","6":"product_cat-hikaye","7":"pa_cilt-ciltsiz","8":"pa_tur-kitap","9":"pa_yayinevi-yitik-ulke-yayinlari","10":"pa_yazar-filiz-leloglu-oskay","12":"first","13":"instock","14":"sale","15":"shipping-taxable","16":"purchasable","17":"product-type-simple"},"_links":{"self":[{"href":"https:\/\/roveyayinevi.com.tr\/index.php\/wp-json\/wp\/v2\/product\/775694","targetHints":{"allow":["GET"]}}],"collection":[{"href":"https:\/\/roveyayinevi.com.tr\/index.php\/wp-json\/wp\/v2\/product"}],"about":[{"href":"https:\/\/roveyayinevi.com.tr\/index.php\/wp-json\/wp\/v2\/types\/product"}],"wp:attachment":[{"href":"https:\/\/roveyayinevi.com.tr\/index.php\/wp-json\/wp\/v2\/media?parent=775694"}],"wp:term":[{"taxonomy":"product_brand","embeddable":true,"href":"https:\/\/roveyayinevi.com.tr\/index.php\/wp-json\/wp\/v2\/product_brand?post=775694"},{"taxonomy":"product_cat","embeddable":true,"href":"https:\/\/roveyayinevi.com.tr\/index.php\/wp-json\/wp\/v2\/product_cat?post=775694"},{"taxonomy":"product_tag","embeddable":true,"href":"https:\/\/roveyayinevi.com.tr\/index.php\/wp-json\/wp\/v2\/product_tag?post=775694"}],"curies":[{"name":"wp","href":"https:\/\/api.w.org\/{rel}","templated":true}]}}