{"id":775680,"date":"2025-09-12T17:18:47","date_gmt":"2025-09-12T14:18:47","guid":{"rendered":"https:\/\/roveyayinevi.com.tr\/index.php\/urun\/av-serisi-4-lider-ciltli\/"},"modified":"2025-09-12T17:18:47","modified_gmt":"2025-09-12T14:18:47","slug":"av-serisi-4-lider-ciltli","status":"publish","type":"product","link":"https:\/\/roveyayinevi.com.tr\/index.php\/urun\/av-serisi-4-lider-ciltli\/","title":{"rendered":"Av Serisi 4: Lider (Ciltli)"},"content":{"rendered":"<p>Kanl\u0131 Ay vakti\u2026 Tetrad G\u00fcn\u00fc yakla\u015f\u0131rken an\u0131lar k\u0131z\u0131la boyan\u0131yor. Unutulan ge\u00e7mi\u015f dile gelirken t\u00fcm s\u0131rlar ortaya \u00e7\u0131k\u0131yor. A\u015fk, ihaneti, intikam\u0131 ve y\u0131k\u0131m\u0131 beraberinde getiriyor. Hiddenf ield\u2019a geri d\u00f6nmeye haz\u0131r m\u0131s\u0131n\u0131z? Gecenin \u00f6rt\u00fcs\u00fc Hiddenf ield\u2019\u0131n \u00fczerine usulca yerle\u015firken karanl\u0131\u011fa huzursuz edici bir sessizlik h\u00e2kimdi. As\u0131rlar \u00f6ncesinden gelen bir ruhun sessizli\u011fi\u2026Asteria\u2019n\u0131n \u00f6fkeli sessizli\u011fi. Annabelle Jefferson, en b\u00fcy\u00fck ihaneti a\u015fkla ya\u015fad\u0131\u011f\u0131nda ipleri Asteria\u2019n\u0131n eline b\u0131rakt\u0131 ve \u015fimdi kaos hi\u00e7 olmad\u0131\u011f\u0131 kadar harl\u0131. Son ya\u015fanan do\u011fum g\u00fcn\u00fc katliam\u0131ndan sonra Hiddenf ield yaralar\u0131n\u0131 saramadan onlara yenilerini eklemeye kararl\u0131. Sullivan ailesinin k\u00f6k\u00fcn\u00fc kaz\u0131maya yeminler ederken ise ilk a\u015fk\u0131, kar\u015f\u0131 koyamad\u0131\u011f\u0131 zaaf\u0131 ve en b\u00fcy\u00fck d\u00fc\u015fman\u0131 yine kar\u015f\u0131s\u0131nda: Jay Sullivan. Annabelle, Jay de d\u00e2hil her \u015feyi yok etmeye haz\u0131rken a\u015fka, dostlu\u011fa, aileye ve en \u00f6nemlisi de benli\u011fine tutunabilecek mi? \u201cO an bizi izleyen her canl\u0131n\u0131n ikimizde de alev alev yanan g\u00f6zler g\u00f6rece\u011fine emindim. Bak\u0131\u015fmam\u0131z\u0131n konusu, kopacak felaketin ilk sat\u0131r\u0131yd\u0131. Her \u015fey yeni ba\u015fl\u0131yordu.\u201d Uyar\u0131: Yeti\u015fkin okurlar i\u00e7indir. <\/p>\n","protected":false},"excerpt":{"rendered":"<p>Kanl\u0131 Ay vakti\u2026 Tetrad G\u00fcn\u00fc yakla\u015f\u0131rken an\u0131lar k\u0131z\u0131la boyan\u0131yor. Unutulan ge\u00e7mi\u015f dile gelirken t\u00fcm s\u0131rlar ortaya \u00e7\u0131k\u0131yor. A\u015fk, ihaneti, intikam\u0131 ve y\u0131k\u0131m\u0131 beraberinde getiriyor. Hiddenf ield\u2019a<span class=\"excerpt-hellip\"> [\u2026]<\/span><\/p>\n","protected":false},"featured_media":0,"template":"","meta":{"_monsterinsights_skip_tracking":false,"_monsterinsights_sitenote_active":false,"_monsterinsights_sitenote_note":"","_monsterinsights_sitenote_category":0},"product_brand":[],"product_cat":[12291,12711],"product_tag":[],"class_list":{"0":"post-775680","1":"product","2":"type-product","3":"status-publish","5":"product_cat-edebiyat","6":"product_cat-roman-oyku","7":"pa_cilt-ciltli","8":"pa_tur-kitap","9":"pa_yayinevi-ephesus-yayinlari","10":"pa_yazar-m-rise","12":"first","13":"instock","14":"sale","15":"shipping-taxable","16":"purchasable","17":"product-type-simple"},"_links":{"self":[{"href":"https:\/\/roveyayinevi.com.tr\/index.php\/wp-json\/wp\/v2\/product\/775680","targetHints":{"allow":["GET"]}}],"collection":[{"href":"https:\/\/roveyayinevi.com.tr\/index.php\/wp-json\/wp\/v2\/product"}],"about":[{"href":"https:\/\/roveyayinevi.com.tr\/index.php\/wp-json\/wp\/v2\/types\/product"}],"wp:attachment":[{"href":"https:\/\/roveyayinevi.com.tr\/index.php\/wp-json\/wp\/v2\/media?parent=775680"}],"wp:term":[{"taxonomy":"product_brand","embeddable":true,"href":"https:\/\/roveyayinevi.com.tr\/index.php\/wp-json\/wp\/v2\/product_brand?post=775680"},{"taxonomy":"product_cat","embeddable":true,"href":"https:\/\/roveyayinevi.com.tr\/index.php\/wp-json\/wp\/v2\/product_cat?post=775680"},{"taxonomy":"product_tag","embeddable":true,"href":"https:\/\/roveyayinevi.com.tr\/index.php\/wp-json\/wp\/v2\/product_tag?post=775680"}],"curies":[{"name":"wp","href":"https:\/\/api.w.org\/{rel}","templated":true}]}}