{"id":775661,"date":"2025-09-12T11:17:23","date_gmt":"2025-09-12T08:17:23","guid":{"rendered":"https:\/\/roveyayinevi.com.tr\/index.php\/urun\/joseph-fouche\/"},"modified":"2026-04-16T02:15:35","modified_gmt":"2026-04-15T23:15:35","slug":"joseph-fouche","status":"publish","type":"product","link":"https:\/\/roveyayinevi.com.tr\/index.php\/urun\/joseph-fouche\/","title":{"rendered":"Joseph Fouche"},"content":{"rendered":"<p>Stefan Zweig, bu \u00fcnl\u00fc biyografik yap\u0131t\u0131nda, Frans\u0131z Devrimi&#8217;nin en kanl\u0131 g\u00fcnlerinde \u201cLyon Kasab\u0131\u201d ad\u0131yla tarihe ge\u00e7en siyaset adam\u0131 Joseph Fouche&#8217;nin \u00f6yk\u00fcs\u00fcn\u00fc anlat\u0131r. Fouche, Devrim&#8217;den Ter\u00f6r D\u00f6nemi&#8217;ne ve monar\u015fiye, tek ba\u015f\u0131na siyasetin y\u00f6n\u00fcn\u00fc belirleyen her devrin adam\u0131. Balzac&#8217;\u0131n deyi\u015fiyle, \u201cpsikolojik a\u00e7\u0131dan \u00e7a\u011f\u0131n\u0131n en ilgin\u00e7 karakteri.\u201d Zweig&#8217;\u0131n usta kalemiyle \u00e7izdi\u011fi bu portrenin \u00f6rneklerine g\u00fcn\u00fcm\u00fczde de s\u0131k s\u0131k rastlamak m\u00fcmk\u00fcn. B\u00f6ylece eser, g\u00fcncelli\u011finden hi\u00e7bir \u015fey yitirmiyor.Fouche, akl\u0131n\u0131 ve iradesini kontrol edebilen, Makyavelist, g\u00f6z\u00fckara, her t\u00fcrl\u00fc etik ilkeden yoksun, de\u011fi\u015fen ideolojilere ayn\u0131 h\u0131zla uyum g\u00f6steren, iktidar zevkini maskeleyebilen bir politikac\u0131 tipidir. Zweig, Fouche&#8217;nin \u015fahs\u0131nda sadece bir politikac\u0131y\u0131 de\u011fil, \u00e7\u0131kar ve ama\u00e7lar\u0131n\u0131 her \u015feyin \u00fcst\u00fcnde tutan, bu u\u011furda \u00f6n\u00fcndeki her \u015feyi ve herkesi ezip ge\u00e7en, kendini, sadeve kendini d\u00fc\u015f\u00fcnen insan\u0131 anlatmaktad\u0131r asl\u0131nda.G\u00fclperi Sert <\/p>\n","protected":false},"excerpt":{"rendered":"<p>Stefan Zweig, bu \u00fcnl\u00fc biyografik yap\u0131t\u0131nda, Frans\u0131z Devrimi&#8217;nin en kanl\u0131 g\u00fcnlerinde \u201cLyon Kasab\u0131\u201d ad\u0131yla tarihe ge\u00e7en siyaset adam\u0131 Joseph Fouche&#8217;nin \u00f6yk\u00fcs\u00fcn\u00fc anlat\u0131r. Fouche, Devrim&#8217;den Ter\u00f6r D\u00f6nemi&#8217;ne<span class=\"excerpt-hellip\"> [\u2026]<\/span><\/p>\n","protected":false},"featured_media":0,"template":"","meta":{"_monsterinsights_skip_tracking":false,"_monsterinsights_sitenote_active":false,"_monsterinsights_sitenote_note":"","_monsterinsights_sitenote_category":0},"product_brand":[],"product_cat":[14009,12291],"product_tag":[],"class_list":{"0":"post-775661","1":"product","2":"type-product","3":"status-publish","5":"product_cat-biyografi-otobiyografi-edebiyat","6":"product_cat-edebiyat","7":"pa_cilt-ciltsiz","8":"pa_tur-kitap","9":"pa_yayinevi-can-yayinlari","10":"pa_yazar-stefan-zweig","12":"first","13":"instock","14":"sale","15":"shipping-taxable","16":"purchasable","17":"product-type-simple"},"_links":{"self":[{"href":"https:\/\/roveyayinevi.com.tr\/index.php\/wp-json\/wp\/v2\/product\/775661","targetHints":{"allow":["GET"]}}],"collection":[{"href":"https:\/\/roveyayinevi.com.tr\/index.php\/wp-json\/wp\/v2\/product"}],"about":[{"href":"https:\/\/roveyayinevi.com.tr\/index.php\/wp-json\/wp\/v2\/types\/product"}],"wp:attachment":[{"href":"https:\/\/roveyayinevi.com.tr\/index.php\/wp-json\/wp\/v2\/media?parent=775661"}],"wp:term":[{"taxonomy":"product_brand","embeddable":true,"href":"https:\/\/roveyayinevi.com.tr\/index.php\/wp-json\/wp\/v2\/product_brand?post=775661"},{"taxonomy":"product_cat","embeddable":true,"href":"https:\/\/roveyayinevi.com.tr\/index.php\/wp-json\/wp\/v2\/product_cat?post=775661"},{"taxonomy":"product_tag","embeddable":true,"href":"https:\/\/roveyayinevi.com.tr\/index.php\/wp-json\/wp\/v2\/product_tag?post=775661"}],"curies":[{"name":"wp","href":"https:\/\/api.w.org\/{rel}","templated":true}]}}

<p>Stefan Zweig, bu ünlü biyografik yapıtında, Fransız Devrimi&#8217;nin en kanlı günlerinde “Lyon Kasabı” adıyla tarihe geçen siyaset adamı Joseph Fouche&#8217;nin öyküsünü anlatır. Fouche, Devrim&#8217;den Terör Dönemi&#8217;ne ve monarşiye, tek başına siyasetin yönünü belirleyen her devrin adamı. Balzac&#8217;ın deyişiyle, “psikolojik açıdan çağının en ilginç karakteri.” Zweig&#8217;ın usta kalemiyle çizdiği bu portrenin örneklerine günümüzde de sık sık rastlamak mümkün. Böylece eser, güncelliğinden hiçbir şey yitirmiyor.Fouche, aklını ve iradesini kontrol edebilen, Makyavelist, gözükara, her türlü etik ilkeden yoksun, değişen ideolojilere aynı hızla uyum gösteren, iktidar zevkini maskeleyebilen bir politikacı tipidir. Zweig, Fouche&#8217;nin şahsında sadece bir politikacıyı değil, çıkar ve amaçlarını her şeyin üstünde tutan, bu uğurda önündeki her şeyi ve herkesi ezip geçen, kendini, sadeve kendini düşünen insanı anlatmaktadır aslında.Gülperi Sert </p>

<p>Stefan Zweig, bu ünlü biyografik yapıtında, Fransız Devrimi&#8217;nin en kanlı günlerinde “Lyon Kasabı” adıyla tarihe geçen siyaset adamı Joseph Fouche&#8217;nin öyküsünü anlatır. Fouche, Devrim&#8217;den Terör Dönemi&#8217;ne<span class="excerpt-hellip"> […]</span></p>
