{"id":775643,"date":"2025-09-11T17:18:48","date_gmt":"2025-09-11T14:18:48","guid":{"rendered":"https:\/\/roveyayinevi.com.tr\/index.php\/urun\/mina-1-temel-seviye-orta-seviye\/"},"modified":"2026-04-15T03:42:27","modified_gmt":"2026-04-15T00:42:27","slug":"mina-1-temel-seviye-orta-seviye","status":"publish","type":"product","link":"https:\/\/roveyayinevi.com.tr\/index.php\/urun\/mina-1-temel-seviye-orta-seviye\/","title":{"rendered":"Mina -1  Temel Seviye-Orta Seviye"},"content":{"rendered":"<p>Mina Serisi ile Fars\u00e7ay\u0131 \u00d6\u011frenirken Ke\u015ffetmenin Tad\u0131n\u0131 \u00c7\u0131kar\u0131n!       Mina Setini olu\u015fturan 4 ders kitab\u0131n\u0131n her \u00fcnitesinde t\u00fcm dil becerileri dikkate al\u0131nm\u0131\u015f, yabanc\u0131 dil olarak Fars\u00e7a \u00f6\u011frenme ihtiya\u00e7lar\u0131na uygun metin ve g\u00f6rsel se\u00e7imine \u00f6zen g\u00f6sterilmi\u015ftir. Elinizdeki bu kitap, \u00f6nemli dil bilgisi yap\u0131lar\u0131n\u0131 ve kelime bilgilerini do\u011fru telaffuzlar\u0131yla birlikte kolay ve h\u0131zl\u0131 bir \u015fekilde \u00f6\u011frenmenize yard\u0131mc\u0131 olur.       Mina ile Fars\u00e7ay\u0131 ak\u0131c\u0131 bir \u015fekilde konu\u015fabilir, do\u011fru yazabilir, rahatl\u0131kla ileti\u015fim kurabilir ve her \u015feyden \u00f6nce \u0130ran k\u00fclt\u00fcr\u00fcyle tan\u0131\u015fabilirsiniz. Fars\u00e7ay\u0131 Mina Serisi ile \u00f6\u011frenmeye ba\u015flamak i\u00e7in Fars alfabesini bilmeniz yeterlidir. Bu seri, sizi ba\u015flang\u0131\u00e7 seviyesinden ileri seviyeye kadar ad\u0131m ad\u0131m ilerleterek dil bilginizi ve becerilerinizi geli\u015ftirmenizi sa\u011flar.      Mina&#8217;da yarat\u0131c\u0131 \u00f6devler, tak\u0131m \u00e7al\u0131\u015fmas\u0131 ve oyunlara yer verilmi\u015ftir. Mina, multimedya ara\u00e7 ve materyallerini kullanarak Fars\u00e7a \u00f6\u011frenenlere, farkl\u0131 ba\u011flam ve durumlarda ge\u00e7en g\u00fcndelik Fars\u00e7a konu\u015fmalar\u0131 dinleme imkan\u0131 sunar. <\/p>\n","protected":false},"excerpt":{"rendered":"<p>Mina Serisi ile Fars\u00e7ay\u0131 \u00d6\u011frenirken Ke\u015ffetmenin Tad\u0131n\u0131 \u00c7\u0131kar\u0131n! Mina Setini olu\u015fturan 4 ders kitab\u0131n\u0131n her \u00fcnitesinde t\u00fcm dil becerileri dikkate al\u0131nm\u0131\u015f, yabanc\u0131 dil olarak Fars\u00e7a \u00f6\u011frenme<span class=\"excerpt-hellip\"> [\u2026]<\/span><\/p>\n","protected":false},"featured_media":0,"template":"","meta":{"_monsterinsights_skip_tracking":false,"_monsterinsights_sitenote_active":false,"_monsterinsights_sitenote_note":"","_monsterinsights_sitenote_category":0},"product_brand":[],"product_cat":[14597,12566],"product_tag":[],"class_list":{"0":"post-775643","1":"product","2":"type-product","3":"status-publish","5":"product_cat-dil-ogrenimi","6":"product_cat-egitim","7":"pa_cilt-ciltsiz","8":"pa_tur-kitap","9":"pa_yayinevi-bilge-kultur-sanat","10":"pa_yazar-komisyon","12":"first","13":"instock","14":"sale","15":"shipping-taxable","16":"purchasable","17":"product-type-simple"},"_links":{"self":[{"href":"https:\/\/roveyayinevi.com.tr\/index.php\/wp-json\/wp\/v2\/product\/775643","targetHints":{"allow":["GET"]}}],"collection":[{"href":"https:\/\/roveyayinevi.com.tr\/index.php\/wp-json\/wp\/v2\/product"}],"about":[{"href":"https:\/\/roveyayinevi.com.tr\/index.php\/wp-json\/wp\/v2\/types\/product"}],"wp:attachment":[{"href":"https:\/\/roveyayinevi.com.tr\/index.php\/wp-json\/wp\/v2\/media?parent=775643"}],"wp:term":[{"taxonomy":"product_brand","embeddable":true,"href":"https:\/\/roveyayinevi.com.tr\/index.php\/wp-json\/wp\/v2\/product_brand?post=775643"},{"taxonomy":"product_cat","embeddable":true,"href":"https:\/\/roveyayinevi.com.tr\/index.php\/wp-json\/wp\/v2\/product_cat?post=775643"},{"taxonomy":"product_tag","embeddable":true,"href":"https:\/\/roveyayinevi.com.tr\/index.php\/wp-json\/wp\/v2\/product_tag?post=775643"}],"curies":[{"name":"wp","href":"https:\/\/api.w.org\/{rel}","templated":true}]}}