{"id":775636,"date":"2025-09-11T17:18:10","date_gmt":"2025-09-11T14:18:10","guid":{"rendered":"https:\/\/roveyayinevi.com.tr\/index.php\/urun\/tadini-cikar-karsinizda-dinozorlar\/"},"modified":"2026-04-15T03:41:45","modified_gmt":"2026-04-15T00:41:45","slug":"tadini-cikar-karsinizda-dinozorlar","status":"publish","type":"product","link":"https:\/\/roveyayinevi.com.tr\/index.php\/urun\/tadini-cikar-karsinizda-dinozorlar\/","title":{"rendered":"Tad\u0131n\u0131 \u00c7\u0131kar &#8211; Kar\u015f\u0131n\u0131zda Dinozorlar"},"content":{"rendered":"<p>Ara\u015ft\u0131rd\u0131\u011f\u0131n \u015feyler de\u011fi\u015fir; bir arkeolog olup insanl\u0131k tarihine \u0131\u015f\u0131k tutabilir ya da bir paleontolog olup fosilleri inceleyebilirsin. Peki, sen Ankylosaurus ile h\u0131zl\u0131 ko\u015fma yar\u0131\u015f\u0131 m\u0131 yapmak istersin yoksa Argentinosaurus\u2018un dev ayak izlerinde sek sek mi oynamak? Haydi \u00e7evir sayfalar\u0131,bu hik\u00e2yede kahraman olup ara\u015ft\u0131rman\u0131n tad\u0131n\u0131 \u00e7\u0131kar!<\/p>\n","protected":false},"excerpt":{"rendered":"<p>Ara\u015ft\u0131rd\u0131\u011f\u0131n \u015feyler de\u011fi\u015fir; bir arkeolog olup insanl\u0131k tarihine \u0131\u015f\u0131k tutabilir ya da bir paleontolog olup fosilleri inceleyebilirsin. Peki, sen Ankylosaurus ile h\u0131zl\u0131 ko\u015fma yar\u0131\u015f\u0131 m\u0131 yapmak<span class=\"excerpt-hellip\"> [\u2026]<\/span><\/p>\n","protected":false},"featured_media":0,"template":"","meta":{"_monsterinsights_skip_tracking":false,"_monsterinsights_sitenote_active":false,"_monsterinsights_sitenote_note":"","_monsterinsights_sitenote_category":0},"product_brand":[],"product_cat":[12274,12518],"product_tag":[],"class_list":{"0":"post-775636","1":"product","2":"type-product","3":"status-publish","5":"product_cat-cocuk-ve-genclik-kitaplari","6":"product_cat-okul-oncesi-kitaplar","7":"pa_cilt-ciltsiz","8":"pa_tur-kitap","9":"pa_yayinevi-sincap-kitap","10":"pa_yazar-kolektif","12":"first","13":"instock","14":"sale","15":"shipping-taxable","16":"purchasable","17":"product-type-simple"},"_links":{"self":[{"href":"https:\/\/roveyayinevi.com.tr\/index.php\/wp-json\/wp\/v2\/product\/775636","targetHints":{"allow":["GET"]}}],"collection":[{"href":"https:\/\/roveyayinevi.com.tr\/index.php\/wp-json\/wp\/v2\/product"}],"about":[{"href":"https:\/\/roveyayinevi.com.tr\/index.php\/wp-json\/wp\/v2\/types\/product"}],"wp:attachment":[{"href":"https:\/\/roveyayinevi.com.tr\/index.php\/wp-json\/wp\/v2\/media?parent=775636"}],"wp:term":[{"taxonomy":"product_brand","embeddable":true,"href":"https:\/\/roveyayinevi.com.tr\/index.php\/wp-json\/wp\/v2\/product_brand?post=775636"},{"taxonomy":"product_cat","embeddable":true,"href":"https:\/\/roveyayinevi.com.tr\/index.php\/wp-json\/wp\/v2\/product_cat?post=775636"},{"taxonomy":"product_tag","embeddable":true,"href":"https:\/\/roveyayinevi.com.tr\/index.php\/wp-json\/wp\/v2\/product_tag?post=775636"}],"curies":[{"name":"wp","href":"https:\/\/api.w.org\/{rel}","templated":true}]}}