{"id":775626,"date":"2025-09-11T16:41:02","date_gmt":"2025-09-11T13:41:02","guid":{"rendered":"https:\/\/roveyayinevi.com.tr\/index.php\/urun\/tarim-politikalarinin-tarimsal-istihdam-uzerindeki-etkilerinin-degerlendirilmesi-ciftlik-beldesi-tarimkoy-ornegi\/"},"modified":"2026-04-15T03:34:55","modified_gmt":"2026-04-15T00:34:55","slug":"tarim-politikalarinin-tarimsal-istihdam-uzerindeki-etkilerinin-degerlendirilmesi-ciftlik-beldesi-tarimkoy-ornegi","status":"publish","type":"product","link":"https:\/\/roveyayinevi.com.tr\/index.php\/urun\/tarim-politikalarinin-tarimsal-istihdam-uzerindeki-etkilerinin-degerlendirilmesi-ciftlik-beldesi-tarimkoy-ornegi\/","title":{"rendered":"Tar\u0131m Politikalar\u0131n\u0131n Tar\u0131msal \u0130stihdam \u00dczerindeki Etkilerinin De\u011ferlendirilmesi: \u00c7iftlik Beldesi Tar\u0131mk\u00f6y \u00d6rne\u011fi"},"content":{"rendered":"<p>\u0130\u00e7indekiler :   B\u0130R\u0130NC\u0130 B\u00d6L\u00dcM   TARIM SEKT\u00d6R\u00dcNDE \u0130ST\u0130HDAM   \u0130K\u0130NC\u0130 B\u00d6L\u00dcM TARIM SEKT\u00d6R\u00dcNDE \u0130ST\u0130HDAMA Y\u00d6NEL\u0130K POL\u0130T\u0130KALAR   \u00dc\u00c7\u00dcNC\u00dc B\u00d6L\u00dcM ARA\u015eTIRMANIN KAVRAMSAL VE METODOLOJ\u0130K \u00c7ER\u00c7EVES\u0130 <\/p>\n","protected":false},"excerpt":{"rendered":"<p>\u0130\u00e7indekiler : B\u0130R\u0130NC\u0130 B\u00d6L\u00dcM TARIM SEKT\u00d6R\u00dcNDE \u0130ST\u0130HDAM \u0130K\u0130NC\u0130 B\u00d6L\u00dcM TARIM SEKT\u00d6R\u00dcNDE \u0130ST\u0130HDAMA Y\u00d6NEL\u0130K POL\u0130T\u0130KALAR \u00dc\u00c7\u00dcNC\u00dc B\u00d6L\u00dcM ARA\u015eTIRMANIN KAVRAMSAL VE METODOLOJ\u0130K \u00c7ER\u00c7EVES\u0130<\/p>\n","protected":false},"featured_media":0,"template":"","meta":{"_monsterinsights_skip_tracking":false,"_monsterinsights_sitenote_active":false,"_monsterinsights_sitenote_note":"","_monsterinsights_sitenote_category":0},"product_brand":[],"product_cat":[13005,40995],"product_tag":[],"class_list":{"0":"post-775626","1":"product","2":"type-product","3":"status-publish","5":"product_cat-bilim-muhendislik","6":"product_cat-sosyal-bilimler","7":"pa_cilt-ciltsiz","8":"pa_tur-kitap","9":"pa_yayinevi-gazi-kitabevi","10":"pa_yazar-merve-unlu-aslan","12":"first","13":"instock","14":"sale","15":"shipping-taxable","16":"purchasable","17":"product-type-simple"},"_links":{"self":[{"href":"https:\/\/roveyayinevi.com.tr\/index.php\/wp-json\/wp\/v2\/product\/775626","targetHints":{"allow":["GET"]}}],"collection":[{"href":"https:\/\/roveyayinevi.com.tr\/index.php\/wp-json\/wp\/v2\/product"}],"about":[{"href":"https:\/\/roveyayinevi.com.tr\/index.php\/wp-json\/wp\/v2\/types\/product"}],"wp:attachment":[{"href":"https:\/\/roveyayinevi.com.tr\/index.php\/wp-json\/wp\/v2\/media?parent=775626"}],"wp:term":[{"taxonomy":"product_brand","embeddable":true,"href":"https:\/\/roveyayinevi.com.tr\/index.php\/wp-json\/wp\/v2\/product_brand?post=775626"},{"taxonomy":"product_cat","embeddable":true,"href":"https:\/\/roveyayinevi.com.tr\/index.php\/wp-json\/wp\/v2\/product_cat?post=775626"},{"taxonomy":"product_tag","embeddable":true,"href":"https:\/\/roveyayinevi.com.tr\/index.php\/wp-json\/wp\/v2\/product_tag?post=775626"}],"curies":[{"name":"wp","href":"https:\/\/api.w.org\/{rel}","templated":true}]}}

Tarım Politikalarının Tarımsal İstihdam Üzerindeki Etkilerinin Değerlendirilmesi: Çiftlik Beldesi Tarımköy Örneği

<p>İçindekiler :   BİRİNCİ BÖLÜM   TARIM SEKTÖRÜNDE İSTİHDAM   İKİNCİ BÖLÜM TARIM SEKTÖRÜNDE İSTİHDAMA YÖNELİK POLİTİKALAR   ÜÇÜNCÜ BÖLÜM ARAŞTIRMANIN KAVRAMSAL VE METODOLOJİK ÇERÇEVESİ </p>

<p>İçindekiler : BİRİNCİ BÖLÜM TARIM SEKTÖRÜNDE İSTİHDAM İKİNCİ BÖLÜM TARIM SEKTÖRÜNDE İSTİHDAMA YÖNELİK POLİTİKALAR ÜÇÜNCÜ BÖLÜM ARAŞTIRMANIN KAVRAMSAL VE METODOLOJİK ÇERÇEVESİ</p>
