{"id":775623,"date":"2025-09-11T15:03:04","date_gmt":"2025-09-11T12:03:04","guid":{"rendered":"https:\/\/roveyayinevi.com.tr\/index.php\/urun\/zor-degil\/"},"modified":"2026-04-16T03:06:49","modified_gmt":"2026-04-16T00:06:49","slug":"zor-degil","status":"publish","type":"product","link":"https:\/\/roveyayinevi.com.tr\/index.php\/urun\/zor-degil\/","title":{"rendered":"Zor De\u011fil"},"content":{"rendered":"<p>\u201cNE ZAMAN KEND\u0130N\u0130 SIKI\u015eMI\u015e VE KARANLIKTA H\u0130SSEDERSEN B\u0130L K\u0130 G\u00dc\u00c7L\u00dc B\u0130R D\u00d6N\u00dc\u015e\u00dcM\u00dcN \u0130\u00c7\u0130NDES\u0130N.\u201d \u00dcz\u00fcm, \u015farap yap\u0131lmak i\u00e7in ezilir. Elmas, bas\u0131n\u00e7la olu\u015fur. Zeytin, ya\u011f\u0131n\u0131 b\u0131rakmas\u0131 i\u00e7in s\u0131k\u0131\u015ft\u0131r\u0131l\u0131r. Tohumlar ise karanl\u0131kta filizlenir. Zorluklar m\u00fckemmel \u00f6\u011fretmenlerdir, ya\u015fad\u0131\u011f\u0131n bir zorlukta \u00fczerine y\u00f6nelmi\u015f bir g\u00fc\u00e7 vard\u0131r ve seni tam da o yerden g\u00fc\u00e7lendirmeye \u00e7al\u0131\u015f\u0131yordur. D\u0131\u015far\u0131dan g\u00f6r\u00fclen s\u00fcsl\u00fc vitrinler \u00e7o\u011funlukla bir aldatmacad\u0131r. Kimse dizlerini kanatmadan in\u015fa edememi\u015ftir kendini, emek vard\u0131r, \u00e7aba vard\u0131r elbette ama zor de\u011fil&#8230; Yeteri kadar hata yapm\u0131\u015fsan hayatta ve pi\u015fmanl\u0131klar\u0131ndan ders alm\u0131\u015fsan, \u00fcst\u00fcne mutsuzlu\u011fu ve yoklu\u011fu da tatm\u0131\u015fsan art\u0131k usta bir kaptan say\u0131labilirsin. Unutma bu d\u00fcnya en \u00e7ok zorland\u0131\u011f\u0131n yerden g\u00fc\u00e7lenmeni isteyen bir yer ve sen \u201cHik\u00e2yemi bu \u015fekilde yazmayaca\u011f\u0131m!\u201d deme g\u00fcc\u00fcne sahipsin. G\u00fc\u00e7lenmek de, b\u00fcy\u00fcmek de, derinle\u015fmek de zor de\u011fil&#8230; Bolca bedel \u00f6denmi\u015f bir hayattan dersler bekliyor seni bu kitapta. Yan\u0131lsamalardan, yanl\u0131\u015f hedeflerden, tuzaklardan, h\u0131rstan, tembellikten, denge kayb\u0131ndan ve anlams\u0131zl\u0131ktan ar\u0131nman i\u00e7in unutmaman gereken 10 dersi dinlemeye haz\u0131r m\u0131s\u0131n? <\/p>\n","protected":false},"excerpt":{"rendered":"<p>\u201cNE ZAMAN KEND\u0130N\u0130 SIKI\u015eMI\u015e VE KARANLIKTA H\u0130SSEDERSEN B\u0130L K\u0130 G\u00dc\u00c7L\u00dc B\u0130R D\u00d6N\u00dc\u015e\u00dcM\u00dcN \u0130\u00c7\u0130NDES\u0130N.\u201d \u00dcz\u00fcm, \u015farap yap\u0131lmak i\u00e7in ezilir. Elmas, bas\u0131n\u00e7la olu\u015fur. Zeytin, ya\u011f\u0131n\u0131 b\u0131rakmas\u0131 i\u00e7in s\u0131k\u0131\u015ft\u0131r\u0131l\u0131r.<span class=\"excerpt-hellip\"> [\u2026]<\/span><\/p>\n","protected":false},"featured_media":0,"template":"","meta":{"_monsterinsights_skip_tracking":false,"_monsterinsights_sitenote_active":false,"_monsterinsights_sitenote_note":"","_monsterinsights_sitenote_category":0},"product_brand":[],"product_cat":[12364,12376],"product_tag":[],"class_list":{"0":"post-775623","1":"product","2":"type-product","3":"status-publish","5":"product_cat-genel-konular","6":"product_cat-kisisel-gelisim","7":"pa_cilt-ciltsiz","8":"pa_tur-kitap","9":"pa_yayinevi-destek-yayinlari","10":"pa_yazar-recai-cakir","12":"first","13":"instock","14":"sale","15":"shipping-taxable","16":"purchasable","17":"product-type-simple"},"_links":{"self":[{"href":"https:\/\/roveyayinevi.com.tr\/index.php\/wp-json\/wp\/v2\/product\/775623","targetHints":{"allow":["GET"]}}],"collection":[{"href":"https:\/\/roveyayinevi.com.tr\/index.php\/wp-json\/wp\/v2\/product"}],"about":[{"href":"https:\/\/roveyayinevi.com.tr\/index.php\/wp-json\/wp\/v2\/types\/product"}],"wp:attachment":[{"href":"https:\/\/roveyayinevi.com.tr\/index.php\/wp-json\/wp\/v2\/media?parent=775623"}],"wp:term":[{"taxonomy":"product_brand","embeddable":true,"href":"https:\/\/roveyayinevi.com.tr\/index.php\/wp-json\/wp\/v2\/product_brand?post=775623"},{"taxonomy":"product_cat","embeddable":true,"href":"https:\/\/roveyayinevi.com.tr\/index.php\/wp-json\/wp\/v2\/product_cat?post=775623"},{"taxonomy":"product_tag","embeddable":true,"href":"https:\/\/roveyayinevi.com.tr\/index.php\/wp-json\/wp\/v2\/product_tag?post=775623"}],"curies":[{"name":"wp","href":"https:\/\/api.w.org\/{rel}","templated":true}]}}