{"id":775620,"date":"2025-09-11T06:34:12","date_gmt":"2025-09-11T03:34:12","guid":{"rendered":"https:\/\/roveyayinevi.com.tr\/index.php\/urun\/mutezile-kelaminda-aci\/"},"modified":"2026-04-15T03:42:32","modified_gmt":"2026-04-15T00:42:32","slug":"mutezile-kelaminda-aci","status":"publish","type":"product","link":"https:\/\/roveyayinevi.com.tr\/index.php\/urun\/mutezile-kelaminda-aci\/","title":{"rendered":"Mutezile Kelam\u0131nda Ac\u0131"},"content":{"rendered":"<p>Ac\u0131 nedir? Neden hissederiz? En \u00f6nemlisi, du\u0308nyada neden ac\u0131 vard\u0131r? Bu eser, onuncu yu\u0308zy\u0131l\u0131n \u00f6nde gelen Mu\u2018tezil\u00ee du\u0308\u015fu\u0308nu\u0308rlerinden \u201cAbdu\u0308lcebb\u00e2r\u201d\u0131n ac\u0131 fenomeni u\u0308zerine geli\u015ftirdi\u011fi teolojik a\u00e7\u0131klamalar\u0131 mercek alt\u0131na al\u0131rken ayn\u0131 zamanda onun mensubu oldu\u011fu Beh\u015femiyye ekolu\u0308 \u00e7er\u00e7evesinde Mu\u2018tezile\u2019nin adalet anlay\u0131\u015f\u0131n\u0131 yeniden du\u0308\u015fu\u0308nmeye davet ediyor. \u201cAc\u0131 neden vard\u0131r?\u201d sorusu, insanl\u0131\u011f\u0131n en kadim ve en \u00e7etin sorular\u0131ndan biridir. Peki, bir ba\u015fkas\u0131na ac\u0131 \u00e7ektirmek nas\u0131l a\u00e7\u0131klanabilir? Ac\u0131, genellikle ka\u00e7\u0131n\u0131lmas\u0131 gereken, ho\u015f olmayan bir deneyim olarak kabul edilir; dolay\u0131s\u0131yla ba\u015fkas\u0131na ac\u0131 vermek, ahl\u00e2k\u00ee a\u00e7\u0131dan yanl\u0131\u015f olarak de\u011ferlendirilir ancak bu ilke her durum i\u00e7in ge\u00e7erli midir? Ac\u0131 vermenin ahl\u00e2ken me\u015fru ya da hatta gerekli olabilece\u011fi durumlar da var m\u0131d\u0131r? \u00d6rne\u011fin, birine fayda sa\u011flamak ya da onu bir tehlikeden korumak amac\u0131yla ac\u0131 vermek, hakl\u0131 g\u00f6ru\u0308lebilir mi? Heemskerk\u2019in bu kapsaml\u0131 incelemesi, ac\u0131n\u0131n zorunlulu\u011fu, adaletin mahiyeti ve insan fiillerinin anlam\u0131 gibi meselelerde Mu\u2018tezil\u00ee du\u0308 \u015fu\u0308ncenin derinliklerine inerek klasik kel\u00e2m gelene\u011fini modern okura titizlikle ula\u015ft\u0131r\u0131yor. Felsefe, kel\u00e2m ve \u0130sl\u00e2m du\u0308\u015fu\u0308ncesine ilgi duyan herkes i\u00e7in ba\u015fvuru niteli\u011finde bir eser olan Mu\u2018tez\u0131\u0307le Kel\u00e2m\u0131nda Ac\u0131, hem klasik kaynaklar\u0131n hem de \u00e7a\u011fda\u015f tart\u0131\u015fmalar\u0131n kesi\u015fim noktas\u0131nda duruyor.<\/p>\n","protected":false},"excerpt":{"rendered":"<p>Ac\u0131 nedir? Neden hissederiz? En \u00f6nemlisi, du\u0308nyada neden ac\u0131 vard\u0131r? Bu eser, onuncu yu\u0308zy\u0131l\u0131n \u00f6nde gelen Mu\u2018tezil\u00ee du\u0308\u015fu\u0308nu\u0308rlerinden \u201cAbdu\u0308lcebb\u00e2r\u201d\u0131n ac\u0131 fenomeni u\u0308zerine geli\u015ftirdi\u011fi teolojik a\u00e7\u0131klamalar\u0131 mercek<span class=\"excerpt-hellip\"> [\u2026]<\/span><\/p>\n","protected":false},"featured_media":0,"template":"","meta":{"_monsterinsights_skip_tracking":false,"_monsterinsights_sitenote_active":false,"_monsterinsights_sitenote_note":"","_monsterinsights_sitenote_category":0},"product_brand":[],"product_cat":[12718,12719],"product_tag":[],"class_list":{"0":"post-775620","1":"product","2":"type-product","3":"status-publish","5":"product_cat-din","6":"product_cat-islam","7":"pa_cilt-ciltsiz","8":"pa_tur-kitap","9":"pa_yayinevi-albaraka-yayinlari","10":"pa_yazar-margaretha-t-heemskerk","12":"first","13":"instock","14":"sale","15":"shipping-taxable","16":"purchasable","17":"product-type-simple"},"_links":{"self":[{"href":"https:\/\/roveyayinevi.com.tr\/index.php\/wp-json\/wp\/v2\/product\/775620","targetHints":{"allow":["GET"]}}],"collection":[{"href":"https:\/\/roveyayinevi.com.tr\/index.php\/wp-json\/wp\/v2\/product"}],"about":[{"href":"https:\/\/roveyayinevi.com.tr\/index.php\/wp-json\/wp\/v2\/types\/product"}],"wp:attachment":[{"href":"https:\/\/roveyayinevi.com.tr\/index.php\/wp-json\/wp\/v2\/media?parent=775620"}],"wp:term":[{"taxonomy":"product_brand","embeddable":true,"href":"https:\/\/roveyayinevi.com.tr\/index.php\/wp-json\/wp\/v2\/product_brand?post=775620"},{"taxonomy":"product_cat","embeddable":true,"href":"https:\/\/roveyayinevi.com.tr\/index.php\/wp-json\/wp\/v2\/product_cat?post=775620"},{"taxonomy":"product_tag","embeddable":true,"href":"https:\/\/roveyayinevi.com.tr\/index.php\/wp-json\/wp\/v2\/product_tag?post=775620"}],"curies":[{"name":"wp","href":"https:\/\/api.w.org\/{rel}","templated":true}]}}