{"id":775614,"date":"2025-09-11T06:34:03","date_gmt":"2025-09-11T03:34:03","guid":{"rendered":"https:\/\/roveyayinevi.com.tr\/index.php\/urun\/kehanetler-kitabi-ciltli\/"},"modified":"2026-04-11T14:45:03","modified_gmt":"2026-04-11T11:45:03","slug":"kehanetler-kitabi-ciltli","status":"publish","type":"product","link":"https:\/\/roveyayinevi.com.tr\/index.php\/urun\/kehanetler-kitabi-ciltli\/","title":{"rendered":"Kehanetler Kitab\u0131 (Ciltli)"},"content":{"rendered":"<p>Ramtha\u2019n\u0131n gelecek g\u00fcnlerle, insanl\u0131kla ve gezegensel de\u011fi\u015fikliklerle ilgili ger\u00e7ekle\u015fmi\u015f ya da hen\u00fcz ger\u00e7ekle\u015fmemi\u015f olan kehanetleri o 1970\u2019lerin sonunda ilk mesajlar\u0131n\u0131 vermeye ba\u015flad\u0131\u011f\u0131ndan beri ge\u00e7en onlarca y\u0131l\u0131 kapsamaktad\u0131r. Bu kitap Ramtha\u2019n\u0131n insanl\u0131k ve gezegenimiz i\u00e7in k\u00e2hince vizyonunu sergileyen \u00f6nemli bir se\u00e7kiyi i\u00e7ermektedir. Onlar Ramtha\u2019n\u0131n d\u00fcnyay\u0131 ayd\u0131nlatmak ve uyand\u0131rmak i\u00e7in payla\u015ft\u0131\u011f\u0131 yal\u0131n if\u015faatlard\u0131r. Yuhanna\u2019n\u0131n Vahiy Kitab\u0131\u2019n\u0131n, Nostradamus\u2019un ve Edgar Cayce\u2019in kafa kar\u0131\u015ft\u0131r\u0131c\u0131 ve anlam\u0131n\u0131n \u00e7\u00f6z\u00fclmesi zor kehanetlerinin verildi\u011fi zamanlardan bu yana, Ramtha mesaj\u0131n\u0131 bir ma\u011farada sunulan ilah\u00ee if\u015faatlar\u0131n al\u0131c\u0131s\u0131 olarak de\u011fil, zaman\u0131n d\u0131\u015f\u0131nda bulunarak potansiyel zaman hatlar\u0131n\u0131, yani paralel realiteleri inceleyen bir g\u00f6zlemci ve kat\u0131l\u0131mc\u0131 olarak vermektedir. Ramtha, bunu g\u00f6rmek isteyenler i\u00e7in, \u015fimdiden ortaya \u00e7\u0131kmakta olan harika bir gelece\u011fe, bir B\u00fcy\u00fck Uyan\u0131\u015fa, hayal g\u00fcc\u00fcm\u00fcz\u00fcn \u00f6tesindeki bir S\u00fcper Bilin\u00e7 Alt\u0131n \u00c7a\u011f\u0131\u2019na do\u011fru yol g\u00f6steren bir K\u00e2hin ve \u00d6\u011fretmen\u2019dir. \u201c\u00d6yleyse ben bir k\u00e2hin olarak neden size t\u00fcm o korkun\u00e7 \u015feyleri s\u00f6yledim? Sizi uyand\u0131rmak, ger\u00e7eklerin fark\u0131na varman\u0131z\u0131 sa\u011flamak i\u00e7in&#8230; \u015eimdi onlardan bakacak cesarete ve bilgeli\u011fe sahip olanlar i\u00e7in pencereler sunuyorum. Ger\u00e7e\u011fi bilin. Ayd\u0131nlanm\u0131\u015f ve bilir hale gelin. Hen\u00fcz hayal edemedi\u011finiz ve deneyimlemedi\u011finiz s\u00fcper bilin\u00e7, bu d\u00fcnyada kal\u0131p onu bizzat g\u00f6rmenize de\u011fer.\u201d \u2013 Ramtha<\/p>\n","protected":false},"excerpt":{"rendered":"<p>Ramtha\u2019n\u0131n gelecek g\u00fcnlerle, insanl\u0131kla ve gezegensel de\u011fi\u015fikliklerle ilgili ger\u00e7ekle\u015fmi\u015f ya da hen\u00fcz ger\u00e7ekle\u015fmemi\u015f olan kehanetleri o 1970\u2019lerin sonunda ilk mesajlar\u0131n\u0131 vermeye ba\u015flad\u0131\u011f\u0131ndan beri ge\u00e7en onlarca y\u0131l\u0131<span class=\"excerpt-hellip\"> [\u2026]<\/span><\/p>\n","protected":false},"featured_media":0,"template":"","meta":{"_monsterinsights_skip_tracking":false,"_monsterinsights_sitenote_active":false,"_monsterinsights_sitenote_note":"","_monsterinsights_sitenote_category":0},"product_brand":[],"product_cat":[12364,12376],"product_tag":[],"class_list":{"0":"post-775614","1":"product","2":"type-product","3":"status-publish","5":"product_cat-genel-konular","6":"product_cat-kisisel-gelisim","7":"pa_cilt-ciltli","8":"pa_tur-kitap","9":"pa_yayinevi-akasa-yayinlari","10":"pa_yazar-ramtha","12":"first","13":"instock","14":"sale","15":"shipping-taxable","16":"purchasable","17":"product-type-simple"},"_links":{"self":[{"href":"https:\/\/roveyayinevi.com.tr\/index.php\/wp-json\/wp\/v2\/product\/775614","targetHints":{"allow":["GET"]}}],"collection":[{"href":"https:\/\/roveyayinevi.com.tr\/index.php\/wp-json\/wp\/v2\/product"}],"about":[{"href":"https:\/\/roveyayinevi.com.tr\/index.php\/wp-json\/wp\/v2\/types\/product"}],"wp:attachment":[{"href":"https:\/\/roveyayinevi.com.tr\/index.php\/wp-json\/wp\/v2\/media?parent=775614"}],"wp:term":[{"taxonomy":"product_brand","embeddable":true,"href":"https:\/\/roveyayinevi.com.tr\/index.php\/wp-json\/wp\/v2\/product_brand?post=775614"},{"taxonomy":"product_cat","embeddable":true,"href":"https:\/\/roveyayinevi.com.tr\/index.php\/wp-json\/wp\/v2\/product_cat?post=775614"},{"taxonomy":"product_tag","embeddable":true,"href":"https:\/\/roveyayinevi.com.tr\/index.php\/wp-json\/wp\/v2\/product_tag?post=775614"}],"curies":[{"name":"wp","href":"https:\/\/api.w.org\/{rel}","templated":true}]}}